000
CXUS53 KLBF 010732
CLMBBW


CLIMATE REPORT
NATIONAL WEATHER SERVICE NORTH PLATTE
230 AM CDT WED APR 1 2020

...................................

...THE BROKEN BOW NE CLIMATE SUMMARY FOR THE MONTH OF MARCH 2020...

CLIMATE NORMAL PERIOD 1981 TO 2010
CLIMATE RECORD PERIOD 1894 TO 2020

WEATHER         OBSERVED          NORMAL  DEPART  LAST YEAR`S
                 VALUE   DATE(S)  VALUE   FROM    VALUE  DATE(S)
                                          NORMAL
................................................................
TEMPERATURE (F)
RECORD
 HIGH              92   03/30/1943
 LOW              -31   03/03/1960
HIGHEST            77   03/08        76       1       77  03/27
LOWEST             11   03/20         3       8       -7  03/04
AVG. MAXIMUM     53.1              51.0     2.1     42.1
AVG. MINIMUM     29.6              24.3     5.3     21.9
MEAN             41.4              37.7     3.7     32.0
DAYS MAX >= 90      0               0.0     0.0        0
DAYS MAX <= 32      2               2.3    -0.3        8
DAYS MIN <= 32     19              24.8    -5.8       25
DAYS MIN <= 0       0               0.4    -0.4        2

PRECIPITATION (INCHES)
RECORD
 MAXIMUM         5.82   1987
 MINIMUM         0.00   1898
                        1895
TOTALS           2.76              1.40    1.36     2.46
DAILY AVG.       0.09              0.05    0.04     0.08
DAYS >= .01        10                MM      MM       10
DAYS >= .10         4                MM      MM        6
DAYS >= .50         2                MM      MM        1
DAYS >= 1.00        1                MM      MM        1
GREATEST
 24 HR. TOTAL    1.39   03/28 TO 03/28           03/13 TO 03/13


SNOWFALL (INCHES)
TOTALS             MM
SINCE 7/1         0.0
SNOWDEPTH AVG.     MM
DAYS >= TRACE       0
DAYS >= 1.0         0
GREATEST
 SNOW DEPTH        MM

DEGREE_DAYS
HEATING TOTAL     726               848    -122     1014
 SINCE 7/1       5543              5863    -320     6310
COOLING TOTAL       0                 0       0        0
 SINCE 1/1          0                 0       0        0
.................................................................

WIND (MPH)
AVERAGE WIND SPEED              11.2
HIGHEST WIND SPEED/DIRECTION    44/360    DATE  03/19
HIGHEST GUST SPEED/DIRECTION    55/340    DATE  03/19

AVERAGE RH (PERCENT)     67

WEATHER CONDITIONS. NUMBER OF DAYS WITH
THUNDERSTORM              2     MIXED PRECIP               0
HEAVY RAIN                2     RAIN                       5
LIGHT RAIN                9     FREEZING RAIN              0
LT FREEZING RAIN          1     HAIL                       0
HEAVY SNOW                0     SNOW                       0
LIGHT SNOW                6     SLEET                      0
FOG                      16     FOG W/VIS <= 1/4 MILE      5
HAZE                      3

-  INDICATES NEGATIVE NUMBERS.
R  INDICATES RECORD WAS SET OR TIED.
MM INDICATES DATA IS MISSING.
T  INDICATES TRACE AMOUNT.

$$




USA.gov is the U.S. government's official web portal to all federal, state and local government web resources and services.
  • National Weather Service
  • WSO Pago Pago Weather Service Office
  • Pago Pago, AS
  • (684) 699-9130
  • Page Author: PPG Webmaster
  • Incorrect Region Format!
  • Web Master's E-mail:
  • Page last modified: Mar 10th, 2020 21:02 UTC