000
CXUS51 KBOX 012303
CLMBDL


CLIMATE REPORT
NATIONAL WEATHER SERVICE BOSTON/NORTON MA
653 PM EDT WED APR 1 2020

...................................

...THE HARTFORD CT CLIMATE SUMMARY FOR THE MONTH OF MARCH 2020...

CLIMATE NORMAL PERIOD 1981 TO 2010
CLIMATE RECORD PERIOD 1904 TO 2020

WEATHER         OBSERVED          NORMAL  DEPART
                 VALUE   DATE(S)  VALUE   FROM
                                          NORMAL
................................................
TEMPERATURE (F)
RECORD
 HIGH              89   03/31/1998
 LOW               -6   03/07/2003
                        03/19/1967
HIGHEST            74   03/09
LOWEST             18   03/01
AVG. MAXIMUM     53.0              47.7     5.3
AVG. MINIMUM     32.6              27.9     4.7
MEAN             42.8              37.8     5.0
DAYS MAX >= 90      0               0.0     0.0
DAYS MAX <= 32      0               1.7    -1.7
DAYS MIN <= 32     17              21.0    -4.0
DAYS MIN <= 0       0               0.0     0.0

PRECIPITATION (INCHES)
RECORD
 MAXIMUM         9.21   1953
 MINIMUM         0.27   1981
TOTALS           4.38              3.62    0.76
DAYS >= .01        10              11.5    -1.5
DAYS >= .10         6               7.1    -1.1
DAYS >= .50         4               2.4     1.6
DAYS >= 1.00        1               0.8     0.2
GREATEST
 24 HR. TOTAL    1.14   03/23 TO 03/23

SNOWFALL (INCHES)
RECORDS
 TOTAL           43.3   1956
 SNOW DEPTH        27   03/27/1916
TOTALS            4.4               6.4    -2.0
SINCE 7/1        30.1              39.1    -9.0
SNOWDEPTH AVG.      0
GREATEST
 SNOW DEPTH         2   03/24
 24 HR TOTAL      3.4   03/23 TO 03/23

DEGREE_DAYS
HEATING TOTAL     680               843    -163
 SINCE 7/1       4680              5281    -601
COOLING TOTAL       0                 0       0
 SINCE 1/1          0                 0       0
.................................................

WIND (MPH)
AVERAGE WIND SPEED              9.1
RESULTANT WIND SPEED/DIRECTION   3/330
HIGHEST WIND SPEED/DIRECTION    33/290    DATE  03/04
HIGHEST GUST SPEED/DIRECTION    43/270    DATE  03/04

SKY COVER
POSSIBLE SUNSHINE (PERCENT)   MM
AVERAGE SKY COVER           0.60
NUMBER OF DAYS FAIR            4
NUMBER OF DAYS PC             16
NUMBER OF DAYS CLOUDY         11

AVERAGE RH (PERCENT)     57

WEATHER CONDITIONS. NUMBER OF DAYS WITH
  0
  4
  0
  0
  2
  1
  0
HAZE                      0

-  INDICATES NEGATIVE NUMBERS.
R  INDICATES RECORD WAS SET OR TIED.
MM INDICATES DATA IS MISSING.
T  INDICATES TRACE AMOUNT.

$$


USA.gov is the U.S. government's official web portal to all federal, state and local government web resources and services.
  • National Weather Service
  • WSO Pago Pago Weather Service Office
  • Pago Pago, AS
  • (684) 699-9130
  • Page Author: PPG Webmaster
  • Incorrect Region Format!
  • Web Master's E-mail:
  • Page last modified: Mar 10th, 2020 21:02 UTC