000
CXUS51 KOKX 011519
CLMBDR

CLIMATE REPORT
NATIONAL WEATHER SERVICE NEW YORK NY
1105 AM EDT THU OCT 1 2020

...................................

...THE BRIDGEPORT CT CLIMATE SUMMARY FOR THE MONTH OF SEPTEMBER 2020...

CLIMATE NORMAL PERIOD 1981 TO 2010
CLIMATE RECORD PERIOD 1948 TO 2020

WEATHER         OBSERVED          NORMAL  DEPART  LAST YEAR`S
                 VALUE   DATE(S)  VALUE   FROM    VALUE  DATE(S)
                                          NORMAL
................................................................
TEMPERATURE (F)
RECORD
 HIGH              99   09/02/1953
 LOW               36   09/24/1963
                        09/28/1957
                        09/21/1956
HIGHEST            87   09/04        MM      MM       84  09/23
                                                          09/11
LOWEST             43   09/22        MM      MM       47  09/19
AVG. MAXIMUM     75.9              74.0     1.9     76.2
AVG. MINIMUM     60.2              58.3     1.9     59.6
MEAN             68.1              66.2     1.9     67.9
DAYS MAX >= 90      0               0.3    -0.3        0
DAYS MAX <= 32      0               0.0     0.0        0
DAYS MIN <= 32      0               0.0     0.0        0
DAYS MIN <= 0       0               0.0     0.0        0

PRECIPITATION (INCHES)
RECORD
 MAXIMUM         8.59   2018
 MINIMUM         0.43   1959
TOTALS           3.85              3.48    0.37     0.93
DAILY AVG.       0.13              0.12    0.01     0.03
DAYS >= .01         6               8.2    -2.2        9
DAYS >= .10         5               5.4    -0.4        4
DAYS >= .50         3               2.5     0.5        0
DAYS >= 1.00        1               0.9     0.1        0
GREATEST
 24 HR. TOTAL    1.98   09/10 TO 09/10           09/02 TO 09/02

 STORM TOTAL       MM                                 MM
 (MM/DD(HH))            MM                    09/02(00) TO 09/02(00)

DEGREE_DAYS
HEATING TOTAL      44                64     -20       23
 SINCE 7/1         44                68     -24       23
COOLING TOTAL     143                98      45      118
 SINCE 1/1       1164               816     348     1021
.................................................................

WIND (MPH)
AVERAGE WIND SPEED              8.3
HIGHEST WIND SPEED/DIRECTION    36/210    DATE  09/30
HIGHEST GUST SPEED/DIRECTION    48/220    DATE  09/30


WEATHER CONDITIONS. NUMBER OF DAYS WITH
THUNDERSTORM              1     MIXED PRECIP               0
HEAVY RAIN                5     RAIN                       5
LIGHT RAIN                7     FREEZING RAIN              0
LT FREEZING RAIN          0     HAIL                       0
HEAVY SNOW                0     SNOW                       0
LIGHT SNOW                0     SLEET                      0
FOG                       9     FOG W/VIS <= 1/4 MILE      0
HAZE                      3

-  INDICATES NEGATIVE NUMBERS.
R  INDICATES RECORD WAS SET OR TIED.
MM INDICATES DATA IS MISSING.
T  INDICATES TRACE AMOUNT.

$$


USA.gov is the U.S. government's official web portal to all federal, state and local government web resources and services.
  • National Weather Service
  • WSO Pago Pago Weather Service Office
  • Pago Pago, AS
  • (684) 699-9130
  • Page Author: PPG Webmaster
  • Incorrect Region Format!
  • Web Master's E-mail:
  • Page last modified: Mar 10th, 2020 21:02 UTC