000
CXUS51 KOKX 011550 RRB
CLMBDR

NYCCLMBDR 000
TTAA00 KOKX 011125


CLIMATE REPORT
NATIONAL WEATHER SERVICE NEW YORK NY
725 AM EDT WED APR 1 2020

...................................

...THE BRIDGEPORT CT CLIMATE SUMMARY FOR THE MONTH OF MARCH 2020...

CLIMATE NORMAL PERIOD 1981 TO 2010
CLIMATE RECORD PERIOD 1948 TO 2020

WEATHER         OBSERVED          NORMAL  DEPART  LAST YEAR`S
                 VALUE   DATE(S)  VALUE   FROM    VALUE  DATE(S)
                                          NORMAL
................................................................
TEMPERATURE (F)
RECORD
 HIGH              84   03/13/1990
 LOW                4   03/19/1967
HIGHEST            69   03/13        MM      MM       63  03/30
LOWEST             22   03/01        MM      MM       13  03/07
AVG. MAXIMUM     52.4              47.2     5.2     45.9
AVG. MINIMUM     37.2              31.4     5.8     30.5
MEAN             44.8              39.3     5.5     38.2
DAYS MAX >= 90      0               0.0     0.0        0
DAYS MAX <= 32      0               0.8    -0.8        3
DAYS MIN <= 32      6              15.4    -9.4       19
DAYS MIN <= 0       0               0.0     0.0        0

PRECIPITATION (INCHES)
RECORD
 MAXIMUM        10.19   2010
 MINIMUM         0.69   1981
TOTALS           3.95              4.05   -0.10     3.42
DAILY AVG.       0.13              0.13    0.00     0.11
DAYS >= .01        12              11.3     0.7        9
DAYS >= .10         8               7.3     0.7        8
DAYS >= .50         2               2.6    -0.6        3
DAYS >= 1.00        1               0.9     0.1        0
GREATEST
 24 HR. TOTAL    1.28   03/23 TO 03/23           03/04 TO 03/04
                                                          03/04 TO 03/04EATHER         OBSERVED          NORMAL  DEPART  LAST YEAR`S
                                                          03/04 TO 03/04EATHER         OBSERVED          NORMAL  DEPART  LAST YEAR`S
 STORM TOTAL       MM                                 MM
 (MM/DD(HH))            MM                    03/04(00) TO 03/04(00)
                                                 03/04(00) TO 03/04(00)4EATHER         OBSERVED          NORMAL  DEPART  LAST YEAR`S
                                                 03/04(00) TO 03/04(00)4EATHER         OBSERVED          NORMAL  DEPART  LAST YEAR`S

SNOWFALL (INCHES)
TOTALS              T               5.1    -5.1     13.5
 LIQUID EQUIV      MM              0.50      MM     1.35
SINCE 7/1        10.1              26.7   -16.6     24.6
 LIQUID 7/1      1.01              2.70   -1.69     2.46
SNOWDEPTH AVG.      0                MM      MM        1
DAYS >= TRACE       1               2.4    -1.4        5
DAYS >= 1.0         0               1.6    -1.6        4
GREATEST
 SNOW DEPTH         0   MM                             9  03/04
 24 HR TOTAL        T   03/23 TO 03/23           03/04 TO 03/04
                                                          03/04 TO 03/04EATHER         OBSERVED          NORMAL  DEPART  LAST YEAR`S
                                                          03/04 TO 03/04EATHER         OBSERVED          NORMAL  DEPART  LAST YEAR`S
 STORM TOTAL       MM                                 MM
 (MM/DD(HH))            MM                    03/04(00) TO 03/04(00)
                                                 03/04(00) TO 03/04(00)4EATHER         OBSERVED          NORMAL  DEPART  LAST YEAR`S
                                                 03/04(00) TO 03/04(00)4EATHER         OBSERVED          NORMAL  DEPART  LAST YEAR`S

DEGREE_DAYS
HEATING TOTAL     620               797    -177      823
 SINCE 7/1       4089              4684    -595     4533
COOLING TOTAL       0                 0       0        0
 SINCE 1/1          0                 0       0        0
.................................................................

WIND (MPH)
AVERAGE WIND SPEED              10.0
HIGHEST WIND SPEED/DIRECTION    32/070    DATE  03/23
HIGHEST GUST SPEED/DIRECTION    40/070    DATE  03/23


WEATHER CONDITIONS. NUMBER OF DAYS WITH
THUNDERSTORM              1     MIXED PRECIP               0
HEAVY RAIN                6     RAIN                       6
LIGHT RAIN               17     FREEZING RAIN              0
LT FREEZING RAIN          0     HAIL                       0
HEAVY SNOW                0     SNOW                       0
LIGHT SNOW                1     SLEET                      0
FOG                      10     FOG W/VIS <= 1/4 MILE      1
HAZE                      1

-  INDICATES NEGATIVE NUMBERS.
R  INDICATES RECORD WAS SET OR TIED.
MM INDICATES DATA IS MISSING.
T  INDICATES TRACE AMOUNT.

$$



USA.gov is the U.S. government's official web portal to all federal, state and local government web resources and services.
  • National Weather Service
  • WSO Pago Pago Weather Service Office
  • Pago Pago, AS
  • (684) 699-9130
  • Page Author: PPG Webmaster
  • Incorrect Region Format!
  • Web Master's E-mail:
  • Page last modified: Mar 10th, 2020 21:02 UTC