000
CXAK58 PABE 020152
CLMBET


CLIMATE REPORT
NATIONAL WEATHER SERVICE ANCHORAGE, AK
443 PM AKST SUN MAR 1 2020

...................................

...THE BETHEL CLIMATE SUMMARY FOR THE MONTH OF FEBRUARY 2020...

CLIMATE NORMAL PERIOD 1981 TO 2010
CLIMATE RECORD PERIOD 1948 TO 2020

WEATHER         OBSERVED          NORMAL  DEPART  LAST YEAR`S
                 VALUE   DATE(S)  VALUE   FROM    VALUE  DATE(S)
                                          NORMAL
................................................................
TEMPERATURE (F)
RECORD
 HIGH              51   02/13/1927
 LOW              -45   02/02/1947
HIGHEST            36                MM      MM       42
LOWEST            -28                MM      MM        9
AVG. MAXIMUM     13.7              17.7    -4.0     34.1
AVG. MINIMUM     -3.4               4.4    -7.8     24.7
MEAN              5.1              11.1    -6.0     29.4
DAYS MAX >= 90      0               0.0     0.0        0
DAYS MAX <= 32     24              20.8     3.2        7
DAYS MIN <= 32     29              27.0     2.0       26
DAYS MIN <= 0      19              11.0     8.0        0

PRECIPITATION (INCHES)
RECORD
 MAXIMUM           MM   MM
 MINIMUM           MM   MM
TOTALS           1.88              0.72    1.16     2.08
DAILY AVG.       0.06                MM      MM     0.07
DAYS >= .01        14               7.7     6.3       18
DAYS >= .10         8               2.3     5.7        6
DAYS >= .50         0               0.1    -0.1        1
DAYS >= 1.00        0               0.0     0.0        0
GREATEST
 24 HR. TOTAL    0.34   02/08 TO 02/08           02/07 TO 02/07
                                                          02/19 TO 02/19EATHER         OBSERVED          NORMAL  DEPART  LAST YEAR`S
                                                          02/19 TO 02/19EATHER         OBSERVED          NORMAL  DEPART  LAST YEAR`S
 STORM TOTAL       MM                                 MM
 (MM/DD(HH))            MM                    02/07(00) TO 02/07(00)
                                                 02/19(00) TO 02/19(00)9EATHER         OBSERVED          NORMAL  DEPART  LAST YEAR`S
                                                 02/19(00) TO 02/19(00)9EATHER         OBSERVED          NORMAL  DEPART  LAST YEAR`S

SNOWFALL (INCHES)
RECORDS
 TOTAL             MM   MM
 24 HR TOTAL       MM
 SNOW DEPTH        MM   MM
TOTALS             MM               6.9      MM      0.0
SINCE 7/1          MM              45.8      MM      0.4
SNOWDEPTH AVG.     MM                MM      MM       MM
DAYS >= TRACE       0               8.0    -8.0        0
DAYS >= 1.0         0               2.7    -2.7
GREATEST
 SNOW DEPTH        MM                                 MM  MM
 24 HR TOTAL       MM                            02/19 TO 02/19
                                                          02/19 TO 02/19EATHER         OBSERVED          NORMAL  DEPART  LAST YEAR`S
                                                          02/19 TO 02/19EATHER         OBSERVED          NORMAL  DEPART  LAST YEAR`S
 STORM TOTAL       MM                                 MM
 (MM/DD(HH))            MM

DEGREE_DAYS
HEATING TOTAL    1728              1511     217      991
 SINCE 7/1       8749              8790     -41     7289
COOLING TOTAL       0                 0       0        0
 SINCE 1/1          0                 0       0        0

FREEZE DATES
RECORD
 EARLIEST     MM
 LATEST       MM
EARLIEST                        MM
LATEST                          MM
.................................................................

WIND (MPH)
AVERAGE WIND SPEED              14.1
RESULTANT WIND SPEED/DIRECTION   7/034
HIGHEST WIND SPEED/DIRECTION    40/160    DATE  02/18
HIGHEST GUST SPEED/DIRECTION    49/160    DATE  02/18

SKY COVER
POSSIBLE SUNSHINE (PERCENT)   MM
AVERAGE SKY COVER           0.60
NUMBER OF DAYS FAIR            9
NUMBER OF DAYS PC              6
NUMBER OF DAYS CLOUDY         14

AVERAGE RH (PERCENT)     79

WEATHER CONDITIONS. NUMBER OF DAYS WITH
  1
  0
  0
  0
  5
  0
  2
HAZE                     14

-  INDICATES NEGATIVE NUMBERS.
R  INDICATES RECORD WAS SET OR TIED.
MM INDICATES DATA IS MISSING.
T  INDICATES TRACE AMOUNT.

$$


USA.gov is the U.S. government's official web portal to all federal, state and local government web resources and services.
  • National Weather Service
  • WSO Pago Pago Weather Service Office
  • Pago Pago, AS
  • (684) 699-9130
  • Page Author: PPG Webmaster
  • Incorrect Region Format!
  • Web Master's E-mail:
  • Page last modified: Mar 10th, 2020 21:02 UTC