000
CXUS51 KCTP 010735
CLMBFD
CLIMATE REPORT
NATIONAL WEATHER SERVICE STATE COLLEGE PA
235 AM EST FRI MAR 01 2024
...................................
...THE BRADFORD CLIMATE SUMMARY FOR THE MONTH OF FEBRUARY 2024...
CLIMATE NORMAL PERIOD 1991 TO 2020
CLIMATE RECORD PERIOD 1957 TO 2024
WEATHER OBSERVED NORMAL DEPART LAST YEAR`S
VALUE DATE(S) VALUE FROM VALUE DATE(S)
NORMAL
................................................................
TEMPERATURE (F)
RECORD
HIGH 69 02/24/2017
LOW -30 02/11/1979
HIGHEST 62 02/27 66 02/15
LOWEST 8 02/20 -3 02/04
AVG. MAXIMUM 42.3 33.4 8.9 44.6
AVG. MINIMUM 24.6 16.4 8.2 22.6
MEAN 33.4 24.9 8.5 33.6
DAYS MAX >= 90 0 0.0 0.0 0
DAYS MAX <= 32 6 14.8 -8.8 3
DAYS MIN <= 32 22 25.9 -3.9 24
DAYS MIN <= 0 0 3.1 -3.1 1
PRECIPITATION (INCHES)
RECORD
MAXIMUM 5.29 1990
MINIMUM 0.35 2010
TOTALS 1.70 2.08 -0.38 2.26
DAILY AVG. 0.06 NAN NAN 0.08
DAYS >= .01 10 13.2 -3.2 10
DAYS >= .10 4 6.2 -2.2 4
DAYS >= .50 1 0.9 0.1 1
DAYS >= 1.00 0 0.2 -0.2 1
GREATEST
24 HR. TOTAL 0.79 02/28 TO 02/28 1.37 02/22 TO 02/23
DEGREE DAYS
HEATING TOTAL 909 1123 -214 872
SINCE 7/1 4253 5274 -1021 MM
COOLING TOTAL 0 0 0 0
SINCE 1/1 0 0 0 MM
................................................................
WIND (MPH)
AVERAGE WIND SPEED 7.5
HIGHEST WIND SPEED/DIRECTION 32/290 DATE 02/28
HIGHEST GUST SPEED/DIRECTION 55/310 DATE 02/28
SKY COVER
POSSIBLE SUNSHINE (PERCENT) MM
AVERAGE SKY COVER 0.53
NUMBER OF DAYS FAIR 9
NUMBER OF DAYS PC 11
NUMBER OF DAYS CLOUDY 9
AVERAGE RH (PERCENT) 63
WEATHER CONDITIONS. NUMBER OF DAYS WITH
THUNDERSTORM 1 MIXED PRECIP 0
HEAVY RAIN 3 RAIN 3
LIGHT RAIN 9 FREEZING RAIN 0
LT FREEZING RAIN 1 HAIL 0
HEAVY SNOW 4 SLEET 0
FOG 7 FOG W/VIS <= 1/4 MILE 2
HAZE 13
- INDICATES NEGATIVE NUMBERS.
R INDICATES RECORD WAS SET OR TIED.
MM INDICATES DATA IS MISSING.
T INDICATES TRACE AMOUNT.
$$