000
CXUS51 KCTP 010728
CLMBFD

CLIMATE REPORT
NATIONAL WEATHER SERVICE STATE COLLEGE PA
328 AM EDT WED APR 01 2020

...................................

...THE BRADFORD CLIMATE SUMMARY FOR THE MONTH OF MARCH 2020...

CLIMATE NORMAL PERIOD 1981 TO 2010
CLIMATE RECORD PERIOD 1957 TO 2020

WEATHER         OBSERVED          NORMAL  DEPART   LAST YEAR`S
                VALUE   DATE(S)   VALUE   FROM     VALUE DATE(S)
                                          NORMAL
................................................................
TEMPERATURE (F)
RECORD
 HIGH             78   03/23/2012
                       03/31/1998
                       03/30/1986
 LOW             -21   03/02/1980
HIGHEST           69   03/29                          65  03/14
LOWEST            16   03/01                          -6  03/08
                       03/22
AVG. MAXIMUM    48.0               41.5     6.5     40.2
AVG. MINIMUM    30.0               21.6     8.4     20.8
MEAN            39.0               31.5     7.5     30.5
DAYS MAX >= 90     0                 MM      MM        0
DAYS MAX <= 32     0                 MM      MM        7
DAYS MIN <= 32    20                 MM      MM       24
DAYS MIN <= 0      0                 MM      MM        1

PRECIPITATION (INCHES)
RECORD
 MAXIMUM        6.72   1994
 MINIMUM        0.50   1999
TOTALS          4.46               3.37    1.09     1.76
DAILY AVG.      0.14               0.11    0.03     0.06
DAYS >= .01       19                 MM      MM       14
DAYS >= .10       12                 MM      MM        6
DAYS >= .50        4                 MM      MM        0
DAYS >= 1.00       0                 MM      MM        0
GREATEST
 24 HR. TOTAL   1.06   03/28 TO 03/29               0.47  03/29 TO 03/29


DEGREE DAYS
HEATING TOTAL    797               1037    -240     1062
 SINCE 7/1      5699               6429    -730     6293
COOLING TOTAL      0                  0       0        0
 SINCE 1/1         0                  0       0        0
................................................................

WIND (MPH)
AVERAGE WIND SPEED              8.0
HIGHEST WIND SPEED/DIRECTION    35/300    DATE  03/03
HIGHEST GUST SPEED/DIRECTION    46/310    DATE  03/03

SKY COVER
POSSIBLE SUNSHINE (PERCENT)   MM
AVERAGE SKY COVER           0.65
NUMBER OF DAYS FAIR            7
NUMBER OF DAYS PC             10
NUMBER OF DAYS CLOUDY         14

AVERAGE RH (PERCENT)     67

WEATHER CONDITIONS. NUMBER OF DAYS WITH
THUNDERSTORM              2     MIXED PRECIP               0
HEAVY RAIN                2     RAIN                       8
LIGHT RAIN               17     FREEZING RAIN              1
LT FREEZING RAIN          1     HAIL                       0
HEAVY SNOW                0     SLEET                      0
FOG                      24     FOG W/VIS <= 1/4 MILE      3
HAZE                      7

-  INDICATES NEGATIVE NUMBERS.
R  INDICATES RECORD WAS SET OR TIED.
MM INDICATES DATA IS MISSING.
T  INDICATES TRACE AMOUNT.

$$



USA.gov is the U.S. government's official web portal to all federal, state and local government web resources and services.
  • National Weather Service
  • WSO Pago Pago Weather Service Office
  • Pago Pago, AS
  • (684) 699-9130
  • Page Author: PPG Webmaster
  • Incorrect Region Format!
  • Web Master's E-mail:
  • Page last modified: Mar 10th, 2020 21:02 UTC