000
CXUS46 KHNX 031703
CLMBFL


CLIMATE REPORT
NATIONAL WEATHER SERVICE SAN JOAQUIN VALLEY, CA
852 AM PST TUE MAR 3 2020

...................................

...THE BAKERSFIELD CLIMATE SUMMARY FOR THE MONTH OF FEBRUARY 2020...

CLIMATE NORMAL PERIOD 1981 TO 2010
CLIMATE RECORD PERIOD 1889 TO 2020

WEATHER         OBSERVED          NORMAL  DEPART  LAST YEAR`S
                 VALUE   DATE(S)  VALUE   FROM    VALUE  DATE(S)
                                          NORMAL
................................................................
TEMPERATURE (F)
RECORD
 HIGH              88   02/16/1902
 LOW               20   02/12/1901
                        02/11/1901
                        02/11/1900
HIGHEST            83   02/28        MM      MM       73  02/25
LOWEST             29   02/04        MM      MM       32  02/12
                                                          02/08
                                                          02/07
AVG. MAXIMUM     69.2              62.8     6.4     59.4
AVG. MINIMUM     41.2              42.4    -1.2     40.2
MEAN             55.2              52.6     2.6     49.8
DAYS MAX >= 90      0               0.0     0.0        0
DAYS MIN <= 32      3               0.8     2.2        3

PRECIPITATION (INCHES)
RECORD
 MAXIMUM         5.36   1998
TOTALS           0.01              1.24   -1.23     1.20
DAYS >= .01         1               7.1    -6.1       14
DAYS >= .10         0               3.6    -3.6        6
DAYS >= .50         0               0.7    -0.7        0
DAYS >= 1.00        0               0.0     0.0        0
GREATEST
 24 HR. TOTAL    0.01   02/22 TO 02/22

SNOWFALL (INCHES)
RECORDS
 TOTAL            0.0
TOTALS            0.0               0.0

DEGREE_DAYS
HEATING TOTAL     281               348     -67      419
 SINCE 7/1       1419              1784    -365     1394
COOLING TOTAL       3                 0       3        0
 SINCE 1/1          3                 0       3        0
.................................................................

WIND (MPH)
AVERAGE WIND SPEED              4.2
HIGHEST WIND SPEED/DIRECTION    28/330    DATE  02/02
HIGHEST GUST SPEED/DIRECTION    34/330    DATE  02/02

AVERAGE RH (PERCENT)     49

WEATHER CONDITIONS. NUMBER OF DAYS WITH
THUNDERSTORM              0     RAIN                       0
HAIL                      0     FOG                        3
FOG W/VIS <= 1/4 MILE     0     HAZE                       9

-  INDICATES NEGATIVE NUMBERS.
R  INDICATES RECORD WAS SET OR TIED.
MM INDICATES DATA IS MISSING.
T  INDICATES TRACE AMOUNT.

$$





USA.gov is the U.S. government's official web portal to all federal, state and local government web resources and services.
  • National Weather Service
  • WSO Pago Pago Weather Service Office
  • Pago Pago, AS
  • (684) 699-9130
  • Page Author: PPG Webmaster
  • Incorrect Region Format!
  • Web Master's E-mail:
  • Page last modified: Mar 10th, 2020 21:02 UTC