000
CXUS54 KAMA 012334
CLMBGD

CLIMATE REPORT
NATIONAL WEATHER SERVICE AMARILLO
634 PM CDT THU OCT 01 2020

...................................

...THE BORGER CLIMATE SUMMARY FOR THE MONTH OF SEPTEMBER 2020...

CLIMATE NORMAL PERIOD: 1981 TO 2010
CLIMATE RECORD PERIOD: 1949 TO 2020

WEATHER         OBSERVED          NORMAL  DEPART   LAST YEAR`S
                VALUE   DATE(S)   VALUE   FROM     VALUE DATE(S)
                                          NORMAL
................................................................
TEMPERATURE (F)
HIGHEST          103   09/25                          MM
LOWEST            41   09/09                          MM
AVG. MAXIMUM    86.5               83.9     2.6       MM
AVG. MINIMUM    59.3               60.0    -0.7       MM
MEAN            72.9               72.0     0.9       MM
DAYS MAX >= 90    11                7.6     3.4       MM
DAYS MAX <= 32     0                0.0     0.0       MM
DAYS MIN <= 32     0                0.0     0.0       MM
DAYS MIN <= 0      0                0.0     0.0       MM

PRECIPITATION (INCHES)
TOTALS          1.51               2.38   -0.87       MM
DAILY AVG.      0.05               0.08   -0.03       MM
DAYS >= .01        3                6.1    -3.1       MM
DAYS >= .10        3                3.4    -0.4       MM
DAYS >= .50        1                1.3    -0.3       MM
DAYS >= 1.00       1                0.5     0.5       MM
GREATEST
 24 HR. TOTAL   1.04   09/01 TO 09/01

SNOWFALL (INCHES)
TOTALS            MM                 MM      MM       MM
SINCE 7/1         MM                 MM      MM       MM
DAYS >= TRACE     MM                 MM      MM       MM
DAYS >= 1.0       MM                 MM      MM       MM
GREATEST
 SNOW DEPTH       MM
 24 HR TOTAL      MM

DEGREE DAYS
HEATING TOTAL     42                 27      15       MM
 SINCE 7/1        42                 25      17       MM
COOLING TOTAL    285                235      50       MM
 SINCE 1/1      2537               1785     752       MM
................................................................

WIND (MPH)
AVERAGE WIND SPEED              9.4
HIGHEST WIND SPEED/DIRECTION    31/030    DATE  09/27
HIGHEST GUST SPEED/DIRECTION    38/030    DATE  09/01
                                38/020          09/08
                                38/010          09/27

SKY COVER
POSSIBLE SUNSHINE (PERCENT)   MM
NUMBER OF DAYS FAIR           26
NUMBER OF DAYS PC              2
NUMBER OF DAYS CLOUDY          2

AVERAGE RH (PERCENT)     48

WEATHER CONDITIONS. NUMBER OF DAYS WITH
THUNDERSTORM              2     MIXED PRECIP               0
HEAVY RAIN                2     RAIN                       2
LIGHT RAIN                4     FREEZING RAIN              0
LT FREEZING RAIN          0     HEAVY SNOW                 0
SNOW                      0     LIGHT SNOW                 0
SLEET                     0     FOG                        3
FOG W/VIS <= 1/4 MILE     0     HAZE                       2

-  INDICATES NEGATIVE NUMBERS.
R  INDICATES RECORD WAS SET OR TIED.
MM INDICATES DATA IS MISSING.
T  INDICATES TRACE AMOUNT.

$$



USA.gov is the U.S. government's official web portal to all federal, state and local government web resources and services.
  • National Weather Service
  • WSO Pago Pago Weather Service Office
  • Pago Pago, AS
  • (684) 699-9130
  • Page Author: PPG Webmaster
  • Incorrect Region Format!
  • Web Master's E-mail:
  • Page last modified: Mar 10th, 2020 21:02 UTC