000
CXUS54 KAMA 011800
CLMBGD

CLIMATE REPORT
NATIONAL WEATHER SERVICE AMARILLO
100 PM CDT WED APR 01 2020

...................................

...THE BORGER CLIMATE SUMMARY FOR THE MONTH OF MARCH 2020...

CLIMATE NORMAL PERIOD: 1981 TO 2010
CLIMATE RECORD PERIOD: 1949 TO 2020

WEATHER         OBSERVED          NORMAL  DEPART   LAST YEAR`S
                VALUE   DATE(S)   VALUE   FROM     VALUE DATE(S)
                                          NORMAL
................................................................
TEMPERATURE (F)
HIGHEST           93   03/26                          88  03/28
LOWEST            32   03/06                          11  03/04
AVG. MAXIMUM    69.3               62.9     6.4     61.1
AVG. MINIMUM    44.2               36.3     7.9     35.3
MEAN            56.8               49.6     7.2     48.2
DAYS MAX >= 90     1                0.2     0.8        0
DAYS MAX <= 32     0                0.4    -0.4        2
DAYS MIN <= 32     1                9.6    -8.6        9
DAYS MIN <= 0      0                0.0     0.0        0

PRECIPITATION (INCHES)
TOTALS          1.22               1.41   -0.19     1.10
DAILY AVG.      0.04               0.05   -0.01     0.04
DAYS >= .01        8                6.0     2.0        6
DAYS >= .10        5                3.1     1.9        3
DAYS >= .50        0                1.1    -1.1        1
DAYS >= 1.00       0                0.2    -0.2        0
GREATEST
 24 HR. TOTAL   0.33   03/13 TO 03/14

SNOWFALL (INCHES)
TOTALS            MM                 MM      MM        T
SINCE 7/1        7.0                 MM      MM       MM
DAYS >= TRACE     MM                 MM      MM        1
DAYS >= 1.0       MM                 MM      MM        0
GREATEST
 SNOW DEPTH       MM
 24 HR TOTAL      MM

DEGREE DAYS
HEATING TOTAL    273                484    -211      521
 SINCE 7/1      2920               3477    -557     3477
COOLING TOTAL     23                  7      16        8
 SINCE 1/1        23                  7      16        8
................................................................

WIND (MPH)
AVERAGE WIND SPEED              11.2
HIGHEST WIND SPEED/DIRECTION    39/240    DATE  03/19
HIGHEST GUST SPEED/DIRECTION    54/240    DATE  03/19

SKY COVER
POSSIBLE SUNSHINE (PERCENT)   MM
NUMBER OF DAYS FAIR           23
NUMBER OF DAYS PC              4
NUMBER OF DAYS CLOUDY          4

AVERAGE RH (PERCENT)     50

WEATHER CONDITIONS. NUMBER OF DAYS WITH
THUNDERSTORM              1     MIXED PRECIP               0
HEAVY RAIN                1     RAIN                       4
LIGHT RAIN                8     FREEZING RAIN              0
LT FREEZING RAIN          0     HEAVY SNOW                 0
SNOW                      0     LIGHT SNOW                 0
SLEET                     0     FOG                        8
FOG W/VIS <= 1/4 MILE     2     HAZE                       6

-  INDICATES NEGATIVE NUMBERS.
R  INDICATES RECORD WAS SET OR TIED.
MM INDICATES DATA IS MISSING.
T  INDICATES TRACE AMOUNT.

$$



USA.gov is the U.S. government's official web portal to all federal, state and local government web resources and services.
  • National Weather Service
  • WSO Pago Pago Weather Service Office
  • Pago Pago, AS
  • (684) 699-9130
  • Page Author: PPG Webmaster
  • Incorrect Region Format!
  • Web Master's E-mail:
  • Page last modified: Mar 10th, 2020 21:02 UTC