000
CXUS53 KGRR 011110
CLMBIV


CLIMATE REPORT
NATIONAL WEATHER SERVICE GRAND RAPIDS, MI
557 AM EST SUN MAR 1 2020

...................................

...THE HOLLAND/TULIP CITY MI CLIMATE SUMMARY FOR THE MONTH OF FEBRUARY 2020...

CLIMATE NORMAL PERIOD 1981 TO 2010
CLIMATE RECORD PERIOD 1996 TO 2020

WEATHER         OBSERVED          NORMAL  DEPART  LAST YEAR`S
                 VALUE   DATE(S)  VALUE   FROM    VALUE  DATE(S)
                                          NORMAL
................................................................
TEMPERATURE (F)
HIGHEST            50   02/03        MM      MM       52  02/04
LOWEST              4   02/15        MM      MM        0  02/01
AVG. MAXIMUM     35.2              35.1     0.1     33.3
AVG. MINIMUM     23.7              21.6     2.1     20.1
MEAN             29.4              28.3     1.1     26.7
DAYS MAX >= 90      0               0.0     0.0        0
DAYS MAX <= 32     10              10.9    -0.9       14
DAYS MIN <= 32     26              24.4     1.6       26
DAYS MIN <= 0       0               0.4    -0.4        1

PRECIPITATION (INCHES)
TOTALS           0.57              1.80   -1.23     2.29
DAILY AVG.       0.02                MM      MM     0.08
DAYS >= .01        11                MM      MM       13
DAYS >= .10         1                MM      MM        6
DAYS >= .50         0                MM      MM        2
DAYS >= 1.00        0                MM      MM        0
GREATEST
 24 HR. TOTAL    0.11   02/13 TO 02/13

DEGREE_DAYS
HEATING TOTAL    1027              1026       1     1065
 SINCE 7/1       4331              4533    -202     4721
COOLING TOTAL       0                 0       0        0
 SINCE 1/1          0                 0       0        0
.................................................................

WIND (MPH)
AVERAGE WIND SPEED              10.3
RESULTANT WIND SPEED/DIRECTION   4/271
HIGHEST WIND SPEED/DIRECTION    30/230    DATE  02/02
HIGHEST GUST SPEED/DIRECTION    39/300    DATE  02/27

SKY COVER
POSSIBLE SUNSHINE (PERCENT)   MM
AVERAGE SKY COVER           0.60
NUMBER OF DAYS FAIR            7
NUMBER OF DAYS PC              6
NUMBER OF DAYS CLOUDY         16

AVERAGE RH (PERCENT)     73

WEATHER CONDITIONS. NUMBER OF DAYS WITH
THUNDERSTORM              0     MIXED PRECIP                0
HEAVY RAIN                0     RAIN                        0
LIGHT RAIN                3     FREEZING RAIN               0
LT FREEZING RAIN          0     HAIL                        0
HEAVY SNOW                1     SNOW                        4
LIGHT SNOW               16     SLEET                       0
FOG                      17     FOG W/VIS <= 1/4 MILE       2
HAZE                      5     BLOWING SNOW                0
TORNADO                   0

-  INDICATES NEGATIVE NUMBERS.
R  INDICATES RECORD WAS SET OR TIED.
MM INDICATES DATA IS MISSING.
T  INDICATES TRACE AMOUNT.

$$




USA.gov is the U.S. government's official web portal to all federal, state and local government web resources and services.
  • National Weather Service
  • WSO Pago Pago Weather Service Office
  • Pago Pago, AS
  • (684) 699-9130
  • Page Author: PPG Webmaster
  • Incorrect Region Format!
  • Web Master's E-mail:
  • Page last modified: Mar 10th, 2020 21:02 UTC