000
CXUS51 KRLX 030354
CLMBKW


CLIMATE REPORT
NATIONAL WEATHER SERVICE CHARLESTON WV
1152 PM EDT THU APR 2 2020

...................................

...THE BECKLEY WV CLIMATE SUMMARY FOR THE MONTH OF MARCH 2020...

CLIMATE NORMAL PERIOD 1981 TO 2010
CLIMATE RECORD PERIOD 1893 TO 2020

WEATHER         OBSERVED          NORMAL  DEPART  LAST YEAR`S
                 VALUE   DATE(S)  VALUE   FROM    VALUE
                                          NORMAL
.............................................................
TEMPERATURE (F)
RECORD
 HIGH              85   03/28/2020
 LOW               -7   03/13/1960
HIGHEST            85R  03/28                         73
LOWEST             16   03/01                          8
AVG. MAXIMUM     58.1              51.8     6.3     50.6
AVG. MINIMUM     39.4              32.3     7.1     30.6
MEAN             48.8              42.1     6.7     40.6
DAYS MAX >= 90      0               0.0     0.0        0
DAYS MAX <= 32      0               1.8    -1.8        3
DAYS MIN <= 32      7              15.7    -8.7       17
DAYS MIN <= 0       0               0.0     0.0        0

PRECIPITATION (INCHES)
RECORD
 MAXIMUM         9.84   1935
 MINIMUM         0.50   1910
TOTALS           4.98              3.57    1.41     2.63
DAILY AVG.       0.16              0.12    0.04     0.08
DAYS >= .01        20              15.6     4.4       12
DAYS >= .10        15               8.2     6.8        5
DAYS >= .50         3               2.0     1.0        2
DAYS >= 1.00        0               0.5    -0.5        0
GREATEST
 24 HR. TOTAL    0.73   03/13 TO 03/13

SNOWFALL (INCHES)
RECORDS
 TOTAL           48.0   1960
 24 HR TOTAL     27.7   03/13/1993 TO 03/13/1993
 SNOW DEPTH        30   03/14/1993
TOTALS            1.8               8.5    -6.7      8.2
SINCE 7/1        26.2              59.0   -32.8     40.3
SNOWDEPTH AVG.      0
DAYS >= TRACE       2               5.4    -3.4        9
DAYS >= 1.0         1               2.5    -1.5        2
GREATEST
 24 HR TOTAL      1.3   03/06 TO 03/06

DEGREE_DAYS
HEATING TOTAL     509               712    -203      747
 SINCE 7/1       3917              4713    -796     4420
COOLING TOTAL      14                 1      13        0
 SINCE 1/1         14                 1      13        0
..............................................................

WIND (MPH)
AVERAGE WIND SPEED              8.9
HIGHEST WIND SPEED/DIRECTION    30/260    DATE  03/29
HIGHEST GUST SPEED/DIRECTION    43/240    DATE  03/29

SKY COVER
POSSIBLE SUNSHINE (PERCENT)   MM
AVERAGE SKY COVER           0.50
NUMBER OF DAYS FAIR           10
NUMBER OF DAYS PC             11
NUMBER OF DAYS CLOUDY         10

AVERAGE RH (PERCENT)     66

-  INDICATES NEGATIVE NUMBERS.
R  INDICATES RECORD WAS SET OR TIED.
MM INDICATES DATA IS MISSING.
T  INDICATES TRACE AMOUNT.

$$




USA.gov is the U.S. government's official web portal to all federal, state and local government web resources and services.
  • National Weather Service
  • WSO Pago Pago Weather Service Office
  • Pago Pago, AS
  • (684) 699-9130
  • Page Author: PPG Webmaster
  • Incorrect Region Format!
  • Web Master's E-mail:
  • Page last modified: Mar 10th, 2020 21:02 UTC