000
CXUS51 KRNK 010901
CLMBLF

CLIMATE REPORT
NATIONAL WEATHER SERVICE BLACKSBURG, VA
501 AM EDT WED APR 01 2020

...................................

...THE BLUEFIELD WV CLIMATE SUMMARY FOR THE MONTH OF MARCH 2020...

CLIMATE NORMAL PERIOD: 1981 TO 2010
CLIMATE RECORD PERIOD: 1909 TO 2020

WEATHER         OBSERVED          NORMAL  DEPART   LAST YEAR`S
                VALUE   DATE(S)   VALUE   FROM     VALUE
                                          NORMAL
..............................................................
TEMPERATURE (F)
RECORD
 HIGH             83   03/30/1985
 LOW              -2   03/03/1980
HIGHEST           81   03/28                          69
LOWEST            20   03/01                           8
AVG. MAXIMUM    56.7               54.3     2.4     49.3
AVG. MINIMUM    40.1               36.2     3.9     31.5
MEAN            48.4               45.3     3.1     40.4
DAYS MAX >= 90     0                0.0     0.0        0
DAYS MAX <= 32     0                1.2    -1.2        3
DAYS MIN <= 32     5               11.2    -6.2       18
DAYS MIN <= 0      0                0.0     0.0        0

PRECIPITATION (INCHES)
RECORD
 MAXIMUM        8.24   1993
 MINIMUM        1.46   2016
TOTALS          5.52               3.51    2.01     1.79
DAYS >= .01       21               14.4     6.6       11
DAYS >= .10       12                8.0     4.0        4
DAYS >= .50        4                2.1     1.9        1
DAYS >= 1.00       1                0.6     0.4        0
GREATEST
 24 HR. TOTAL   1.09                                0.54

SNOWFALL (INCHES)
TOTALS           1.9                                 1.8
DAYS >= TRACE      3                                   8
DAYS >= 1.0        1                                   1
GREATEST
 24 HR TOTAL      MM                                 1.0

DEGREE DAYS
HEATING TOTAL    502                616    -114      755
COOLING TOTAL      8                  4       4        0
..............................................................

WIND (MPH)
AVERAGE WIND SPEED              7.9
RESULTANT WIND SPEED/DIRECTION   5/250
HIGHEST WIND SPEED/DIRECTION    35/240    DATE  03/29
HIGHEST GUST SPEED/DIRECTION    46/270    DATE  03/29

SKY COVER
AVERAGE SKY COVER           0.56

AVERAGE RH (PERCENT)     71

WEATHER CONDITIONS. NUMBER OF DAYS WITH
THUNDERSTORM              0     MIXED PRECIP               0
HEAVY RAIN                5     RAIN                       9
LIGHT RAIN               20     FREEZING RAIN              0
LT FREEZING RAIN          0     HAIL                       0
HEAVY SNOW                1     SNOW                       1
LIGHT SNOW                3     SLEET                      0
FOG                      20     FOG W/VIS <= 1/4 MILE      5
HAZE                      2

-  INDICATES NEGATIVE NUMBERS.
R  INDICATES RECORD WAS SET OR TIED.
MM INDICATES DATA IS MISSING.
T  INDICATES TRACE AMOUNT.

$$


USA.gov is the U.S. government's official web portal to all federal, state and local government web resources and services.
  • National Weather Service
  • WSO Pago Pago Weather Service Office
  • Pago Pago, AS
  • (684) 699-9130
  • Page Author: PPG Webmaster
  • Incorrect Region Format!
  • Web Master's E-mail:
  • Page last modified: Mar 10th, 2020 21:02 UTC