000
CXUS56 KSEW 011032
CLMBLI


CLIMATE REPORT
NATIONAL WEATHER SERVICE SEATTLE WA
331 AM PDT WED APR 1 2020

...................................

...THE BELLINGHAM WA AIRPORT CLIMATE SUMMARY FOR THE MONTH OF MARCH 2020...

CLIMATE NORMAL PERIOD 1981 TO 2010
CLIMATE RECORD PERIOD 1949 TO 2020

WEATHER         OBSERVED          NORMAL  DEPART  LAST YEAR`S
                 VALUE   DATE(S)  VALUE   FROM    VALUE  DATE(S)
                                          NORMAL
................................................................
TEMPERATURE (F)
RECORD
 HIGH              76   03/29/2004
 LOW               10   03/10/1951
HIGHEST            58   03/20        MM      MM       74  03/20
                        03/19                             03/19
                        03/16
LOWEST             26   03/09        MM      MM       24  03/10
                                                          03/09
                                                          03/02
AVG. MAXIMUM     50.0              52.2    -2.2     55.3
AVG. MINIMUM     35.2              36.3    -1.1     33.2
MEAN             42.6              44.2    -1.6     44.3
DAYS MAX >= 90      0               0.0     0.0        0
DAYS MAX <= 32      0               0.2    -0.2        0
DAYS MIN <= 32     12               7.4     4.6       14
DAYS MIN <= 0       0               0.0     0.0        0

PRECIPITATION (INCHES)
RECORD
 MAXIMUM         7.02   1950
 MINIMUM         0.76   1965
TOTALS           2.96              3.22   -0.26     1.08
DAILY AVG.       0.10              0.10    0.00     0.03
DAYS >= .01        17              17.0     0.0        9
DAYS >= .10         8               9.6    -1.6        5
DAYS >= .50         1               1.1    -0.1        0
DAYS >= 1.00        0               0.1    -0.1        0
GREATEST
 24 HR. TOTAL    0.59   03/02 TO 03/02

DEGREE_DAYS
HEATING TOTAL     687               643      44      635
COOLING TOTAL       0                 0       0        0
 SINCE 1/1          0                 0       0        0
.................................................................

WIND (MPH)
AVERAGE WIND SPEED              7.9
HIGHEST WIND SPEED/DIRECTION    40/040    DATE  03/14
HIGHEST GUST SPEED/DIRECTION    60/030    DATE  03/14

SKY COVER
POSSIBLE SUNSHINE (PERCENT)   MM
AVERAGE SKY COVER           0.50
NUMBER OF DAYS FAIR           10
NUMBER OF DAYS PC              8
NUMBER OF DAYS CLOUDY         13

AVERAGE RH (PERCENT)     68

WEATHER CONDITIONS. NUMBER OF DAYS WITH
  0
  6
  0
  0
  0
  0
  1
HAZE                      5

-  INDICATES NEGATIVE NUMBERS.
R  INDICATES RECORD WAS SET OR TIED.
MM INDICATES DATA IS MISSING.
T  INDICATES TRACE AMOUNT.

$$


USA.gov is the U.S. government's official web portal to all federal, state and local government web resources and services.
  • National Weather Service
  • WSO Pago Pago Weather Service Office
  • Pago Pago, AS
  • (684) 699-9130
  • Page Author: PPG Webmaster
  • Incorrect Region Format!
  • Web Master's E-mail:
  • Page last modified: Mar 10th, 2020 21:02 UTC