000
CXUS53 KIND 011507
CLMBMG

CLIMATE REPORT
NATIONAL WEATHER SERVICE INDIANAPOLIS IN
1107 AM EDT WED APR 01 2020

...................................

...THE BLOOMINGTON IN CLIMATE SUMMARY FOR THE MONTH OF MARCH 2020...

CLIMATE NORMAL PERIOD 1981 TO 2010
CLIMATE RECORD PERIOD 9999 TO 9999

WEATHER         OBSERVED          NORMAL  DEPART   LAST YEAR`S
                VALUE   DATE(S)   VALUE   FROM     VALUE DATE(S)
                                          NORMAL
................................................................
TEMPERATURE (F)
HIGHEST           77   03/27                          72  03/14
LOWEST            20R  03/07                           3  03/04
AVG. MAXIMUM    57.4               54.1     3.3     48.9
AVG. MINIMUM    38.5               31.7     6.8     28.8
MEAN            48.0               42.9     5.1     38.8
DAYS MAX >= 90     0                0.0     0.0        0
DAYS MAX <= 32     0                0.7    -0.7        3
DAYS MIN <= 32     8               17.6    -9.6       18
DAYS MIN <= 0      0                0.0     0.0        0

PRECIPITATION (INCHES)
TOTALS          6.63               3.88    2.75     4.80
DAILY AVG.      0.21               0.13    0.08     0.15
DAYS >= .01       15                 MM      MM        9
DAYS >= .10       11                 MM      MM        7
DAYS >= .50        5                 MM      MM        3
DAYS >= 1.00       1                 MM      MM        2
GREATEST
 24 HR. TOTAL   2.94   03/19 TO 03/20


DEGREE DAYS
HEATING TOTAL    524                688    -164      804
 SINCE 7/1      4157               4756    -599     3990
COOLING TOTAL      3                  3       0        0
 SINCE 1/1         3                  3       0        0
................................................................

WIND (MPH)
AVERAGE WIND SPEED              8.2
HIGHEST WIND SPEED/DIRECTION    30/230    DATE  03/29
HIGHEST GUST SPEED/DIRECTION    47/220    DATE  03/29

SKY COVER
POSSIBLE SUNSHINE (PERCENT)   MM
AVERAGE SKY COVER           0.57
NUMBER OF DAYS FAIR            8
NUMBER OF DAYS PC             12
NUMBER OF DAYS CLOUDY         11

AVERAGE RH (PERCENT)     68

WEATHER CONDITIONS. NUMBER OF DAYS WITH
THUNDERSTORM              6     MIXED PRECIP               0
HEAVY RAIN                6     RAIN                       9
LIGHT RAIN               18     FREEZING RAIN              0
LT FREEZING RAIN          0     HAIL                       0
HEAVY SNOW                0     SNOW                       0
LIGHT SNOW                1     SLEET                      0
FOG                      16     FOG W/VIS <= 1/4 MILE      3
HAZE                      5

-  INDICATES NEGATIVE NUMBERS.
R  INDICATES RECORD WAS SET OR TIED.
MM INDICATES DATA IS MISSING.
T  INDICATES TRACE AMOUNT.

$$


USA.gov is the U.S. government's official web portal to all federal, state and local government web resources and services.
  • National Weather Service
  • WSO Pago Pago Weather Service Office
  • Pago Pago, AS
  • (684) 699-9130
  • Page Author: PPG Webmaster
  • Incorrect Region Format!
  • Web Master's E-mail:
  • Page last modified: Mar 10th, 2020 21:02 UTC