000
CXUS54 KOHX 021216
CLMBNA


CLIMATE REPORT
NATIONAL WEATHER SERVICE NASHVILLE TN
615 AM CST MON MAR 2 2020

...................................

...THE NASHVILLE CLIMATE SUMMARY FOR THE MONTH OF FEBRUARY 2020...

CLIMATE NORMAL PERIOD 1981 TO 2010
CLIMATE RECORD PERIOD 1871 TO 2020

WEATHER         OBSERVED          NORMAL  DEPART  LAST YEAR`S
                 VALUE   DATE(S)  VALUE   FROM    VALUE
                                          NORMAL
.............................................................
TEMPERATURE (F)
RECORD
 HIGH              84   02/13/1962
 LOW              -13   02/02/1951
                        02/13/1899
HIGHEST            72   02/03
LOWEST             17   02/15
AVG. MAXIMUM     54.1              51.8     2.3
AVG. MINIMUM     35.6              31.6     4.0
MEAN             44.9              41.7     3.2     48.9
DAYS MAX >= 90      0
DAYS MAX <= 32      0
DAYS MIN <= 32     11
DAYS MIN <= 0       0

PRECIPITATION (INCHES)
RECORD
 MAXIMUM        13.47   2019
 MINIMUM         0.63   1898
TOTALS           6.69              3.94    2.75
DAYS >= .01        17
DAYS >= .10        12
DAYS >= .50         6
DAYS >= 1.00        2
GREATEST
 24 HR. TOTAL    1.41   02/12 TO 02/12

SNOWFALL (INCHES)
TOTALS            1.1               2.3    -1.2
SINCE 7/1         1.5                      -3.9
DAYS >= TRACE       5
DAYS >= 1.0         0

DEGREE_DAYS
HEATING TOTAL     576               653     -77
 SINCE 7/1       2391              2958    -567
COOLING TOTAL       0                 0       0
 SINCE 1/1          0                 0       0
..............................................................

WIND (MPH)
AVERAGE WIND SPEED              8.3
HIGHEST GUST SPEED/DIRECTION    46/300    DATE  02/12

SKY COVER
POSSIBLE SUNSHINE (PERCENT)   MM
AVERAGE SKY COVER           0.70
NUMBER OF DAYS FAIR            3
NUMBER OF DAYS PC              9
NUMBER OF DAYS CLOUDY         17

AVERAGE RH (PERCENT)     64

WEATHER CONDITIONS. NUMBER OF DAYS WITH
  0
 10
  0
  0
  0
  1
  2
HAZE                      7

-  INDICATES NEGATIVE NUMBERS.
R  INDICATES RECORD WAS SET OR TIED.
MM INDICATES DATA IS MISSING.
T  INDICATES TRACE AMOUNT.

$$



USA.gov is the U.S. government's official web portal to all federal, state and local government web resources and services.
  • National Weather Service
  • WSO Pago Pago Weather Service Office
  • Pago Pago, AS
  • (684) 699-9130
  • Page Author: PPG Webmaster
  • Incorrect Region Format!
  • Web Master's E-mail:
  • Page last modified: Mar 10th, 2020 21:02 UTC