000
CXUS56 KBOI 011727
CLMBNO

CLIMATE REPORT
NATIONAL WEATHER SERVICE BOISE ID
1027 AM MST SUN MAR 01 2020

...................................

...THE BURNS OR CLIMATE SUMMARY FOR THE MONTH OF FEBRUARY 2020...

CLIMATE NORMAL PERIOD 1981 TO 2010
CLIMATE RECORD PERIOD 1938 TO 2020

WEATHER         OBSERVED          NORMAL  DEPART   LAST YEAR`S
                VALUE   DATE(S)   VALUE   FROM     VALUE
                                          NORMAL
..............................................................
TEMPERATURE (F)
HIGHEST           59   02/27         MM      MM
LOWEST            12   02/19         MM      MM
AVG. MAXIMUM    46.2               39.3     6.9
AVG. MINIMUM    21.6               18.2     3.4
MEAN            33.9               28.8     5.1
DAYS MAX >= 90     0
DAYS MAX <= 32     0
DAYS MIN <= 32    27
DAYS MIN <= 0      0

PRECIPITATION (INCHES)
RECORD
 MAXIMUM        3.85   1940
TOTALS          0.14               1.02   -0.88
DAYS >= .01        2
DAYS >= .10        1
DAYS >= .50        0
DAYS >= 1.00       0
GREATEST
 24 HR. TOTAL   0.14   02/15 TO 02/16


DEGREE DAYS
HEATING TOTAL    893               1015    -122
 SINCE 7/1      5125               5591    -466
COOLING TOTAL      0                  0       0
 SINCE 1/1         0                  0       0
..............................................................

WIND (MPH)
AVERAGE WIND SPEED              7.3
HIGHEST WIND SPEED/DIRECTION    41/280    DATE  02/23
HIGHEST GUST SPEED/DIRECTION    53/280    DATE  02/23

AVERAGE RH (PERCENT)     61


-  INDICATES NEGATIVE NUMBERS.
R  INDICATES RECORD WAS SET OR TIED.
MM INDICATES DATA IS MISSING.
T  INDICATES TRACE AMOUNT.

$$


USA.gov is the U.S. government's official web portal to all federal, state and local government web resources and services.
  • National Weather Service
  • WSO Pago Pago Weather Service Office
  • Pago Pago, AS
  • (684) 699-9130
  • Page Author: PPG Webmaster
  • Incorrect Region Format!
  • Web Master's E-mail:
  • Page last modified: Mar 10th, 2020 21:02 UTC