000
CXUS56 KBOI 011759
CLMBNO

CLIMATE REPORT
NATIONAL WEATHER SERVICE BOISE ID
1159 AM MDT THU OCT 01 2020

...................................

...THE BURNS OR CLIMATE SUMMARY FOR THE MONTH OF SEPTEMBER 2020...

CLIMATE NORMAL PERIOD 1981 TO 2010
CLIMATE RECORD PERIOD 1938 TO 2020

WEATHER         OBSERVED          NORMAL  DEPART   LAST YEAR`S
                VALUE   DATE(S)   VALUE   FROM     VALUE
                                          NORMAL
..............................................................
TEMPERATURE (F)
HIGHEST          102R  09/04         MM      MM
LOWEST            27   09/09         MM      MM
AVG. MAXIMUM    83.7               75.5     8.2
AVG. MINIMUM    35.8               36.3    -0.5
MEAN            59.7               55.9     3.8
DAYS MAX >= 90     8
DAYS MAX <= 32     0
DAYS MIN <= 32     9
DAYS MIN <= 0      0

PRECIPITATION (INCHES)
RECORD
 MAXIMUM        2.13   1986
TOTALS          0.01               0.44   -0.43
DAYS >= .01        1
DAYS >= .10        0
DAYS >= .50        0
DAYS >= 1.00       0
GREATEST
 24 HR. TOTAL   0.01   09/24 TO 09/24

DEGREE DAYS
HEATING TOTAL    178                282    -104
 SINCE 7/1       223                418    -195
COOLING TOTAL     27                  9      18
 SINCE 1/1       369                215     154
..............................................................

WIND (MPH)
AVERAGE WIND SPEED              5.8
HIGHEST WIND SPEED/DIRECTION    31/350    DATE  09/07
HIGHEST GUST SPEED/DIRECTION    43/350    DATE  09/07

AVERAGE RH (PERCENT)     38


-  INDICATES NEGATIVE NUMBERS.
R  INDICATES RECORD WAS SET OR TIED.
MM INDICATES DATA IS MISSING.
T  INDICATES TRACE AMOUNT.

$$


USA.gov is the U.S. government's official web portal to all federal, state and local government web resources and services.
  • National Weather Service
  • WSO Pago Pago Weather Service Office
  • Pago Pago, AS
  • (684) 699-9130
  • Page Author: PPG Webmaster
  • Incorrect Region Format!
  • Web Master's E-mail:
  • Page last modified: Mar 10th, 2020 21:02 UTC