000
CXUS55 KRIW 022005 AAA
CLMBPI

CLIMATE REPORT...UPDATED
NATIONAL WEATHER SERVICE RIVERTON WY
101 PM MST MON MAR 2 2020

...PRELIMINARY MONTHLY CLIMATE SUMMARY FOR THE MILEY MEMORIAL FIELD
NEAR BIG PINEY FOR THE MONTH OF FEBRUARY 2020...

...OFFICIAL CLIMATE DATA FOR THE MONTH OF FEBRUARY 2020 WILL BE
AVAILABLE APPROXIMATELY IN 60 DAYS FROM THE NATIONAL CENTERS FOR
ENVIRONMENTAL INFORMATION (HTTP://WWW.NCDC.NOAA.GOV/CDO-
WEB/DATASETS). UNOFFICIAL ASOS DAILY SUMMARIES ARE AVAILABLE ON THE
INTERNET AT HTTP://WWW.WEATHER.GOV/CLIMATE/INDEX.PHP?WFO=RIW

...THE BIG PINEY CLIMATE SUMMARY FOR THE MONTH OF FEBRUARY 2020...

CLIMATE NORMAL PERIOD 1981 TO 2010
CLIMATE RECORD PERIOD 1976 TO 2020

WEATHER         OBSERVED          NORMAL  DEPART
                 VALUE   DATE(S)  VALUE   FROM
                                          NORMAL
................................................
TEMPERATURE (F)
RECORD
 HIGH              57   02/13/2015
 LOW              -43   02/06/1989
HIGHEST            38   02/29
LOWEST            -26   02/20
AVG. MAXIMUM     21.8              29.0    -7.2
AVG. MINIMUM     -7.1               0.3    -7.4
MEAN              7.4              14.6    -7.2
DAYS MAX >= 90      0
DAYS MAX <= 32     25
DAYS MIN <= 32     29
DAYS MIN <= 0      22

PRECIPITATION (INCHES)
RECORD
 MAXIMUM         0.99   1995
 MINIMUM            T   2018
                        2010
                        1988
TOTALS           0.05              0.35   -0.30
DAILY AVG.       0.00
DAYS >= .01         1
DAYS >= .10         0
DAYS >= .50         0
DAYS >= 1.00        0
GREATEST
 24 HR. TOTAL    0.05   02/03 TO 02/03

DEGREE_DAYS
HEATING TOTAL    1663              1410     253
 SINCE 7/1       8097              7568     529
COOLING TOTAL       0                 0       0
 SINCE 1/1          0                 0       0
.................................................

WIND (MPH)
AVERAGE WIND SPEED              5.8
HIGHEST WIND SPEED/DIRECTION    35/310    DATE  02/24
HIGHEST GUST SPEED/DIRECTION    46/310    DATE  02/24

SKY COVER
POSSIBLE SUNSHINE (PERCENT)   MM
AVERAGE SKY COVER           0.30
NUMBER OF DAYS FAIR           20
NUMBER OF DAYS PC              5
NUMBER OF DAYS CLOUDY          4

AVERAGE RH (PERCENT)     80

-  INDICATES NEGATIVE NUMBERS.
R  INDICATES RECORD WAS SET OR TIED.
MM INDICATES DATA IS MISSING.
T  INDICATES TRACE AMOUNT.

LOOKING AHEAD TO MARCH 2020...THE AVERAGE HIGH TEMPERATURE ON THE
FIRST OF THE MONTH IS 34 DEGREES...AND THE AVERAGE LOW TEMPERATURE
IS 6 DEGREES. THE AVERAGE HIGH BY THE END OF THE MONTH IS 48
DEGREES...AND THE AVERAGE LOW TEMPERATURE IS 19. THE AVERAGE MONTHLY
PRECIPITATION IS 0.35 INCHES.

$$


USA.gov is the U.S. government's official web portal to all federal, state and local government web resources and services.
  • National Weather Service
  • WSO Pago Pago Weather Service Office
  • Pago Pago, AS
  • (684) 699-9130
  • Page Author: PPG Webmaster
  • Incorrect Region Format!
  • Web Master's E-mail:
  • Page last modified: Mar 10th, 2020 21:02 UTC