000
CXUS54 KLCH 012352
CLMBPT


CLIMATE REPORT
NATIONAL WEATHER SERVICE LAKE CHARLES, LA
551 PM CST WED JAN 1 2020

...................................

...THE BEAUMONT PORT ARTHUR CLIMATE SUMMARY FOR THE MONTH OF DECEMBER 2019...

CLIMATE NORMAL PERIOD 1981 TO 2010
CLIMATE RECORD PERIOD 1901 TO 2019

WEATHER         OBSERVED          NORMAL  DEPART  LAST YEAR`S
                 VALUE   DATE(S)  VALUE   FROM    VALUE  DATE(S)
                                          NORMAL
................................................................
TEMPERATURE (F)
RECORD
 HIGH              84   12/07/1978
                        12/02/1978
 LOW               12   12/23/1989
HIGHEST            82   12/09        MM      MM       81  12/02
                                                          12/01
LOWEST             31   12/19        MM      MM       33  12/11
AVG. MAXIMUM     69.7              63.7     6.0     65.9
AVG. MINIMUM     46.1              44.8     1.3     47.6
MEAN             57.9              54.3     3.6     56.7
DAYS MAX >= 90      0               0.0     0.0        0
DAYS MAX <= 32      0               0.1    -0.1        0
DAYS MIN <= 32      2               3.1    -1.1        0
DAYS MIN <= 0       0               0.0     0.0        0

PRECIPITATION (INCHES)
RECORD
 MAXIMUM        17.98   1982
 MINIMUM         0.72   1925
TOTALS           1.07              5.29   -4.22     7.96
DAILY AVG.       0.03              0.17   -0.14     0.26
DAYS >= .01         3               9.5    -6.5       13
DAYS >= .10         2               6.0    -4.0        7
DAYS >= .50         1               3.0    -2.0        4
DAYS >= 1.00        0               1.5    -1.5        3
GREATEST
 24 HR. TOTAL    0.69   12/16 TO 12/16

SNOWFALL (INCHES)
RECORDS
 TOTAL            3.0   2017
TOTALS            0.0                 T     0.0      0.0
SINCE 7/1         0.0                 T     0.0      0.0
SNOWDEPTH AVG.      0                MM      MM        0
DAYS >= 1.0         0               0.0     0.0        0
GREATEST
 SNOW DEPTH         0   MM                             0  MM
 24 HR TOTAL      0.0   12/31 TO 12/31

DEGREE_DAYS
HEATING TOTAL     242               355    -113      255
 SINCE 7/1        476               550     -74      478
.................................................................

WIND (MPH)
AVERAGE WIND SPEED              7.7
HIGHEST WIND SPEED/DIRECTION    30/360    DATE  12/10
HIGHEST GUST SPEED/DIRECTION    37/360    DATE  12/10

SKY COVER
POSSIBLE SUNSHINE (PERCENT)   MM
AVERAGE SKY COVER           0.40
NUMBER OF DAYS FAIR           16
NUMBER OF DAYS PC             11
NUMBER OF DAYS CLOUDY          4

AVERAGE RH (PERCENT)     71

WEATHER CONDITIONS. NUMBER OF DAYS WITH
  0
  2
  0
  0
  0
  0
  9
HAZE                      3

-  INDICATES NEGATIVE NUMBERS.
R  INDICATES RECORD WAS SET OR TIED.
MM INDICATES DATA IS MISSING.
T  INDICATES TRACE AMOUNT.

$$


USA.gov is the U.S. government's official web portal to all federal, state and local government web resources and services.
  • National Weather Service
  • WSO Pago Pago Weather Service Office
  • Pago Pago, AS
  • (684) 699-9130
  • Page Author: PPG Webmaster
  • Incorrect Region Format!
  • Web Master's E-mail:
  • Page last modified: Mar 10th, 2020 21:02 UTC