000
CXUS53 KDLH 031851
CLMBRD


CLIMATE REPORT
NATIONAL WEATHER SERVICE DULUTH MN
150 PM CDT FRI APR 3 2020

...................................

...THE BRAINERD CLIMATE SUMMARY FOR THE MONTH OF MARCH 2020...

CLIMATE NORMAL PERIOD 1981 TO 2010
CLIMATE RECORD PERIOD 1899 TO 2020

WEATHER         OBSERVED          NORMAL  DEPART  LAST YEAR`S
                 VALUE   DATE(S)  VALUE   FROM    VALUE  DATE(S)
                                          NORMAL
................................................................
TEMPERATURE (F)
RECORD
 HIGH              80   03/28/1946
 LOW              -35   03/11/1948
HIGHEST            58   03/30        MM      MM       60  03/27
                        03/29
LOWEST              8   03/21        MM      MM      -24  03/04
AVG. MAXIMUM     41.4              38.9     2.5     34.8
AVG. MINIMUM     23.3              19.2     4.1     12.3
MEAN             32.3              29.1     3.2     23.5
DAYS MAX >= 90      0                MM      MM        0
DAYS MAX <= 32      3                MM      MM       10
DAYS MIN <= 32     28                MM      MM       29
DAYS MIN <= 0       0                MM      MM        8

PRECIPITATION (INCHES)
RECORD
 MAXIMUM         3.54   2009
 MINIMUM         0.14   1959
TOTALS           0.72              1.52   -0.80     1.85
DAILY AVG.       0.02              0.05   -0.03     0.06
DAYS >= .01         4               6.5    -2.5        5
DAYS >= .10         2               4.0    -2.0        3
DAYS >= .50         1               0.8     0.2        2
DAYS >= 1.00        0               0.2    -0.2        1
GREATEST
 24 HR. TOTAL    0.50   03/28 TO 03/28

SNOWFALL (INCHES)
RECORDS
 TOTAL           35.5   1965
TOTALS            0.5               8.4    -7.9      9.3
SINCE 7/1        47.5              43.4     4.1     62.5
SNOWDEPTH AVG.      9                 8       1       14
DAYS >= 1.0         0               2.5    -2.5        2
GREATEST
 SNOW DEPTH        16   03/01                         24  03/10
 24 HR TOTAL      0.5   03/21 TO 03/21

DEGREE_DAYS
HEATING TOTAL    1004              1114    -110     1276
 SINCE 7/1       7286              7626    -340     8315
COOLING TOTAL       0                 0       0        0
 SINCE 1/1          0                 0       0        0
.................................................................

WIND (MPH)
AVERAGE WIND SPEED              8.5
HIGHEST WIND SPEED/DIRECTION    32/330    DATE  03/05
HIGHEST GUST SPEED/DIRECTION    42/300    DATE  03/12

SKY COVER
POSSIBLE SUNSHINE (PERCENT)   MM
AVERAGE SKY COVER           0.40
NUMBER OF DAYS FAIR           10
NUMBER OF DAYS PC             14
NUMBER OF DAYS CLOUDY          7

AVERAGE RH (PERCENT)     65

-  INDICATES NEGATIVE NUMBERS.
R  INDICATES RECORD WAS SET OR TIED.
MM INDICATES DATA IS MISSING.
T  INDICATES TRACE AMOUNT.

$$





USA.gov is the U.S. government's official web portal to all federal, state and local government web resources and services.
  • National Weather Service
  • WSO Pago Pago Weather Service Office
  • Pago Pago, AS
  • (684) 699-9130
  • Page Author: PPG Webmaster
  • Incorrect Region Format!
  • Web Master's E-mail:
  • Page last modified: Mar 10th, 2020 21:02 UTC