000
CXUS55 KMSO 010914
CLMBTM

CLIMATE REPORT
NATIONAL WEATHER SERVICE MISSOULA MT
214 AM MST SUN MAR 01 2020

...................................

...THE BUTTE MT CLIMATE SUMMARY FOR THE MONTH OF FEBRUARY 2020...

CLIMATE NORMAL PERIOD 1981 TO 2010
CLIMATE RECORD PERIOD 1895 TO 2020

WEATHER         OBSERVED          NORMAL  DEPART   LAST YEAR`S
                VALUE   DATE(S)   VALUE   FROM     VALUE
                                          NORMAL
..............................................................
TEMPERATURE (F)
RECORD
 HIGH             61   02/24/1995
 LOW             -52   02/09/1933
HIGHEST           55   02/01         MM      MM       45
LOWEST           -11   02/20         MM      MM      -27
AVG. MAXIMUM    34.6               35.0    -0.4     22.0
AVG. MINIMUM     9.2                9.4    -0.2     -0.8
MEAN            21.9               22.2    -0.3     10.6
DAYS MAX >= 90     0                0.0     0.0        0
DAYS MAX <= 32    13                9.0     4.0       21
DAYS MIN <= 32    28               27.3     0.7       27
DAYS MIN <= 0      7                6.5     0.5       17

PRECIPITATION (INCHES)
RECORD
 MAXIMUM        2.92   1904
 MINIMUM        0.03   1956
TOTALS          0.48               0.43    0.05     1.05
DAILY AVG.      0.02                NAN     NAN     0.04
DAYS >= .01       12                7.0     5.0       14
DAYS >= .10        2                1.4     0.6        4
DAYS >= .50        0                0.0     0.0        0
DAYS >= 1.00       0                0.0     0.0        0
GREATEST
 24 HR. TOTAL   0.17   02/07 TO 02/08               0.23


DEGREE DAYS
HEATING TOTAL   1243               1198      45
 SINCE 7/1      6415               6648    -233
COOLING TOTAL      0                  0       0
 SINCE 1/1         0                  0       0
..............................................................

WIND (MPH)
AVERAGE WIND SPEED              5.4
HIGHEST WIND SPEED/DIRECTION    36/300    DATE  02/23
HIGHEST GUST SPEED/DIRECTION    50/300    DATE  02/23

SKY COVER
POSSIBLE SUNSHINE (PERCENT)   MM
AVERAGE SKY COVER           0.53
NUMBER OF DAYS FAIR            9
NUMBER OF DAYS PC             11
NUMBER OF DAYS CLOUDY          9

AVERAGE RH (PERCENT)     65

WEATHER CONDITIONS. NUMBER OF DAYS WITH
THUNDERSTORM              0     MIXED PRECIP               0
HEAVY RAIN                0     RAIN                       0
LIGHT RAIN                0     FREEZING RAIN              0
LT FREEZING RAIN          0     HAIL                       0
HEAVY SNOW                2     SNOW                       3
LIGHT SNOW               17     SLEET                      0
FOG                      15     FOG W/VIS <= 1/4 MILE      4
HAZE                      9

-  INDICATES NEGATIVE NUMBERS.
R  INDICATES RECORD WAS SET OR TIED.
MM INDICATES DATA IS MISSING.
T  INDICATES TRACE AMOUNT.

$$



USA.gov is the U.S. government's official web portal to all federal, state and local government web resources and services.
  • National Weather Service
  • WSO Pago Pago Weather Service Office
  • Pago Pago, AS
  • (684) 699-9130
  • Page Author: PPG Webmaster
  • Incorrect Region Format!
  • Web Master's E-mail:
  • Page last modified: Mar 10th, 2020 21:02 UTC