000
CXUS54 KLIX 011430
CLMBTR

CLIMATE REPORT
NATIONAL WEATHER SERVICE NEW ORLEANS
930 AM CDT WED APR 01 2020

...................................

...THE BATON ROUGE   CLIMATE SUMMARY FOR THE MONTH OF MARCH 2020...

CLIMATE NORMAL PERIOD: 1981 TO 2010
CLIMATE RECORD PERIOD: 1894 TO 2020

WEATHER         OBSERVED          NORMAL  DEPART   LAST YEAR`S
                VALUE   DATE(S)   VALUE   FROM     VALUE DATE(S)
                                          NORMAL
................................................................
TEMPERATURE (F)
RECORD
 HIGH             91   03/17/1963
                       03/31/1946
 LOW              20   03/03/1980
HIGHEST           89   03/28         MM      MM       85  03/13
LOWEST            41   03/07         MM      MM       29  03/05
AVG. MAXIMUM    79.6               72.7     6.9     72.1
AVG. MINIMUM    61.0               50.3    10.7     49.5
MEAN            70.3               61.5     8.8     60.8
DAYS MAX >= 90     0                0.1    M0.1        0
DAYS MAX <= 32     0                0.0     0.0        0
DAYS MIN <= 32     0                0.7    M0.7        2
DAYS MIN <= 0      0                0.0     0.0        0

PRECIPITATION (INCHES)
RECORD
 MAXIMUM        2.20   2020
 MINIMUM        2.20   2020
TOTALS          2.20R              4.41   M2.21     1.17
DAILY AVG.      0.07               0.14   M0.07     0.04
DAYS >= .01        9                8.3     0.7        9
DAYS >= .10        6                5.6     0.4        3
DAYS >= .50        1                2.8    M1.8        1
DAYS >= 1.00       0                1.6    M1.6        0
GREATEST
 24 HR. TOTAL   1.12   03/16 TO 03/17               0.69  03/03 TO 03/03

SNOWFALL (INCHES)
RECORDS
 TOTAL            MM   MM
 24 HR TOTAL      MM
 SNOW DEPTH       MM   MM
TOTALS           0.0                0.0     0.0      0.0
SINCE 7/1        0.0                0.1    M0.1       MM
SNOWDEPTH AVG.     0                                   0
DAYS >= TRACE      0                0.0     0.0        0
DAYS >= 1.0        0                0.0     0.0        0
GREATEST
 SNOW DEPTH        0                                   0  MM
 24 HR TOTAL     0.0                                 0.0  03/31 TO 03/31

DEGREE DAYS
HEATING TOTAL     35                167    M132      190
 SINCE 7/1      1139               1502    M363     1338
COOLING TOTAL    210                 58     152       65
 SINCE 1/1       272                 89     183      132
................................................................

WIND (MPH)
AVERAGE WIND SPEED              8.2
HIGHEST WIND SPEED/DIRECTION    30/030    DATE  03/04
HIGHEST GUST SPEED/DIRECTION    39/020    DATE  03/04

SKY COVER
POSSIBLE SUNSHINE (PERCENT)   MM
AVERAGE SKY COVER           0.57
NUMBER OF DAYS FAIR            7
NUMBER OF DAYS PC             15
NUMBER OF DAYS CLOUDY          9

AVERAGE RH (PERCENT)     72

WEATHER CONDITIONS. NUMBER OF DAYS WITH
THUNDERSTORM              2     MIXED PRECIP               0
HEAVY RAIN                3     RAIN                       3
LIGHT RAIN               12     FREEZING RAIN              0
LT FREEZING RAIN          0     HAIL                       0
HEAVY SNOW                0     SNOW                       0
LIGHT SNOW                0     SLEET                      0
FOG                      22     FOG W/VIS <= 1/4 MILE      1
HAZE                      9

M  INDICATES NEGATIVE NUMBERS.
R  INDICATES RECORD WAS SET OR TIED.
MM INDICATES DATA IS MISSING.
T  INDICATES TRACE AMOUNT.

$$


USA.gov is the U.S. government's official web portal to all federal, state and local government web resources and services.
  • National Weather Service
  • WSO Pago Pago Weather Service Office
  • Pago Pago, AS
  • (684) 699-9130
  • Page Author: PPG Webmaster
  • Incorrect Region Format!
  • Web Master's E-mail:
  • Page last modified: Mar 10th, 2020 21:02 UTC