000
CXUS51 KBTV 011448
CLMBTV

CLIMATE REPORT
NATIONAL WEATHER SERVICE BURLINGTON VT
948 AM EST SUN MAR 01 2020

...................................

...THE BURLINGTON VT CLIMATE SUMMARY FOR THE MONTH OF FEBRUARY 2020...

CLIMATE NORMAL PERIOD: 1981 TO 2010
CLIMATE RECORD PERIOD: 1884 TO 2020

WEATHER         OBSERVED          NORMAL  DEPART   LAST YEAR`S
                VALUE   DATE(S)   VALUE   FROM     VALUE DATE(S)
                                          NORMAL
................................................................
TEMPERATURE (F)
RECORD
 HIGH             72   02/25/2017
 LOW             -30   02/12/1979
HIGHEST           51   02/24         28      23       53  02/05
LOWEST           -10   02/15          9     -19       -5  02/02
AVG. MAXIMUM    33.0               30.6     2.4     30.9
AVG. MINIMUM    16.7               12.5     4.2     13.5
MEAN            24.9               21.5     3.4     22.2
DAYS MAX >= 90     0                0.0     0.0        0
DAYS MAX <= 32    10               15.6    -5.6       13
DAYS MIN <= 32    27               25.9     1.1       27
DAYS MIN <= 0      5                5.0     0.0        4

PRECIPITATION (INCHES)
RECORD
 MAXIMUM        5.38   1981
 MINIMUM        0.21   1978
TOTALS          2.36               1.76    0.60     2.34
DAILY AVG.      0.08                NAN     NAN     0.08
DAYS >= .01       13               11.2     1.8       15
DAYS >= .10        5                4.4     0.6        8
DAYS >= .50        2                0.9     1.1        1
DAYS >= 1.00       0                0.2    -0.2        0
GREATEST
 24 HR. TOTAL   0.92   02/06 TO 02/07               0.51  02/12 TO 02/12
 STORM TOTAL    0.89                                  MM
 (MM/DD(HH))            MM

SNOWFALL (INCHES)
RECORDS
 TOTAL          43.1   2011
TOTALS          21.4               16.4     5.0     17.3
SINCE 7/1       63.0               60.8     2.2       MM
SNOWDEPTH AVG.     9                                   8
DAYS >= 1.0        3                4.5    -1.5        4
GREATEST
 SNOW DEPTH       MM                                  14  02/03
 24 HR TOTAL      MM                                 4.9  02/12 TO 02/12

DEGREE DAYS
HEATING TOTAL   1158               1216     -58     1192
 SINCE 7/1      4974               5491    -517     5388
COOLING TOTAL      0                  0       0        0
 SINCE 1/1         0                  0       0        0
................................................................

WIND (MPH)
AVERAGE WIND SPEED              8.0
HIGHEST WIND SPEED/DIRECTION    30/190    DATE  02/16
HIGHEST GUST SPEED/DIRECTION    38/190    DATE  02/10
                                38/200          02/16

SKY COVER
POSSIBLE SUNSHINE (PERCENT)   MM
AVERAGE SKY COVER           0.71
NUMBER OF DAYS FAIR            3
NUMBER OF DAYS PC              9
NUMBER OF DAYS CLOUDY         17

AVERAGE RH (PERCENT)     68

WEATHER CONDITIONS. NUMBER OF DAYS WITH
THUNDERSTORM              0     MIXED PRECIP               0
HEAVY RAIN                0     RAIN                       1
LIGHT RAIN                2     FREEZING RAIN              0
LT FREEZING RAIN          3     HAIL                       0
HEAVY SNOW                1     SNOW                       4
LIGHT SNOW               21     SLEET                      3
FOG                      14     FOG W/VIS <= 1/4 MILE      2
HAZE                      9

-  INDICATES NEGATIVE NUMBERS.
R  INDICATES RECORD WAS SET OR TIED.
MM INDICATES DATA IS MISSING.
T  INDICATES TRACE AMOUNT.

$$


USA.gov is the U.S. government's official web portal to all federal, state and local government web resources and services.
  • National Weather Service
  • WSO Pago Pago Weather Service Office
  • Pago Pago, AS
  • (684) 699-9130
  • Page Author: PPG Webmaster
  • Incorrect Region Format!
  • Web Master's E-mail:
  • Page last modified: Mar 10th, 2020 21:02 UTC