000
CXUS52 KCAE 011631
CLMCAE


CLIMATE REPORT
NATIONAL WEATHER SERVICE COLUMBIA SC
1128 AM EST SUN MAR 1 2020

...................................

...THE COLUMBIA METRO AIRPORT SC CLIMATE SUMMARY FOR THE MONTH OF FEBRUARY 2020...

CLIMATE NORMAL PERIOD 1981 TO 2010
CLIMATE RECORD PERIOD 1887 TO 2020

WEATHER         OBSERVED          NORMAL  DEPART
                 VALUE   DATE(S)  VALUE   FROM
                                          NORMAL
................................................
TEMPERATURE (F)
RECORD
 HIGH              84   02/20/2014
                        02/28/2011
                        02/27/1997
 LOW               -2   02/14/1899
HIGHEST            79   02/03        MM      MM
LOWEST             23   02/22        MM      MM
AVG. MAXIMUM     61.7              60.3     1.4
AVG. MINIMUM     41.7              36.8     4.9
MEAN             51.7              48.5     3.2
DAYS MAX >= 90      0               0.0     0.0
DAYS MAX <= 32      0               0.0     0.0
DAYS MIN <= 32      7               9.5    -2.5
DAYS MIN <= 0       0               0.0     0.0

PRECIPITATION (INCHES)
RECORD
 MAXIMUM         9.39   1939
 MINIMUM         0.49   1938
TOTALS           5.48              3.61    1.87
DAILY AVG.       0.19                MM      MM
DAYS >= .01         9               9.1    -0.1
DAYS >= .10         9               5.9     3.1
DAYS >= .50         3               2.6     0.4
DAYS >= 1.00        1               1.0     0.0
GREATEST
 24 HR. TOTAL    2.26   02/06 TO 02/06
 STORM TOTAL       MM
 (MM/DD(HH))            MM

SNOWFALL (INCHES)
RECORDS
 TOTAL           16.0   1973
TOTALS            0.0               0.5    -0.5
SINCE 7/1         0.0               1.4    -1.4
DAYS >= TRACE       0               0.3    -0.3
DAYS >= 1.0         0               0.1    -0.1
GREATEST
 SNOW DEPTH         0   MM

DEGREE_DAYS
HEATING TOTAL     389               463     -74
 SINCE 7/1       1706              2113    -407
COOLING TOTAL      11                 3       8
 SINCE 1/1         24                 4      20

FREEZE DATES
RECORD
 EARLIEST     10/15/1991
 LATEST       04/03/1964
EARLIEST                        11/05
LATEST                          03/22
.................................................

WIND (MPH)
AVERAGE WIND SPEED              6.8
RESULTANT WIND SPEED/DIRECTION   3/248
HIGHEST WIND SPEED/DIRECTION    43/260    DATE  02/13
HIGHEST GUST SPEED/DIRECTION    62/250    DATE  02/13

SKY COVER
POSSIBLE SUNSHINE (PERCENT)   MM
AVERAGE SKY COVER           0.60
NUMBER OF DAYS FAIR            8
NUMBER OF DAYS PC              9
NUMBER OF DAYS CLOUDY         12

AVERAGE RH (PERCENT)     68

WEATHER CONDITIONS. NUMBER OF DAYS WITH
  0
  8
  0
  0
  0
  0
  3
HAZE                      5

-  INDICATES NEGATIVE NUMBERS.
R  INDICATES RECORD WAS SET OR TIED.
MM INDICATES DATA IS MISSING.
T  INDICATES TRACE AMOUNT.

$$


USA.gov is the U.S. government's official web portal to all federal, state and local government web resources and services.
  • National Weather Service
  • WSO Pago Pago Weather Service Office
  • Pago Pago, AS
  • (684) 699-9130
  • Page Author: PPG Webmaster
  • Incorrect Region Format!
  • Web Master's E-mail:
  • Page last modified: Mar 10th, 2020 21:02 UTC