000
CXUS55 KGJT 011205
CLMCAG


CLIMATE REPORT
NATIONAL WEATHER SERVICE GRAND JUNCTION CO
542 AM MDT WED APR 1 2020

...................................

...THE CRAIG CO CLIMATE SUMMARY FOR THE MONTH OF MARCH 2020...

CLIMATE NORMAL PERIOD 1981 TO 2010
CLIMATE RECORD PERIOD 9999 TO 9999

WEATHER         OBSERVED          NORMAL  DEPART  LAST YEAR`S
                 VALUE   DATE(S)  VALUE   FROM    VALUE  DATE(S)
                                          NORMAL
................................................................
TEMPERATURE (F)
HIGHEST            61   03/31        MM      MM       57  03/28
                                                          03/27
LOWEST             -2   03/03        MM      MM      -12  03/05
AVG. MAXIMUM     45.9              45.5     0.4     38.7
AVG. MINIMUM     22.4              19.2     3.2     14.1
MEAN             34.2              32.3     1.9     26.4
DAYS MAX >= 90      0               0.0     0.0        0
DAYS MAX <= 32      1               3.4    -2.4        6
DAYS MIN <= 32     30              29.6     0.4       30
DAYS MIN <= 0       2               1.6     0.4        6

PRECIPITATION (INCHES)
TOTALS           1.33              1.29    0.04     2.04
DAILY AVG.       0.04              0.04    0.00     0.07
DAYS >= .01        12                MM      MM       13
DAYS >= .10         6                MM      MM        5
DAYS >= .50         0                MM      MM        1
DAYS >= 1.00        0                MM      MM        0
GREATEST
 24 HR. TOTAL    0.27   03/08 TO 03/08              0.60

SNOWFALL (INCHES)
TOTALS             MM                MM      MM       MM
SINCE 7/1          MM                MM      MM       MM
SNOWDEPTH AVG.     MM                MM      MM       MM
DAYS >= 1.0        MM                MM      MM       MM
GREATEST
 SNOW DEPTH        MM                                 MM  MM
 24 HR TOTAL       MM                                 MM

DEGREE_DAYS
HEATING TOTAL     949              1012     -63     1187
 SINCE 7/1       7520              7338     182     7366
COOLING TOTAL       0                 0       0        0
 SINCE 1/1          0                 0       0        0
.................................................................

WIND (MPH)
AVERAGE WIND SPEED              5.6
HIGHEST WIND SPEED/DIRECTION    39/230    DATE  03/26
HIGHEST GUST SPEED/DIRECTION    52/240    DATE  03/26

SKY COVER
POSSIBLE SUNSHINE (PERCENT)   MM
AVERAGE SKY COVER           0.50
NUMBER OF DAYS FAIR            9
NUMBER OF DAYS PC             12
NUMBER OF DAYS CLOUDY         10

AVERAGE RH (PERCENT)     70

WEATHER CONDITIONS. NUMBER OF DAYS WITH
THUNDERSTORM              1     MIXED PRECIP                0
HEAVY RAIN                2     RAIN                        3
LIGHT RAIN               10     FREEZING RAIN               0
LT FREEZING RAIN          0     HAIL                        0
HEAVY SNOW                0     SNOW                        3
LIGHT SNOW               13     SLEET                       0
FOG                      14     FOG W/VIS <= 1/4 MILE       2
HAZE                      4

-  INDICATES NEGATIVE NUMBERS.
R  INDICATES RECORD WAS SET OR TIED.
MM INDICATES DATA IS MISSING.
T  INDICATES TRACE AMOUNT.

$$





USA.gov is the U.S. government's official web portal to all federal, state and local government web resources and services.
  • National Weather Service
  • WSO Pago Pago Weather Service Office
  • Pago Pago, AS
  • (684) 699-9130
  • Page Author: PPG Webmaster
  • Incorrect Region Format!
  • Web Master's E-mail:
  • Page last modified: Mar 10th, 2020 21:02 UTC