000
CXUS51 KCAR 020101
CLMCAR

CLIMATE REPORT...PRELIM
NATIONAL WEATHER SERVICE CARIBOU, ME
749 PM EDT WED APR 1 2020

...................................

...THE CARIBOU ME CLIMATE SUMMARY FOR THE MONTH OF MARCH 2020...

CLIMATE NORMAL PERIOD 1981 TO 2010
CLIMATE RECORD PERIOD 1939 TO 2020

WEATHER         OBSERVED          NORMAL  DEPART  LAST YEAR`S
                 VALUE   DATE(S)  VALUE   FROM    VALUE  DATE(S)
                                          NORMAL
................................................................
TEMPERATURE (F)
RECORD
 HIGH              75   03/21/2012
 LOW              -28   03/02/2001
HIGHEST            48   03/28        MM      MM       56  03/31
                        03/20
LOWEST             -7   03/01        MM      MM      -10  03/07
AVG. MAXIMUM     36.2              33.9     2.3     34.0
AVG. MINIMUM     15.6              15.2     0.4     12.1
MEAN             25.9              24.5     1.4     23.0
DAYS MAX >= 90      0               0.0     0.0        0
DAYS MAX <= 32     11              11.6    -0.6       15
DAYS MIN <= 32     30              29.3     0.7       29
DAYS MIN <= 0       3               4.0    -1.0        6

PRECIPITATION (INCHES)
RECORD
 MAXIMUM         5.27   2008
 MINIMUM         0.66   1965
TOTALS           2.94                      0.43
DAILY AVG.       0.09              0.08    0.01     0.06
DAYS >= .01        14              12.6     1.4       10
DAYS >= .10         9               6.1     2.9        3
DAYS >= .50         2               1.5     0.5        2
DAYS >= 1.00        0               0.3    -0.3        0
GREATEST
 24 HR. TOTAL    0.74   03/13 TO 03/13           03/22 TO 03/22

SNOWFALL (INCHES)
RECORDS
 TOTAL           47.1   1955
TOTALS           18.7              18.3     0.4      7.0
SINCE 7/1       124.1             100.8    23.3    154.0
SNOWDEPTH AVG.     27                16      11       39
DAYS >= 1.0         6               4.5     1.5        2
GREATEST
 SNOW DEPTH        32   03/14                         45  03/07
                                                          03/06
                                                          03/05
 24 HR TOTAL      4.2   03/13 TO 03/13           03/04 TO 03/04

DEGREE_DAYS
HEATING TOTAL    1204              1254     -50     1292
 SINCE 7/1       7510              7975    -465     8122
COOLING TOTAL       0                 0       0        0
 SINCE 1/1          0                 0       0        0
.................................................................

WIND (MPH)
AVERAGE WIND SPEED              8.2
HIGHEST WIND SPEED/DIRECTION    29/140    DATE  03/13
HIGHEST GUST SPEED/DIRECTION    38/300    DATE  03/21

SKY COVER
POSSIBLE SUNSHINE (PERCENT)   MM
AVERAGE SKY COVER           0.50
NUMBER OF DAYS FAIR           12
NUMBER OF DAYS PC              6
NUMBER OF DAYS CLOUDY         13

AVERAGE RH (PERCENT)     65

WEATHER CONDITIONS. NUMBER OF DAYS WITH
  0
  2
  1
  0
  5
  0
  2
HAZE                      2

-  INDICATES NEGATIVE NUMBERS.
R  INDICATES RECORD WAS SET OR TIED.
MM INDICATES DATA IS MISSING.
T  INDICATES TRACE AMOUNT.

&&

...MONTHLY CLIMATE NARRATIVE FOR NORTHERN AND EASTERN MAINE...

MARCH 2020 FINISHED WITH ABOVE AVERAGE TEMPERATURES, SLIGHTLY BELOW
AVERAGE PRECIPITATION, MOSTLY BELOW AVERAGE SNOWFALL, AND A STEEP
NORTH TO SOUTH DIFFERENCE IN SNOW PACK.

TEMPERATURES ACROSS THE REGION MOSTLY AVERAGED 1 TO 2 DEGREES ABOVE
AVERAGE, EXCEPT 3 TO 5 DEGREES ABOVE AVERAGE OVER THE LOWER
PENOBSCOT VALLEY AND DOWNEAST AREAS. AT BANGOR, MARCH 2020 WITH AN
AVERAGE OF 34.4 DEGREES WAS 4.2 DEGREES ABOVE AVERAGE FINISHING 12TH
WARMEST, BUT WELL BELOW THE WARMEST MARCH OF RECORD OF 40.1 DEGREES
RECORDED IN 1936. OVERALL, THERE WERE A LOT OF UPS AND DOWNS WITH
DAILY TEMPERATURES, BUT NO PROLONGED COLD OR WARM SPELLS. COLDEST
MORNINGS WERE THE 1ST, 2ND, AND 23RD WHICH FEATURED BELOW ZERO
MORNINGS ACROSS THE NORTH WITH ONE RECORD TYING LOW AT CARIBOU WITH
-6 DEGREES F ON THE 23RD. MILDER 40S AND 50S DAYTIME HIGH TEMPS
OCCURRED MORE FREQUENTLY IN MID TO LATE MARCH BETWEEN INTERMITTENT
COLD SPELLS, BUT OVERALL, THERE WAS NOT MUCH TOTAL RANGE BETWEEN
COLDEST AND WARMEST TEMPERATURES THIS MARCH COMPARED TO OTHER
MARCHES.

PRECIPITATION WAS GENERALLY ONLY 75 TO 100 PERCENT AVERAGE, WITH NOT
MUCH IN THE WAY OF NOTEWORTHY EVENTS. THIS ALSO REFLECTED IN
SNOWFALL WHICH WAS CAPPED AT ABOUT 100 PERCENT OF NORMAL ACROSS THE
FAR NORTH. AS HAS BEEN THE CASE MOST OF THIS PAST WINTER, MOST LOW
PRESSURE SYSTEMS TRAVERSED DIRECTLY ACROSS THE REGION FROM THE WEST,
ALLOWING LESS SNOW OVER CENTRAL AND ESPECIALLY DOWNEAST AREAS WHERE
WARMER AIR CHANGED SNOW TO RAIN BEFORE MUCH SNOW ACCUMULATION
OCCURRED.

REGARDING SNOW PACK, IT WAS A TALE OF TWO CITIES IF ONE COMPARED
BANGOR WHICH ONLY AVERAGED 0.3 INCHES OF SNOW ON THE GROUND (ABOUT 6
INCHES BELOW AVERAGE) TO CARIBOU WHICH AVERAGED 27.4 INCHES (ABOUT
10 INCHES ABOVE AVERAGE) FOR THE MONTH. MOST DAYS AT BANGOR RECORDED
NO SNOW ON THE GROUND, BUT THE SINGLE SIGNIFICANT SNOW EVENT ON THE
23RD AND 24TH RESULTED IN A MAXIMUM SNOW DEPTH OF 7 INCHES ON THE
24TH. AT CARIBOU, SNOW DEPTH RANGED FROM MINIMUM OF 23 INCHES ON THE
31ST TO A MAXIMUM OF 32 INCHES ON THE 14TH. THE CUTOFF OF STEADY
SNOWPACK THIS MONTH RAN JUST SOUTH OF A DOVER-FOXCROFT, MILLINOCKET,
DANFORTH LINE.

$$

VJN


USA.gov is the U.S. government's official web portal to all federal, state and local government web resources and services.
  • National Weather Service
  • WSO Pago Pago Weather Service Office
  • Pago Pago, AS
  • (684) 699-9130
  • Page Author: PPG Webmaster
  • Incorrect Region Format!
  • Web Master's E-mail:
  • Page last modified: Mar 10th, 2020 21:02 UTC