000
CXUS56 KMTR 010848
CLMCCR

CLIMATE REPORT
NATIONAL WEATHER SERVICE SAN FRANCISCO BAY AREA
148 AM PDT WED APR 01 2020

...................................

...THE CONCORD AIRPORT CLIMATE SUMMARY FOR THE MONTH OF MARCH 2020...

CLIMATE NORMAL PERIOD: 1981 TO 2010
CLIMATE RECORD PERIOD: 1999 TO 2020

WEATHER         OBSERVED          NORMAL  DEPART   LAST YEAR`S
                VALUE   DATE(S)   VALUE   FROM     VALUE DATE(S)
                                          NORMAL
................................................................
TEMPERATURE (F)
RECORD
 HIGH             86   03/29/2018
 LOW              34   03/02/2012
HIGHEST           79   03/04                          76  03/31
                                                          03/18
LOWEST            36   03/26                          37  03/14
                                                          03/13
AVG. MAXIMUM    64.0                                64.7
AVG. MINIMUM    45.1                                45.3
MEAN            54.6                                55.0
DAYS MAX >= 90     0                                   0
DAYS MAX <= 32     0                                   0
DAYS MIN <= 32     0                                   0
DAYS MIN <= 0      0                                   0

PRECIPITATION (INCHES)
TOTALS          1.70R              2.37   -0.67     3.40
DAILY AVG.      0.05                                0.11
DAYS >= .01        8                                  14
DAYS >= .10        6                                  11
DAYS >= .50        0                                   3
DAYS >= 1.00       0                                   0
GREATEST
 24 HR. TOTAL   0.46   03/14 TO 03/15               0.57  03/06 TO 03/06


DEGREE DAYS
HEATING TOTAL    316                                 303
 SINCE 7/1      1722                                1745
COOLING TOTAL      0                                   0
 SINCE 1/1         0                                   0
................................................................

WIND (MPH)
AVERAGE WIND SPEED              6.2
RESULTANT WIND SPEED/DIRECTION   2/220
HIGHEST WIND SPEED/DIRECTION    24/010    DATE  03/02
                                24/210          03/13
HIGHEST GUST SPEED/DIRECTION    47/210    DATE  03/03

SKY COVER
POSSIBLE SUNSHINE (PERCENT)   MM
AVERAGE SKY COVER           0.44
NUMBER OF DAYS FAIR           15
NUMBER OF DAYS PC              7
NUMBER OF DAYS CLOUDY          9

AVERAGE RH (PERCENT)     66

WEATHER CONDITIONS. NUMBER OF DAYS WITH
THUNDERSTORM              0     MIXED PRECIP               0
HEAVY RAIN                3     RAIN                       4
LIGHT RAIN                9     FREEZING RAIN              0
LT FREEZING RAIN          0     HAIL                       0
HEAVY SNOW                0     SNOW                       0
LIGHT SNOW                0     SLEET                      0
FOG                       9     FOG W/VIS <= 1/4 MILE      0
HAZE                      4

-  INDICATES NEGATIVE NUMBERS.
R  INDICATES RECORD WAS SET OR TIED.
MM INDICATES DATA IS MISSING.
T  INDICATES TRACE AMOUNT.

$$



USA.gov is the U.S. government's official web portal to all federal, state and local government web resources and services.
  • National Weather Service
  • WSO Pago Pago Weather Service Office
  • Pago Pago, AS
  • (684) 699-9130
  • Page Author: PPG Webmaster
  • Incorrect Region Format!
  • Web Master's E-mail:
  • Page last modified: Mar 10th, 2020 21:02 UTC