000
CXUS53 KPAH 012216
CLMCGI

CLIMATE REPORT
NATIONAL WEATHER SERVICE PADUCAH
416 PM CST SUN MAR 01 2020

...................................

...THE CAPE GIRARDEAU MO CLIMATE SUMMARY FOR THE MONTH OF FEBRUARY 2020...

CLIMATE NORMAL PERIOD 1981 TO 2010
CLIMATE RECORD PERIOD 1960 TO 2020

WEATHER         OBSERVED          NORMAL  DEPART   LAST YEAR`S
                VALUE   DATE(S)   VALUE   FROM     VALUE
                                          NORMAL
..............................................................
TEMPERATURE (F)
RECORD
 HIGH             79   02/13/1962
 LOW             -14   02/19/2015
HIGHEST           64   02/03                          67
LOWEST            12   02/14                          18
AVG. MAXIMUM    47.9               47.8     0.1     50.0
AVG. MINIMUM    31.2               28.0     3.2     32.1
MEAN            39.6               37.9     1.7     41.1
DAYS MAX >= 90     0                0.0     0.0        0
DAYS MAX <= 32     1                2.4    -1.4        1
DAYS MIN <= 32    15               18.7    -3.7       18
DAYS MIN <= 0      0                0.4    -0.4        0

PRECIPITATION (INCHES)
RECORD
 MAXIMUM        9.66   1989
 MINIMUM        0.90   1963
TOTALS          4.97               3.41    1.56     7.31
DAILY AVG.      0.17                NAN     NAN     0.26
DAYS >= .01       14                8.7     5.3       14
DAYS >= .10        7                5.7     1.3       10
DAYS >= .50        5                2.2     2.8        6
DAYS >= 1.00       1                1.0     0.0        3
GREATEST
 24 HR. TOTAL   1.43   02/04 TO 02/04


DEGREE DAYS
HEATING TOTAL    730                759     -29      664
 SINCE 7/1      3162               3543    -381     3312
..............................................................

WIND (MPH)
AVERAGE WIND SPEED              9.2
HIGHEST WIND SPEED/DIRECTION    28/200    DATE  02/09
HIGHEST GUST SPEED/DIRECTION    42/210    DATE  02/09

SKY COVER
POSSIBLE SUNSHINE (PERCENT)   MM
AVERAGE SKY COVER           0.55
NUMBER OF DAYS FAIR           11
NUMBER OF DAYS PC              6
NUMBER OF DAYS CLOUDY         12

AVERAGE RH (PERCENT)     73

WEATHER CONDITIONS. NUMBER OF DAYS WITH
THUNDERSTORM              1     MIXED PRECIP               0
HEAVY RAIN                4     RAIN                       7
LIGHT RAIN               13     FREEZING RAIN              0
LT FREEZING RAIN          0     HAIL                       0
HEAVY SNOW                0     SNOW                       0
LIGHT SNOW                2     SLEET                      0
FOG                      16     FOG W/VIS <= 1/4 MILE      0
HAZE                      3

-  INDICATES NEGATIVE NUMBERS.
R  INDICATES RECORD WAS SET OR TIED.
MM INDICATES DATA IS MISSING.
T  INDICATES TRACE AMOUNT.

$$


USA.gov is the U.S. government's official web portal to all federal, state and local government web resources and services.
  • National Weather Service
  • WSO Pago Pago Weather Service Office
  • Pago Pago, AS
  • (684) 699-9130
  • Page Author: PPG Webmaster
  • Incorrect Region Format!
  • Web Master's E-mail:
  • Page last modified: Mar 10th, 2020 21:02 UTC