000
CXUS54 KMRX 011638
CLMCHA


CLIMATE REPORT
NATIONAL WEATHER SERVICE MORRISTOWN TN
1138 AM EST SUN MAR 1 2020

...................................

...THE CHATTANOOGA  ASOS CLIMATE SUMMARY FOR THE MONTH OF FEBRUARY 2020...

CLIMATE NORMAL PERIOD 1981 TO 2010
CLIMATE RECORD PERIOD 1879 TO 2020

WEATHER         OBSERVED          NORMAL  DEPART
                 VALUE   DATE(S)  VALUE   FROM
                                          NORMAL
................................................
TEMPERATURE (F)
HIGHEST            74   02/03
LOWEST             25   02/15
AVG. MAXIMUM     56.7              54.8     1.9
AVG. MINIMUM     38.8              34.0     4.8
MEAN             47.7              44.4     3.3
DAYS MAX >= 90      0
DAYS MAX <= 32      0
DAYS MIN <= 32      8
DAYS MIN <= 0       0

PRECIPITATION (INCHES)
RECORD
 MAXIMUM        12.30   1939
 MINIMUM         0.62   1941
TOTALS          11.45              4.84    6.61
DAYS >= .01        15
DAYS >= .10        11
DAYS >= .50         8
DAYS >= 1.00        4
GREATEST
 24 HR. TOTAL    2.31   02/05 TO 02/05

SNOWFALL (INCHES)
TOTALS            2.7               0.6     2.1
SINCE 7/1         3.0
SNOWDEPTH AVG.      0
DAYS >= TRACE       4
GREATEST
 SNOW DEPTH         1   02/08

DEGREE_DAYS
HEATING TOTAL     494               577     -83
 SINCE 7/1       2062              2639    -577
COOLING TOTAL       0                 0       0
 SINCE 1/1          0                 0       0
.................................................


WEATHER CONDITIONS. NUMBER OF DAYS WITH
THUNDERSTORM              2     RAIN                       9
SNOW                      2     FOG                       19
FOG W/VIS <= 1/4 MILE     3

-  INDICATES NEGATIVE NUMBERS.
R  INDICATES RECORD WAS SET OR TIED.
MM INDICATES DATA IS MISSING.
T  INDICATES TRACE AMOUNT.

$$


USA.gov is the U.S. government's official web portal to all federal, state and local government web resources and services.
  • National Weather Service
  • WSO Pago Pago Weather Service Office
  • Pago Pago, AS
  • (684) 699-9130
  • Page Author: PPG Webmaster
  • Incorrect Region Format!
  • Web Master's E-mail:
  • Page last modified: Mar 10th, 2020 21:02 UTC