000
CXUS52 KCHS 010822
CLMCHS

CAECLMCHS 000
TTAA00 KCHS 010820


CLIMATE REPORT
NATIONAL WEATHER SERVICE CHARLESTON SC
419 AM EDT WED APR 1 2020

...................................

...THE NORTH CHARLESTON SC CLIMATE SUMMARY FOR THE MONTH OF MARCH 2020...

CLIMATE NORMAL PERIOD 1981 TO 2010
CLIMATE RECORD PERIOD 1938 TO 2020

WEATHER         OBSERVED          NORMAL  DEPART  LAST YEAR`S
                 VALUE   DATE(S)  VALUE   FROM    VALUE  DATE(S)
                                          NORMAL
................................................................
TEMPERATURE (F)
RECORD
 HIGH              90   03/21/2017
                        03/10/1974
                        03/18/1963
 LOW               15   03/03/1980
HIGHEST            88   03/21                         83  03/10
LOWEST             31   03/01                         30  03/06
AVG. MAXIMUM     74.5              69.6     4.9     69.8
AVG. MINIMUM     54.3              46.7     7.6     46.4
MEAN             64.4              58.1     6.3     58.1
DAYS MAX >= 90      0               0.0     0.0        0
DAYS MAX <= 32      0               0.0     0.0        0
DAYS MIN <= 32      2               1.5     0.5        2
DAYS MIN <= 0       0               0.0     0.0        0

PRECIPITATION (INCHES)
RECORD
 MAXIMUM        11.11   1983
                        1959
 MINIMUM         0.36   2004
TOTALS           3.84              3.71    0.13     0.69
DAYS >= .01        10               7.9     2.1        6
DAYS >= .10         6               5.1     0.9        3
DAYS >= .50         3               2.4     0.6        0
DAYS >= 1.00        1               1.3    -0.3        0
GREATEST
 24 HR. TOTAL    1.81   03/04 TO 03/05

SNOWFALL (INCHES)
TOTALS            0.0               0.0     0.0
SINCE 7/1         0.0               0.5    -0.5

DEGREE_DAYS
HEATING TOTAL     115               239    -124      227
 SINCE 7/1       1414              1875    -461     1495
COOLING TOTAL     102                27      75       20
 SINCE 1/1        152                34     118       36
.................................................................

WIND (MPH)
AVERAGE WIND SPEED              8.3
HIGHEST WIND SPEED/DIRECTION    31/340
HIGHEST GUST SPEED/DIRECTION    41/350


WEATHER CONDITIONS. NUMBER OF DAYS WITH
THUNDERSTORM              1     MIXED PRECIP               0
HEAVY RAIN                4     RAIN                       7
LIGHT RAIN               14     FREEZING RAIN              0
LT FREEZING RAIN          0     HAIL                       0
HEAVY SNOW                0     SNOW                       0
LIGHT SNOW                0     SLEET                      0
FOG                      17     FOG W/VIS <= 1/4 MILE      0
HAZE                      2

-  INDICATES NEGATIVE NUMBERS.
R  INDICATES RECORD WAS SET OR TIED.
MM INDICATES DATA IS MISSING.
T  INDICATES TRACE AMOUNT.

&&

RECORDS ESTABLISHED AT THE CHARLESTON INTERNATIONAL AIRPORT DURING
THE MONTH:

*3RD WARMEST MARCH ON RECORD
*MAR 21 - RECORD HIGH MINIMUM TEMPERATURE OF 67 DEGREES
*MAR 27 - RECORD HIGH TEMPERATURE OF 87 DEGREES
*MAR 29 - RECORD HIGH TEMPERATURE OF 87 DEGREES

$$


USA.gov is the U.S. government's official web portal to all federal, state and local government web resources and services.
  • National Weather Service
  • WSO Pago Pago Weather Service Office
  • Pago Pago, AS
  • (684) 699-9130
  • Page Author: PPG Webmaster
  • Incorrect Region Format!
  • Web Master's E-mail:
  • Page last modified: Mar 10th, 2020 21:02 UTC