000
CXUS53 KDVN 010922
CLMCID


CLIMATE REPORT
NATIONAL WEATHER SERVICE QUAD CITIES IA IL
412 AM CDT WED APR 1 2020

...................................

...THE CEDAR RAPIDS IA CLIMATE SUMMARY FOR THE MONTH OF MARCH 2020...

CLIMATE NORMAL PERIOD 1981 TO 2010
CLIMATE RECORD PERIOD 1891 TO 2020

WEATHER         OBSERVED          NORMAL  DEPART
                 VALUE   DATE(S)  VALUE   FROM
                                          NORMAL
................................................
TEMPERATURE (F)
RECORD
 HIGH              88   03/29/1986
 LOW              -15   03/03/2014
HIGHEST            70   03/08        54      16
LOWEST             22   03/15        21       1
AVG. MAXIMUM     49.8              46.5     3.3
AVG. MINIMUM     31.5              26.7     4.8
MEAN             40.6              36.6     4.0
DAYS MAX >= 90      0
DAYS MAX <= 32      0
DAYS MIN <= 32     21
DAYS MIN <= 0       0

PRECIPITATION (INCHES)
TOTALS           2.50              2.10    0.40
DAILY AVG.       0.08              0.07    0.01
DAYS >= .01         8
DAYS >= .10         6
DAYS >= .50         2
DAYS >= 1.00        0
GREATEST
 24 HR. TOTAL    0.69   03/09 TO 03/09

DEGREE_DAYS
HEATING TOTAL     749               881    -132
 SINCE 7/1       5866              6164    -298
COOLING TOTAL       0                 0       0
 SINCE 1/1          0                 0       0
.................................................

WIND (MPH)
AVERAGE WIND SPEED              11.7
HIGHEST WIND SPEED/DIRECTION    40/290    DATE  03/29
HIGHEST GUST SPEED/DIRECTION    54/290    DATE  03/29

SKY COVER
POSSIBLE SUNSHINE (PERCENT)   MM
AVERAGE SKY COVER           0.60
NUMBER OF DAYS FAIR           10
NUMBER OF DAYS PC              9
NUMBER OF DAYS CLOUDY         12

AVERAGE RH (PERCENT)     75

WEATHER CONDITIONS. NUMBER OF DAYS WITH
THUNDERSTORM              4     HAIL                     0
SLEET                     0     FOG                     17
FOG W/VIS <= 1/4 MILE     5     HAZE                     8

-  INDICATES NEGATIVE NUMBERS.
R  INDICATES RECORD WAS SET OR TIED.
MM INDICATES DATA IS MISSING.
T  INDICATES TRACE AMOUNT.

$$



USA.gov is the U.S. government's official web portal to all federal, state and local government web resources and services.
  • National Weather Service
  • WSO Pago Pago Weather Service Office
  • Pago Pago, AS
  • (684) 699-9130
  • Page Author: PPG Webmaster
  • Incorrect Region Format!
  • Web Master's E-mail:
  • Page last modified: Mar 10th, 2020 21:02 UTC