000
CXUS51 KRLX 030354
CLMCKB


CLIMATE REPORT
NATIONAL WEATHER SERVICE CHARLESTON WV
1152 PM EDT THU APR 2 2020

...................................

...THE CLARKSBURG WV CLIMATE SUMMARY FOR THE MONTH OF MARCH 2020...

CLIMATE NORMAL PERIOD 1981 TO 2010
CLIMATE RECORD PERIOD 1922 TO 2020

WEATHER         OBSERVED          NORMAL  DEPART  LAST YEAR`S
                 VALUE   DATE(S)  VALUE   FROM    VALUE
                                          NORMAL
.............................................................
TEMPERATURE (F)
RECORD
 HIGH              88   MM
 LOW               14   03/06/2019
                        03/05/2019
                        03/15/2017
HIGHEST            86   03/28                         81
LOWEST             20   03/01                         14
AVG. MAXIMUM     60.5              51.9     8.6     52.5
AVG. MINIMUM     40.5              31.6     8.9     31.3
MEAN             50.5              41.7     8.8     41.9
DAYS MAX >= 90      0               0.0     0.0        0
DAYS MAX <= 32      0               2.2    -2.2        3
DAYS MIN <= 32      5              17.6   -12.6       17
DAYS MIN <= 0       0               0.0     0.0        0

PRECIPITATION (INCHES)
RECORD
 MAXIMUM         8.89   1994
                        1963
 MINIMUM         1.06   1966
TOTALS           3.43              4.00   -0.57     1.43
DAILY AVG.       0.11              0.13   -0.02     0.05
DAYS >= .01        18                MM      MM       12
DAYS >= .10        13                MM      MM        5
DAYS >= .50         0                MM      MM        0
DAYS >= 1.00        0                MM      MM        0
GREATEST
 24 HR. TOTAL    0.43   03/25 TO 03/25

DEGREE_DAYS
HEATING TOTAL     456               721    -265      687
 SINCE 7/1       3559              4682   -1123     4103
COOLING TOTAL      12                 1      11        1
 SINCE 1/1         15                 1      14        1
..............................................................

WIND (MPH)
AVERAGE WIND SPEED              6.8
HIGHEST WIND SPEED/DIRECTION    35/240    DATE  03/29
HIGHEST GUST SPEED/DIRECTION    49/220    DATE  03/29

SKY COVER
POSSIBLE SUNSHINE (PERCENT)   MM
AVERAGE SKY COVER           0.60
NUMBER OF DAYS FAIR            6
NUMBER OF DAYS PC             12
NUMBER OF DAYS CLOUDY         13

AVERAGE RH (PERCENT)     60

-  INDICATES NEGATIVE NUMBERS.
R  INDICATES RECORD WAS SET OR TIED.
MM INDICATES DATA IS MISSING.
T  INDICATES TRACE AMOUNT.

$$




USA.gov is the U.S. government's official web portal to all federal, state and local government web resources and services.
  • National Weather Service
  • WSO Pago Pago Weather Service Office
  • Pago Pago, AS
  • (684) 699-9130
  • Page Author: PPG Webmaster
  • Incorrect Region Format!
  • Web Master's E-mail:
  • Page last modified: Mar 10th, 2020 21:02 UTC