000
CXUS51 KCLE 011554
CLMCLE


CLIMATE REPORT
NATIONAL WEATHER SERVICE CLEVELAND OH
1143 AM EDT WED APR 1 2020

...................................

...THE CLEVELAND OH CLIMATE SUMMARY FOR THE MONTH OF MARCH 2020...

CLIMATE NORMAL PERIOD 1981 TO 2010
CLIMATE RECORD PERIOD 1871 TO 2020

WEATHER         OBSERVED          NORMAL  DEPART  LAST YEAR`S
                 VALUE   DATE(S)  VALUE   FROM    VALUE
                                          NORMAL
.............................................................
TEMPERATURE (F)
RECORD
 HIGH              88   03/09/2018
 LOW               -5   03/09/1984
                        03/12/1948
HIGHEST            71   03/29
LOWEST             17   03/01
AVG. MAXIMUM     52.8              46.6     6.2     44.1
AVG. MINIMUM     35.5              30.2     5.3     27.6
MEAN             44.2              38.4     5.8     35.9
DAYS MAX >= 90      0               0.0     0.0        0
DAYS MAX <= 32      0               3.6    -3.6        5
DAYS MIN <= 32     10              18.9    -8.9       23
DAYS MIN <= 0       0               0.0     0.0        0

PRECIPITATION (INCHES)
RECORD
 MAXIMUM         8.31   1913
 MINIMUM         0.41   1910
TOTALS           5.36              2.93    2.43     3.09
DAYS >= .01        20              14.2     5.8       17
DAYS >= .10        12               7.8     4.2        6
DAYS >= .50         3               1.6     1.4        2
DAYS >= 1.00        1               0.2     0.8        1
GREATEST
 24 HR. TOTAL    1.34   03/28 TO 03/28              1.08

SNOWFALL (INCHES)
RECORDS
 TOTAL           30.4   2008
TOTALS              T              12.6   -12.6      6.6
SINCE 7/1        30.1              64.8   -34.7     35.2
DAYS >= 1.0         0               3.6    -3.6        2
GREATEST
 24 HR TOTAL        T   03/21 TO 03/21

DEGREE_DAYS
HEATING TOTAL     639               826    -187      894
 SINCE 7/1       4306              5043    -737     4992
COOLING TOTAL       0                 1      -1        0
 SINCE 1/1          0                 1      -1        0
..............................................................

WIND (MPH)
AVERAGE WIND SPEED              10.0
HIGHEST WIND SPEED/DIRECTION    39/240    DATE  03/29
HIGHEST GUST SPEED/DIRECTION    53/260    DATE  03/03

SKY COVER
AVERAGE SKY COVER           0.80

AVERAGE RH (PERCENT)     70

WEATHER CONDITIONS. NUMBER OF DAYS WITH
THUNDER 3
FOG 19
DENSE FOG 2
HAZE 4

-  INDICATES NEGATIVE NUMBERS.
R  INDICATES RECORD WAS SET OR TIED.
MM INDICATES DATA IS MISSING.
T  INDICATES TRACE AMOUNT.

$$



USA.gov is the U.S. government's official web portal to all federal, state and local government web resources and services.
  • National Weather Service
  • WSO Pago Pago Weather Service Office
  • Pago Pago, AS
  • (684) 699-9130
  • Page Author: PPG Webmaster
  • Incorrect Region Format!
  • Web Master's E-mail:
  • Page last modified: Mar 10th, 2020 21:02 UTC