000
CXUS54 KHGX 010818
CLMCLL

CLIMATE REPORT
NATIONAL WEATHER SERVICE HOUSTON/GALVESTON TX
308 AM CDT WED APR 1 2020

...................................

...THE COLLEGE STATION CLIMATE SUMMARY FOR THE MONTH OF MARCH 2020...

CLIMATE NORMAL PERIOD 1981 TO 2010
CLIMATE RECORD PERIOD 1902 TO 2020

WEATHER         OBSERVED          NORMAL  DEPART  LAST YEAR`S
                 VALUE   DATE(S)  VALUE   FROM    VALUE  DATE(S)
                                          NORMAL
................................................................
TEMPERATURE (F)
RECORD
 HIGH              96   03/30/1946
 LOW               17   03/05/2002
                        03/05/1989
                        03/03/1943
HIGHEST            89   03/27        MM      MM       84  03/09
LOWEST             48   03/07        MM      MM       26  03/05
AVG. MAXIMUM     78.2              71.7     6.5     69.5
AVG. MINIMUM     60.8              51.0     9.8     50.3
MEAN             69.5              61.4     8.1     59.9
DAYS MAX >= 90      0               0.1    -0.1        0
DAYS MAX <= 32      0               0.0     0.0        0
DAYS MIN <= 32      0               0.9    -0.9        3
DAYS MIN <= 0       0               0.0     0.0        0

PRECIPITATION (INCHES)
RECORD
 MAXIMUM         8.66   2012
 MINIMUM         0.29   1971
TOTALS           2.49              3.17   -0.68     1.25
DAILY AVG.       0.08              0.10   -0.02     0.04
DAYS >= .01         8               8.3    -0.3        5
DAYS >= .10         4               4.9    -0.9        3
DAYS >= .50         2               2.2    -0.2        2
DAYS >= 1.00        0               1.1    -1.1        0
GREATEST
 24 HR. TOTAL    0.86   03/20 TO 03/20

SNOWFALL (INCHES)
RECORDS
 TOTAL            0.1   2008
TOTALS            0.0               0.0     0.0      0.0
SINCE 7/1         0.0                 T     0.0        T
SNOWDEPTH AVG.      0                MM      MM        0
DAYS >= 1.0         0               0.0     0.0        0
GREATEST
 SNOW DEPTH         0   MM                             0  MM
 24 HR TOTAL      0.0   03/31 TO 03/31

DEGREE_DAYS
HEATING TOTAL      35               172    -137      205
 SINCE 7/1       1162              1559    -397     1651
COOLING TOTAL     181                59     122       54
 SINCE 1/1        220                87     133       83
.................................................................

WIND (MPH)
AVERAGE WIND SPEED              9.5
HIGHEST WIND SPEED/DIRECTION    37/050    DATE  03/04
HIGHEST GUST SPEED/DIRECTION    52/050    DATE  03/04

SKY COVER
AVERAGE SKY COVER           0.60

AVERAGE RH (PERCENT)     74

WEATHER CONDITIONS. NUMBER OF DAYS WITH
THUNDERSTORM              5     MIXED PRECIP                0
HEAVY RAIN                3     RAIN                        4
LIGHT RAIN               11     FREEZING RAIN               0
LT FREEZING RAIN          0     HAIL                        0
HEAVY SNOW                0     SNOW                        0
LIGHT SNOW                0     SLEET                       0
FOG                      23     FOG W/VIS <= 1/4 MILE       3
HAZE                      5

-  INDICATES NEGATIVE NUMBERS.
R  INDICATES RECORD WAS SET OR TIED.
MM INDICATES DATA IS MISSING.
T  INDICATES TRACE AMOUNT.

$$



USA.gov is the U.S. government's official web portal to all federal, state and local government web resources and services.
  • National Weather Service
  • WSO Pago Pago Weather Service Office
  • Pago Pago, AS
  • (684) 699-9130
  • Page Author: PPG Webmaster
  • Incorrect Region Format!
  • Web Master's E-mail:
  • Page last modified: Mar 10th, 2020 21:02 UTC