000
CXUS51 KILN 010559
CLMCMH


CLIMATE REPORT
NATIONAL WEATHER SERVICE WILMINGTON OH
151 AM EDT WED APR 1 2020

...................................

...THE COLUMBUS CLIMATE SUMMARY FOR THE MONTH OF MARCH 2020...

CLIMATE NORMAL PERIOD 1981 TO 2010
CLIMATE RECORD PERIOD 1869 TO 2020

WEATHER         OBSERVED          NORMAL  DEPART  LAST YEAR`S
                 VALUE   DATE(S)  VALUE   FROM    VALUE  DATE(S)
                                          NORMAL
................................................................
TEMPERATURE (F)
RECORD
 HIGH              85   03/22/2012
                        03/21/2012
 LOW               -6   03/09/1984
HIGHEST            76   03/28        50      26       75  03/14
LOWEST             19   03/01        31     -12        7  03/05
AVG. MAXIMUM     55.4              51.1     4.3     47.5
AVG. MINIMUM     37.6              32.7     4.9     28.7
MEAN             46.5              41.9     4.6     38.1
DAYS MAX >= 90      0               0.0     0.0        0
DAYS MAX <= 32      0               1.8    -1.8        3
DAYS MIN <= 32     12              15.3    -3.3       21
DAYS MIN <= 0       0               0.0     0.0        0

PRECIPITATION (INCHES)
TOTALS           8.16              3.02    5.14     5.33
DAILY AVG.       0.26              0.10    0.16     0.17
DAYS >= .01        20              12.8     7.2       11
DAYS >= .10        13               7.1     5.9        8
DAYS >= .50         4               1.9     2.1        3
DAYS >= 1.00        3               0.4     2.6        2
GREATEST
 24 HR. TOTAL    2.89   03/20 TO 03/20

SNOWFALL (INCHES)
TOTALS            0.6               4.2    -3.6      2.0
SINCE 7/1        11.7              25.6   -13.9     27.4
DAYS >= TRACE       4               4.5    -0.5        7
DAYS >= 1.0         0               1.1    -1.1        1
GREATEST
 24 HR TOTAL      0.6   03/14 TO 03/14

DEGREE_DAYS
HEATING TOTAL     563               716    -153      825
 SINCE 7/1       4210              4711    -501     4749
COOLING TOTAL       0                 0       0        0
 SINCE 1/1          0                 0       0        0
.................................................................

WIND (MPH)
AVERAGE WIND SPEED              9.0
RESULTANT WIND SPEED/DIRECTION   2/266
HIGHEST WIND SPEED/DIRECTION    41/280    DATE  03/03
HIGHEST GUST SPEED/DIRECTION    51/300    DATE  03/03

SKY COVER
AVERAGE SKY COVER           0.80

AVERAGE RH (PERCENT)     67

WEATHER CONDITIONS. NUMBER OF DAYS WITH
THUNDERSTORM              4     MIXED PRECIP                0
HEAVY RAIN                6     RAIN                        9
LIGHT RAIN               25     FREEZING RAIN               0
LT FREEZING RAIN          0     HAIL                        0
HEAVY SNOW                0     SNOW                        0
LIGHT SNOW                4     SLEET                       0
FOG                      19     FOG W/VIS <= 1/4 MILE       1
HAZE                      5

-  INDICATES NEGATIVE NUMBERS.
R  INDICATES RECORD WAS SET OR TIED.
MM INDICATES DATA IS MISSING.
T  INDICATES TRACE AMOUNT.

$$



USA.gov is the U.S. government's official web portal to all federal, state and local government web resources and services.
  • National Weather Service
  • WSO Pago Pago Weather Service Office
  • Pago Pago, AS
  • (684) 699-9130
  • Page Author: PPG Webmaster
  • Incorrect Region Format!
  • Web Master's E-mail:
  • Page last modified: Mar 10th, 2020 21:02 UTC