000
CXUS53 KILX 011817
CLMCMI


CLIMATE REPORT
NATIONAL WEATHER SERVICE LINCOLN IL
108 PM CDT WED APR 1 2020

...................................

...THE CHAMPAIGN IL AIRPORT CLIMATE SUMMARY FOR THE MONTH OF MARCH 2020...

CLIMATE NORMAL PERIOD 1981 TO 2010
CLIMATE RECORD PERIOD 9999 TO 9999

WEATHER         OBSERVED          NORMAL  DEPART  LAST YEAR`S
                 VALUE   DATE(S)  VALUE   FROM    VALUE
                                          NORMAL
.............................................................
TEMPERATURE (F)
RECORD
 HIGH              MM   MM
 LOW               MM   MM
HIGHEST            69   03/28        MM      MM       69
LOWEST             19   03/07        MM      MM       -3
AVG. MAXIMUM     52.1              50.7     1.4     46.1
AVG. MINIMUM     34.9              30.6     4.3     27.1
MEAN             43.5              40.6     2.9     36.6
DAYS MAX >= 90      0               0.0     0.0        0
DAYS MAX <= 32      0               1.6    -1.6        5
DAYS MIN <= 32     13              18.5    -5.5       23
DAYS MIN <= 0       0               0.0     0.0        1

PRECIPITATION (INCHES)
RECORD
 MAXIMUM           MM   MM
 MINIMUM           MM   MM
TOTALS           2.83              2.75    0.08     4.38
DAILY AVG.       0.09              0.09    0.00     0.15
DAYS >= .01        13                MM      MM       11
DAYS >= .10         7                MM      MM        8
DAYS >= .50         2                MM      MM        4
DAYS >= 1.00        0                MM      MM        1
GREATEST
 24 HR. TOTAL    0.61   03/09 TO 03/09              1.13

DEGREE_DAYS
HEATING TOTAL     659               756     -97      872
 SINCE 7/1       4928              5258    -330     5397
COOLING TOTAL       0                 1      -1        0
 SINCE 1/1          0                 1      -1        0
..............................................................

WIND (MPH)
AVERAGE WIND SPEED              12.2
HIGHEST WIND SPEED/DIRECTION    37/240    DATE  03/29
HIGHEST GUST SPEED/DIRECTION    52/250    DATE  03/29

AVERAGE RH (PERCENT)     78

WEATHER CONDITIONS. NUMBER OF DAYS WITH
THUNDERSTORM              2     MIXED PRECIP               0
HEAVY RAIN                3     RAIN                       8
LIGHT RAIN               15     FREEZING RAIN              0
LT FREEZING RAIN          1     HAIL                       0
HEAVY SNOW                2     SNOW                       2
LIGHT SNOW                3     SLEET                      0
FOG                      21     FOG W/VIS <= 1/4 MILE      6
HAZE                      1

-  INDICATES NEGATIVE NUMBERS.
R  INDICATES RECORD WAS SET OR TIED.
MM INDICATES DATA IS MISSING.
T  INDICATES TRACE AMOUNT.

$$



USA.gov is the U.S. government's official web portal to all federal, state and local government web resources and services.
  • National Weather Service
  • WSO Pago Pago Weather Service Office
  • Pago Pago, AS
  • (684) 699-9130
  • Page Author: PPG Webmaster
  • Incorrect Region Format!
  • Web Master's E-mail:
  • Page last modified: Mar 10th, 2020 21:02 UTC