000
CXUS53 KICT 011543
CLMCNU

CLIMATE REPORT
NATIONAL WEATHER SERVICE WICHITA KS
936 AM CST SUN MAR 1 2020

...................................

...THE CHANUTE KS CLIMATE SUMMARY FOR THE MONTH OF FEBRUARY 2020...

CLIMATE NORMAL PERIOD 1981 TO 2010
CLIMATE RECORD PERIOD 1894 TO 2020

WEATHER         OBSERVED          NORMAL  DEPART  LAST YEAR`S
                 VALUE   DATE(S)  VALUE   FROM    VALUE  DATE(S)
                                          NORMAL
................................................................
TEMPERATURE (F)
RECORD
 HIGH              83   02/12/1962
 LOW              -16   02/10/2011
                        02/03/2011
HIGHEST            74   02/02                         69  02/03
LOWEST              9   02/13                          8  02/08
AVG. MAXIMUM     49.8              47.9     1.9     43.4
AVG. MINIMUM     28.1              26.9     1.2     25.5
MEAN             38.9              37.4     1.5     34.4
DAYS MAX >= 90      0               0.0     0.0        0
DAYS MAX <= 32      2               3.1    -1.1        8
DAYS MIN <= 32     23              19.8     3.2       23
DAYS MIN <= 0       0               0.5    -0.5        0

PRECIPITATION (INCHES)
RECORD
 MAXIMUM         8.26   1911
 MINIMUM         0.00   2006
                        1904
TOTALS           2.35              1.90    0.45     1.30
DAILY AVG.       0.08              0.07    0.01     0.05
DAYS >= .01        10               6.3     3.7        7
DAYS >= .10         4               3.9     0.1        6
DAYS >= .50         2               1.0     1.0        0
DAYS >= 1.00        1               0.6     0.4        0
GREATEST
 24 HR. TOTAL    1.28   02/23 TO 02/23

DEGREE_DAYS
HEATING TOTAL     746               773     -27      850
 SINCE 7/1       3229              3595    -366     3669
COOLING TOTAL       0                 0       0        0
.................................................................

WIND (MPH)
AVERAGE WIND SPEED              9.5
HIGHEST WIND SPEED/DIRECTION    26/350    DATE  02/13
HIGHEST GUST SPEED/DIRECTION    37/180    DATE  02/09

SKY COVER
POSSIBLE SUNSHINE (PERCENT)   MM
AVERAGE SKY COVER           0.40
NUMBER OF DAYS FAIR           15
NUMBER OF DAYS PC              8
NUMBER OF DAYS CLOUDY          6

AVERAGE RH (PERCENT)     65

-  INDICATES NEGATIVE NUMBERS.
R  INDICATES RECORD WAS SET OR TIED.
MM INDICATES DATA IS MISSING.
T  INDICATES TRACE AMOUNT.

$$


USA.gov is the U.S. government's official web portal to all federal, state and local government web resources and services.
  • National Weather Service
  • WSO Pago Pago Weather Service Office
  • Pago Pago, AS
  • (684) 699-9130
  • Page Author: PPG Webmaster
  • Incorrect Region Format!
  • Web Master's E-mail:
  • Page last modified: Mar 10th, 2020 21:02 UTC