000
CXUS51 KGYX 020944
CLMCON

PWMCLMCON 000
TTAA00 KGYX 020535


CLIMATE REPORT
NATIONAL WEATHER SERVICE GRAY ME
544 AM EDT THU APR 2 2020

...................................

...THE CONCORD NH CLIMATE SUMMARY FOR THE MONTH OF MARCH 2020...

CLIMATE NORMAL PERIOD 1981 TO 2010
CLIMATE RECORD PERIOD 1868 TO 2020

WEATHER         OBSERVED          NORMAL  DEPART  LAST YEAR`S
                 VALUE   DATE(S)  VALUE   FROM    VALUE  DATE(S)
                                          NORMAL
................................................................
TEMPERATURE (F)
RECORD
 HIGH              89   03/31/1998
 LOW              -20   03/06/1869
HIGHEST            71   03/09        67       4       65  03/31
LOWEST             13   03/16         0      13       -8  03/07
AVG. MAXIMUM     49.1              43.8     5.3     42.2
AVG. MINIMUM     26.4              22.5     3.9     20.2
MEAN             37.8              33.1     4.7     31.2
DAYS MAX >= 90      0               0.0     0.0        0
DAYS MAX <= 32      1               3.5    -2.5        3
DAYS MIN <= 32     25              26.1    -1.1       28
DAYS MIN <= 0       0               0.8    -0.8        3

PRECIPITATION (INCHES)
RECORD
 MAXIMUM         9.80   1936
 MINIMUM            T   1915
TOTALS           2.62              3.27   -0.65     1.73
DAILY AVG.       0.08              0.11   -0.03     0.06
DAYS >= .01         9              11.5    -2.5        8
DAYS >= .10         4               6.7    -2.7        6
DAYS >= .50         3               2.1     0.9        1
DAYS >= 1.00        0               0.6    -0.6        0
GREATEST
 24 HR. TOTAL    0.84   03/29

SNOWFALL (INCHES)
RECORDS
 TOTAL           38.3   1956
TOTALS            7.6              11.1    -3.5      8.9
SINCE 7/1        46.1              58.6   -12.5     52.5
SNOWDEPTH AVG.      1
DAYS >= TRACE       6               5.3     0.7        8
DAYS >= 1.0         1               2.9    -1.9        3
GREATEST
 SNOW DEPTH         6   03/24
 24 HR TOTAL      7.0   03/23 TO 03/24

DEGREE_DAYS
HEATING TOTAL     839               987    -148     1039
 SINCE 7/1       5798              6247    -449     6247
COOLING TOTAL       0                 0       0        0
 SINCE 1/1          0                 0       0        0
.................................................................

WIND (MPH)
AVERAGE WIND SPEED              7.2
HIGHEST WIND SPEED/DIRECTION    32/270    DATE  03/04
HIGHEST GUST SPEED/DIRECTION    49/290    DATE  03/13

SKY COVER
AVERAGE SKY COVER           0.40

AVERAGE RH (PERCENT)     58


-  INDICATES NEGATIVE NUMBERS.
R  INDICATES RECORD WAS SET OR TIED.
MM INDICATES DATA IS MISSING.
T  INDICATES TRACE AMOUNT.

&&

MARCH CONTINUED THE WINTER TREND OF MILD WEATHER PUNCTUATED BY BRIEF
PERIODS OF COOLER CONDITIONS. MUCH OF THE FIRST HALF OF THE MONTH
WAS WARMER THAN NORMAL, OFTEN SIGNIFICANTLY SO. THE WARMEST
TEMPERATURE WAS 71 DEGREES ON THE 9TH. THE LAST OF THE WINTER SNOW
COVER WAS GONE BY THE MORNING OF THE 11TH. THERE WERE A FEW COOLER
DAYS IN THE MIDDLE OF THE MONTH ALONG WITH SOME RAIN AND SNOW. A
LATE SEASON WINTER STORM DROPPED 7 INCHES OF SNOW ON THE 23RD AND
24TH, BUT THE LATE MARCH SUN AND MILD WEATHER MEANT THAT THIS SNOW
DID NOT STICK AROUND LONG.

THE AVERAGE TEMPERATURE FOR THE MONTH WAS 37.8 DEGREES WHICH WAS 4.7
DEGREES ABOVE NORMAL AND THE WARMEST SINCE 2016. THE WARMEST MARCH
WAS IN 2012 WHEN THE AVERAGE TEMPERATURE WAS 42.1 DEGREES. THE
COOLEST WAS IN 1885 AT 23.5 DEGREES.

A TOTAL OF 2.62 INCHES OF PRECIPITATION FELL WHICH WAS 0.65 INCHES
DRIER THAN NORMAL. THE HEAVIEST PRECIPITATION WAS ON THE 23RD AND
24TH WHEN 0.78 INCHES OF RAIN AND MELTED SNOW FELL. THE WETTEST
MARCH WAS IN 1936 WHEN 9.80 INCHES WAS MEASURED. THE DRIEST WAS IN
1915 WHEN ONLY A TRACE OF PRECIPITATION WAS RECORDED.

A TOTAL OF 7.6 INCHES OF SNOW FELL WHICH WAS 3.5 INCHES BELOW NORMAL
AND THE LEAST SNOWY SINCE 2016. THE HEAVIEST SNOW FELL ON THE 23RD
AND 24TH WHEN 7.0 INCHES WAS RECORDED. THE SNOWIEST MARCH WAS IN
1956 WHEN 38.3 INCHES FELL. NO SNOW FELL IN MARCH 1921. AN
ADDITIONAL 3 YEARS RECORDED ONLY A TRACE OF SNOW IN MARCH, MOST
RECENTLY IN 2010.

THE FOLLOWING RECORDS WERE SET OR TIED IN MARCH 2020...
DATE  RECORD                                PREVIOUS
3     62   - WARMEST HIGH TEMPERATURE       62 IN 1880 (TIED)

$$

KIMBLE


USA.gov is the U.S. government's official web portal to all federal, state and local government web resources and services.
  • National Weather Service
  • WSO Pago Pago Weather Service Office
  • Pago Pago, AS
  • (684) 699-9130
  • Page Author: PPG Webmaster
  • Incorrect Region Format!
  • Web Master's E-mail:
  • Page last modified: Mar 10th, 2020 21:02 UTC