000
CXUS55 KPUB 011656
CLMCOS

CLIMATE REPORT
NATIONAL WEATHER SERVICE
1056 AM MDT WED APR 01 2020

...................................

...THE COLORADO SPRINGS CO CLIMATE SUMMARY FOR THE MONTH OF MARCH 2020...

CLIMATE NORMAL PERIOD: 1981 TO 2010
CLIMATE RECORD PERIOD: 1872 TO 2020

WEATHER         OBSERVED          NORMAL  DEPART   LAST YEAR`S
                VALUE   DATE(S)   VALUE   FROM     VALUE DATE(S)
                                          NORMAL
................................................................
TEMPERATURE (F)
RECORD
 HIGH             81   03/26/1971
 LOW             -16   03/02/1943
HIGHEST           70   03/08         55      15       76  03/28
                       03/11
LOWEST            18   03/21         21      -3        1  03/04
AVG. MAXIMUM    56.7               52.1     4.6     49.4
AVG. MINIMUM    29.5               26.0     3.5     24.4
MEAN            43.1               39.1     4.0     36.9
DAYS MAX >= 90     0                0.0     0.0
DAYS MAX <= 32     0                2.1    -2.1
DAYS MIN <= 32    23               23.8    -0.8
DAYS MIN <= 0      0                0.1    -0.1

PRECIPITATION (INCHES)
RECORD
 MAXIMUM        3.03   1906
 MINIMUM           T   1946
TOTALS          0.99               1.00   -0.01     1.22
DAILY AVG.      0.03               0.03    0.00
DAYS >= .01        8                7.6     0.4
DAYS >= .10        3                2.7     0.3
DAYS >= .50        0                0.4    -0.4
DAYS >= 1.00       0                0.1    -0.1
GREATEST
 24 HR. TOTAL   0.34   03/19 TO 03/19               0.53

SNOWFALL (INCHES)
RECORDS
 TOTAL          30.2   1909
TOTALS           7.7                8.1    -0.4      7.4
SINCE 7/1       47.0               32.1    14.9       MM
SNOWDEPTH AVG.     0
DAYS >= 1.0        3                2.4     0.6
GREATEST
 SNOW DEPTH        4   03/01                           4
                       03/02
 24 HR TOTAL     4.7   03/01 TO 03/02                4.1

DEGREE DAYS
HEATING TOTAL    668                805    -137      861
 SINCE 7/1      5079               5369    -290     5227
COOLING TOTAL      0                  0       0        0
 SINCE 1/1         0                  0       0        0
................................................................

WIND (MPH)
AVERAGE WIND SPEED              10.0
HIGHEST WIND SPEED/DIRECTION    44/260    DATE  03/25
HIGHEST GUST SPEED/DIRECTION    59/270    DATE  03/25

SKY COVER
POSSIBLE SUNSHINE (PERCENT)   MM
AVERAGE SKY COVER           0.53
NUMBER OF DAYS FAIR            5
NUMBER OF DAYS PC             18
NUMBER OF DAYS CLOUDY          8

AVERAGE RH (PERCENT)     51

WEATHER CONDITIONS. NUMBER OF DAYS WITH
THUNDERSTORM              0     MIXED PRECIP               3
HEAVY RAIN                0     RAIN                       1
LIGHT RAIN                8     FREEZING RAIN              0
LT FREEZING RAIN          4     HAIL                       0
HEAVY SNOW                2     SNOW                       4
LIGHT SNOW                7     SLEET                      0
FOG                       9     FOG W/VIS <= 1/4 MILE      6
HAZE                      5

-  INDICATES NEGATIVE NUMBERS.
R  INDICATES RECORD WAS SET OR TIED.
MM INDICATES DATA IS MISSING.
T  INDICATES TRACE AMOUNT.

$$


USA.gov is the U.S. government's official web portal to all federal, state and local government web resources and services.
  • National Weather Service
  • WSO Pago Pago Weather Service Office
  • Pago Pago, AS
  • (684) 699-9130
  • Page Author: PPG Webmaster
  • Incorrect Region Format!
  • Web Master's E-mail:
  • Page last modified: Mar 10th, 2020 21:02 UTC