000
CXUS53 KLSX 031801 CCA
CLMCOU

CLIMATE REPORT
NATIONAL WEATHER SERVICE ST LOUIS MO
1226 PM CST SUN MAR 01 2020

...................................

...THE COLUMBIA ASOS CLIMATE SUMMARY FOR THE MONTH OF FEBRUARY 2020...

CLIMATE NORMAL PERIOD 1981 TO 2010
CLIMATE RECORD PERIOD 1890 TO 2020

WEATHER         OBSERVED          NORMAL  DEPART   LAST YEAR`S
                VALUE   DATE(S)   VALUE   FROM     VALUE
                                          NORMAL
..............................................................
TEMPERATURE (F)
RECORD
 HIGH             82   02/29/1972
 LOW             -26   02/12/1899
HIGHEST           72   02/03                          67
LOWEST             0   02/14                           6
AVG. MAXIMUM    43.7               43.9    -0.2     40.6
AVG. MINIMUM    26.2               24.9     1.3     23.9
MEAN            35.0               34.4     0.6     32.2
DAYS MAX >= 90     0                0.0     0.0        0
DAYS MAX <= 32     4                5.5    -1.5        7
DAYS MIN <= 32    21               20.7     0.3       25
DAYS MIN <= 0      1                0.5     0.5        0

PRECIPITATION (INCHES)
RECORD
 MAXIMUM        6.80   1892
 MINIMUM        0.11   2006
TOTALS          2.31               2.25    0.06     2.20
DAILY AVG.      0.08               0.08    0.00     0.08
DAYS >= .01        9                8.0     1.0       12
DAYS >= .10        5                4.3     0.7        7
DAYS >= .50        1                1.4    -0.4        1
DAYS >= 1.00       0                0.7    -0.7        0
GREATEST
 24 HR. TOTAL   0.92   02/23 TO 02/24

SNOWFALL (INCHES)
RECORDS
 TOTAL          23.3   2011
 24 HR TOTAL    17.7   02/01/2011 TO 02/02/2011
TOTALS           5.8                4.7     1.1      3.9
SINCE 7/1       19.6               16.1     3.5     26.1
DAYS >= 1.0        2                                   1
GREATEST
 SNOW DEPTH        2
 24 HR TOTAL     2.4

DEGREE DAYS
HEATING TOTAL    863                883     -20      911
 SINCE 7/1      3700               3946    -246     3982
COOLING TOTAL      0                  0       0        0
 SINCE 1/1         0                  0       0        0
..............................................................

WIND (MPH)
HIGHEST WIND SPEED/DIRECTION    26/310    DATE  02/13
HIGHEST GUST SPEED/DIRECTION    34/320    DATE  02/13
                                34/340          02/26

SKY COVER
NUMBER OF DAYS FAIR           12
NUMBER OF DAYS PC              8
NUMBER OF DAYS CLOUDY          9


WEATHER CONDITIONS. NUMBER OF DAYS WITH
THUNDERSTORM              0     MIXED PRECIP               0
HEAVY RAIN                1     RAIN                       1
LIGHT RAIN                7     FREEZING RAIN              1
LT FREEZING RAIN          1     HAIL                       0
HEAVY SNOW                0     SNOW                       2
LIGHT SNOW                7     SLEET                      0
FOG                      14     FOG W/VIS <= 1/4 MILE      2
HAZE                      5

-  INDICATES NEGATIVE NUMBERS.
R  INDICATES RECORD WAS SET OR TIED.
MM INDICATES DATA IS MISSING.
T  INDICATES TRACE AMOUNT.


...MONTHLY...

NO RECORDS OF NOTE.

...DAILY...

RECORD HIGH TEMPERATURE OF 72 DEGREES SET ON 02/03. PREVIOUS 70 SET IN 1890.

$$



USA.gov is the U.S. government's official web portal to all federal, state and local government web resources and services.
  • National Weather Service
  • WSO Pago Pago Weather Service Office
  • Pago Pago, AS
  • (684) 699-9130
  • Page Author: PPG Webmaster
  • Incorrect Region Format!
  • Web Master's E-mail:
  • Page last modified: Mar 10th, 2020 21:02 UTC