000
CXUS52 KILM 031203
CLMCRE

CLIMATE REPORT
NATIONAL WEATHER SERVICE WILMINGTON NC
803 AM EDT SAT OCT 03 2020

...................................

...THE N.MYRTLE BEACH SOUTH CAROLINA CLIMATE SUMMARY FOR THE MONTH OF SEPTEMBER 2020...

CLIMATE NORMAL PERIOD 1981 TO 2010
CLIMATE RECORD PERIOD 1931 TO 2020

WEATHER         OBSERVED          NORMAL  DEPART   LAST YEAR`S
                VALUE   DATE(S)   VALUE   FROM     VALUE DATE(S)
                                          NORMAL
................................................................
TEMPERATURE (F)
RECORD
 HIGH             95   09/03/2010
 LOW              46   09/26/1950
HIGHEST           94   09/04         MM      MM       91  09/29
                                                          09/17
LOWEST            51   09/23         MM      MM       59  09/22
                                                          09/19
AVG. MAXIMUM    83.5               83.4     0.1     85.8
AVG. MINIMUM    69.0               66.9     2.1     70.9
MEAN            76.2               75.1     1.1     78.3
DAYS MAX >= 90     6                1.0     5.0        4
DAYS MAX <= 32     0                0.0     0.0        0
DAYS MIN <= 32     0                0.0     0.0        0
DAYS MIN <= 0      0                0.0     0.0        0

PRECIPITATION (INCHES)
RECORD
 MAXIMUM       23.16   1999
 MINIMUM        0.87   2012
TOTALS          6.81               6.28    0.53    10.90
DAILY AVG.      0.23               0.21    0.02
DAYS >= .01       12                 MM      MM
DAYS >= .10        6                 MM      MM
DAYS >= .50        4                 MM      MM
DAYS >= 1.00       1                 MM      MM
GREATEST
 24 HR. TOTAL   4.12   09/17 TO 09/17


DEGREE DAYS
HEATING TOTAL      3                  4      -1        0
 SINCE 7/1         3                  1       2
COOLING TOTAL    348                308      40      408
 SINCE 1/1      2098               1784     314

FREEZE DATES
RECORD
 EARLIEST     MM
 LATEST       MM
EARLIEST                        01/01
LATEST                          03/29
................................................................

WIND (MPH)
AVERAGE WIND SPEED              7.3
RESULTANT WIND SPEED/DIRECTION   3/040
HIGHEST WIND SPEED/DIRECTION    33/220    DATE  09/29
HIGHEST GUST SPEED/DIRECTION    44/200    DATE  09/29

SKY COVER
AVERAGE SKY COVER           0.39

AVERAGE RH (PERCENT)     79

WEATHER CONDITIONS. NUMBER OF DAYS WITH
THUNDERSTORM              6     MIXED PRECIP              MM
HEAVY RAIN                6     RAIN                       6
LIGHT RAIN               17     FREEZING RAIN              0
LT FREEZING RAIN          0     HAIL                      MM
HEAVY SNOW                0     SNOW                       0
LIGHT SNOW                0     SLEET                     MM
FOG                      17     FOG W/VIS <= 1/4 MILE      4
HAZE                      0

-  INDICATES NEGATIVE NUMBERS.
R  INDICATES RECORD WAS SET OR TIED.
MM INDICATES DATA IS MISSING.
T  INDICATES TRACE AMOUNT.

$$


USA.gov is the U.S. government's official web portal to all federal, state and local government web resources and services.
  • National Weather Service
  • WSO Pago Pago Weather Service Office
  • Pago Pago, AS
  • (684) 699-9130
  • Page Author: PPG Webmaster
  • Incorrect Region Format!
  • Web Master's E-mail:
  • Page last modified: Mar 10th, 2020 21:02 UTC