000
CXUS52 KILM 031332
CLMCRE


CLIMATE REPORT
NATIONAL WEATHER SERVICE WILMINGTON NC
822 AM EST TUE MAR 3 2020

...................................

...THE N.MYRTLE BEACH SOUTH CAROLINA CLIMATE SUMMARY FOR THE SEASON, FROM
12/1/2019 TO 2/29/2020...

CLIMATE NORMAL PERIOD 1981 TO 2010
CLIMATE RECORD PERIOD 1931 TO 2020

WEATHER         OBSERVED          NORMAL  DEPART  LAST YEAR`S
                 VALUE   DATE(S)  VALUE   FROM    VALUE
                                          NORMAL
.............................................................
TEMPERATURE (F)
RECORD
 HIGH              82
 LOW                7
HIGHEST            76   01/16        MM      MM       74
LOWEST             27   02/22        MM      MM       25
AVG. MAXIMUM     61.9              57.0     4.9     59.6
AVG. MINIMUM     44.3              37.9     6.4     41.8
MEAN             53.1              47.5     5.6     50.7
DAYS MAX >= 90      0               0.0     0.0        0
DAYS MAX <= 32      0               0.0     0.0        0
DAYS MIN <= 32      8              24.9   -16.9       17
DAYS MIN <= 0       0               0.0     0.0        0

PRECIPITATION (INCHES)
TOTALS          13.19             10.57    2.62    10.42
DAILY AVG.       0.14              0.12    0.02     0.11
DAYS >= .01        35                MM      MM       29
DAYS >= .10        22                MM      MM       20
DAYS >= .50         9                MM      MM        7
DAYS >= 1.00        3                MM      MM        2
GREATEST
 24 HR. TOTAL    2.82   MM                          2.55

DEGREE_DAYS
HEATING TOTAL    1078              1583    -505     1275
 SINCE 7/1       1438              1958    -520     1639
COOLING TOTAL      18                 3      15        3
 SINCE 1/1         15                 0      15        3
..............................................................

WIND (MPH)
AVERAGE WIND SPEED              7.9
RESULTANT WIND SPEED/DIRECTION   1/315
HIGHEST WIND SPEED/DIRECTION    46/210    DATE  02/07
HIGHEST GUST SPEED/DIRECTION    61/210    DATE  02/07

SKY COVER
POSSIBLE SUNSHINE (PERCENT)   MM
AVERAGE SKY COVER           0.40
NUMBER OF DAYS FAIR           44
NUMBER OF DAYS PC             26
NUMBER OF DAYS CLOUDY         21

AVERAGE RH (PERCENT)     72

WEATHER CONDITIONS. NUMBER OF DAYS WITH
THUNDERSTORM              3     MIXED PRECIP               M
HEAVY RAIN               14     RAIN                      17
LIGHT RAIN               42     FREEZING RAIN              0
LT FREEZING RAIN          0     HAIL                       M
HEAVY SNOW                0     SNOW                       0
LIGHT SNOW                0     SLEET                      M
FOG                      52     FOG W/VIS <= 1/4 MILE     15
HAZE                      3

-  INDICATES NEGATIVE NUMBERS.
R  INDICATES RECORD WAS SET OR TIED.
MM INDICATES DATA IS MISSING.
T  INDICATES TRACE AMOUNT.

$$



USA.gov is the U.S. government's official web portal to all federal, state and local government web resources and services.
  • National Weather Service
  • WSO Pago Pago Weather Service Office
  • Pago Pago, AS
  • (684) 699-9130
  • Page Author: PPG Webmaster
  • Incorrect Region Format!
  • Web Master's E-mail:
  • Page last modified: Mar 10th, 2020 21:02 UTC