000
CXUS54 KCRP 011907
CLMCRP

SATCLMCRP 000
TTAA00 KCRP 011722


CLIMATE REPORT
NATIONAL WEATHER SERVICE CORPUS CHRISTI TX
1211 PM CDT WED APR 1 2020

...THE CORPUS CHRISTI CLIMATE SUMMARY FOR THE MONTH OF MARCH 2020...

CLIMATE NORMAL PERIOD 1981 TO 2010
CLIMATE RECORD PERIOD 1887 TO 2020

WEATHER         OBSERVED          NORMAL  DEPART  LAST YEAR`S
                 VALUE   DATE(S)  VALUE   FROM    VALUE  DATE(S)
                                          NORMAL
................................................................
TEMPERATURE (F)
RECORD
 HIGH             102   03/30/1989
 LOW               24   03/02/1980
HIGHEST            92   03/27        76      16       90  03/13
LOWEST             47   03/06        56      -9       35  03/05
AVG. MAXIMUM     82.5              75.9     6.6     74.2
AVG. MINIMUM     65.1              56.3     8.8     56.7
MEAN             73.8              66.1     7.7     65.4
DAYS MAX >= 90      2               0.7     1.3        1
DAYS MAX <= 32      0               0.0     0.0        0
DAYS MIN <= 32      0               0.2    -0.2        0
DAYS MIN <= 0       0               0.0     0.0        0

PRECIPITATION (INCHES)
RECORD
 MAXIMUM         7.69   1903
 MINIMUM         0.00   1916
TOTALS           0.26              1.89   -1.63     1.02
DAILY AVG.       0.01              0.06   -0.05     0.03
DAYS >= .01         4               5.3    -1.3        9
DAYS >= .10         1               2.7    -1.7        1
DAYS >= .50         0               1.1    -1.1        1
DAYS >= 1.00        0               0.6    -0.6        0
GREATEST
 24 HR. TOTAL    0.21   03/21 TO 03/21              0.77

SNOWFALL (INCHES)
RECORDS
 TOTAL            0.2   1932
 24 HR TOTAL      0.2   03/10/1932 TO 03/10/1932
TOTALS            0.0               0.0     0.0      0.0
SINCE 7/1         0.0               0.2    -0.2        T
SNOWDEPTH AVG.      0                MM      MM        0
DAYS >= 1.0         0               0.0     0.0        0
GREATEST
 SNOW DEPTH         0   MM                             0
 24 HR TOTAL      0.0   03/31 TO 03/31               0.0

DEGREE_DAYS
HEATING TOTAL      14                81     -67      120
 SINCE 7/1        662               881    -219      844
COOLING TOTAL     297               115     182      140
 SINCE 1/1        436               191     245      221
.................................................................

WIND (MPH)
AVERAGE WIND SPEED              15.3
HIGHEST WIND SPEED/DIRECTION    36/150    DATE  03/27
HIGHEST GUST SPEED/DIRECTION    42/160    DATE  03/27

SKY COVER
AVERAGE SKY COVER           0.90

AVERAGE RH (PERCENT)     75

WEATHER CONDITIONS. NUMBER OF DAYS WITH
THUNDERSTORM              1     MIXED PRECIP                0
HEAVY RAIN                0     RAIN                        1
LIGHT RAIN               12     FREEZING RAIN               0
LT FREEZING RAIN          0     HAIL                        0
HEAVY SNOW                0     SNOW                        0
LIGHT SNOW                0     SLEET                       0
FOG                      21     FOG W/VIS <= 1/4 MILE       6
HAZE                      8

-  INDICATES NEGATIVE NUMBERS.
R  INDICATES RECORD WAS SET OR TIED.
MM INDICATES DATA IS MISSING.
T  INDICATES TRACE AMOUNT.

$$


USA.gov is the U.S. government's official web portal to all federal, state and local government web resources and services.
  • National Weather Service
  • WSO Pago Pago Weather Service Office
  • Pago Pago, AS
  • (684) 699-9130
  • Page Author: PPG Webmaster
  • Incorrect Region Format!
  • Web Master's E-mail:
  • Page last modified: Mar 10th, 2020 21:02 UTC