000
CXUS51 KRLX 030354
CLMCRW


CLIMATE REPORT
NATIONAL WEATHER SERVICE CHARLESTON WV
1152 PM EDT THU APR 2 2020

...................................

...THE CHARLESTON WV CLIMATE SUMMARY FOR THE MONTH OF MARCH 2020...

CLIMATE NORMAL PERIOD 1981 TO 2010
CLIMATE RECORD PERIOD 1901 TO 2020

WEATHER         OBSERVED          NORMAL  DEPART  LAST YEAR`S
                 VALUE   DATE(S)  VALUE   FROM    VALUE
                                          NORMAL
.............................................................
TEMPERATURE (F)
RECORD
 HIGH              92   03/25/1929
 LOW               -5   03/04/1943
HIGHEST            87   03/28                         79
LOWEST             20   03/01                         15
AVG. MAXIMUM     61.6              56.2     5.4     54.2
AVG. MINIMUM     41.5              35.4     6.1     33.5
MEAN             51.6              45.8     5.8     43.8
DAYS MAX >= 90      0               0.0     0.0        0
DAYS MAX <= 32      0               0.8    -0.8        3
DAYS MIN <= 32      5              12.4    -7.4       17
DAYS MIN <= 0       0               0.0     0.0        0

PRECIPITATION (INCHES)
RECORD
 MAXIMUM         8.90   1890
 MINIMUM         0.66   1910
TOTALS           4.30              3.91    0.39     1.59
DAILY AVG.       0.14              0.13    0.01     0.05
DAYS >= .01        20              14.4     5.6       13
DAYS >= .10        15               8.4     6.6        4
DAYS >= .50         1               2.7    -1.7        0
DAYS >= 1.00        1               0.7     0.3        0
GREATEST
 24 HR. TOTAL    1.17   03/12 TO 03/12

SNOWFALL (INCHES)
RECORDS
 TOTAL           21.4   1914
 24 HR TOTAL     17.1   03/13/1993 TO 03/13/1993
 SNOW DEPTH        18   03/14/1993
TOTALS              T               5.8    -5.8      4.5
SINCE 7/1        10.8              35.0   -24.2     11.7
SNOWDEPTH AVG.      0
DAYS >= TRACE       3               3.7    -0.7        8
DAYS >= 1.0         0               1.8    -1.8        2
GREATEST
 24 HR TOTAL        T   03/14 TO 03/14

DEGREE_DAYS
HEATING TOTAL     426               600    -174      648
 SINCE 7/1       3461              4054    -593     3904
COOLING TOTAL      16                 5      11        1
 SINCE 1/1         21                 5      16        1
..............................................................

WIND (MPH)
AVERAGE WIND SPEED              5.8
HIGHEST WIND SPEED/DIRECTION    35/220    DATE  03/29
HIGHEST GUST SPEED/DIRECTION    49/240    DATE  03/29

SKY COVER
POSSIBLE SUNSHINE (PERCENT)   MM
AVERAGE SKY COVER           0.70
NUMBER OF DAYS FAIR            4
NUMBER OF DAYS PC             12
NUMBER OF DAYS CLOUDY         15

AVERAGE RH (PERCENT)     65

-  INDICATES NEGATIVE NUMBERS.
R  INDICATES RECORD WAS SET OR TIED.
MM INDICATES DATA IS MISSING.
T  INDICATES TRACE AMOUNT.

$$



USA.gov is the U.S. government's official web portal to all federal, state and local government web resources and services.
  • National Weather Service
  • WSO Pago Pago Weather Service Office
  • Pago Pago, AS
  • (684) 699-9130
  • Page Author: PPG Webmaster
  • Incorrect Region Format!
  • Web Master's E-mail:
  • Page last modified: Mar 10th, 2020 21:02 UTC