000
CXUS51 KRLX 021649
CLMCRW

CLIMATE REPORT
NATIONAL WEATHER SERVICE CHARLESTON WV
1249 PM EDT FRI OCT 02 2020

...................................

...THE CHARLESTON WV CLIMATE SUMMARY FOR THE MONTH OF SEPTEMBER 2020...

CLIMATE NORMAL PERIOD: 1981 TO 2010
CLIMATE RECORD PERIOD: 1901 TO 2020

WEATHER         OBSERVED          NORMAL  DEPART   LAST YEAR`S
                VALUE   DATE(S)   VALUE   FROM     VALUE
                                          NORMAL
..............................................................
TEMPERATURE (F)
RECORD
 HIGH            104   09/03/1932
                       09/02/1932
                       09/01/1932
 LOW              32   09/29/1942
HIGHEST           88   09/09                          98
                       09/10
LOWEST            41   09/21                          48
AVG. MAXIMUM    78.1               77.8     0.3     88.7
AVG. MINIMUM    57.2               56.9     0.3     61.0
MEAN            67.7               67.3     0.3     74.9
DAYS MAX >= 90     0                1.4    -1.4       15
DAYS MAX <= 32     0                0.0     0.0        0
DAYS MAX >= 80    15                                  MM
DAYS MAX >= 100    0                                  MM
DAYS MIN <= 32     0                0.0     0.0        0
DAYS MIN <= 0      0                0.0     0.0        0
DAYS MIN <= 10     0                                  MM

PRECIPITATION (INCHES)
RECORD
 MAXIMUM       11.62   2018
 MINIMUM        0.46   1908
TOTALS          1.93               3.25   -1.32     0.54
DAILY AVG.      0.06               0.11   -0.05     0.02
DAYS >= .01        8                9.3    -1.3        4
DAYS >= .10        5                6.0    -1.0        2
DAYS >= .50        2                2.2    -0.2        0
DAYS >= 1.00       0                0.8    -0.8        0
GREATEST
 24 HR. TOTAL   0.68   09/03 TO 09/04               0.22

SNOWFALL (INCHES)
RECORDS
 TOTAL            MM   MM
 24 HR TOTAL      MM
 SNOW DEPTH        0   MM
TOTALS           0.0                0.0     0.0      0.0
SINCE 7/1        0.0                0.0     0.0       MM
SNOWDEPTH AVG.     0                                   0
DAYS >= TRACE      0                0.0     0.0        0
DAYS >= 1.0        0                0.0     0.0        0
GREATEST
 SNOW DEPTH        0                                   0
 24 HR TOTAL     0.0                                 0.0

DEGREE DAYS
HEATING TOTAL     54                 56      -2        0
 SINCE 7/1        54                 57      -3        0
COOLING TOTAL    141                127      14      304
 SINCE 1/1      1297               1073     224     1453

FREEZE DATES
RECORD
 EARLIEST     MM
 LATEST       MM
EARLIEST                        MM
LATEST                          05/10
..............................................................

WIND (MPH)
AVERAGE WIND SPEED              3.4
HIGHEST WIND SPEED/DIRECTION    21/220    DATE  09/02
HIGHEST GUST SPEED/DIRECTION    32/300    DATE  09/28

SKY COVER
POSSIBLE SUNSHINE (PERCENT)   MM
AVERAGE SKY COVER           0.53
NUMBER OF DAYS FAIR            9
NUMBER OF DAYS PC             15
NUMBER OF DAYS CLOUDY          6

AVERAGE RH (PERCENT)     73

WEATHER CONDITIONS. NUMBER OF DAYS WITH
THUNDERSTORM              0     MIXED PRECIP               0
HEAVY RAIN                3     RAIN                       1
LIGHT RAIN                8     FREEZING RAIN              0
LT FREEZING RAIN          0     HAIL                       0
HEAVY SNOW                0     SNOW                       0
LIGHT SNOW                0     SLEET                      0
FOG                      24     FOG W/VIS <= 1/4 MILE      4
HAZE                      3

-  INDICATES NEGATIVE NUMBERS.
R  INDICATES RECORD WAS SET OR TIED.
MM INDICATES DATA IS MISSING.
T  INDICATES TRACE AMOUNT.

$$



USA.gov is the U.S. government's official web portal to all federal, state and local government web resources and services.
  • National Weather Service
  • WSO Pago Pago Weather Service Office
  • Pago Pago, AS
  • (684) 699-9130
  • Page Author: PPG Webmaster
  • Incorrect Region Format!
  • Web Master's E-mail:
  • Page last modified: Mar 10th, 2020 21:02 UTC