000
CXUS51 KILN 010559
CLMCVG


CLIMATE REPORT
NATIONAL WEATHER SERVICE WILMINGTON OH
151 AM EDT WED APR 1 2020

...................................

...THE CINCINNATI CLIMATE SUMMARY FOR THE MONTH OF MARCH 2020...

CLIMATE NORMAL PERIOD 1981 TO 2010
CLIMATE RECORD PERIOD 1869 TO 2020

WEATHER         OBSERVED          NORMAL  DEPART  LAST YEAR`S
                 VALUE   DATE(S)  VALUE   FROM    VALUE  DATE(S)
                                          NORMAL
................................................................
TEMPERATURE (F)
RECORD
 HIGH              88   03/25/1929
 LOW              -11   03/03/1980
HIGHEST            81   03/28        52      29       74  03/14
LOWEST             23   03/01        33     -10        8  03/05
AVG. MAXIMUM     58.6              53.2     5.4     50.4
AVG. MINIMUM     39.5              34.0     5.5     31.1
MEAN             49.0              43.6     5.4     40.7
DAYS MAX >= 90      0               0.0     0.0        0
DAYS MAX <= 32      0               1.1    -1.1        3
DAYS MIN <= 32      5              13.7    -8.7       18
DAYS MIN <= 0       0               0.0     0.0        0

PRECIPITATION (INCHES)
TOTALS           5.46              3.96    1.50     5.82
DAILY AVG.       0.18              0.13    0.05     0.19
DAYS >= .01        14              12.5     1.5       11
DAYS >= .10        11               8.2     2.8        7
DAYS >= .50         2               2.4    -0.4        4
DAYS >= 1.00        2               0.9     1.1        3
GREATEST
 24 HR. TOTAL    1.56   03/19 TO 03/19

SNOWFALL (INCHES)
TOTALS              T               3.0    -3.0      3.0
SINCE 7/1        11.2              21.6   -10.4     21.6
DAYS >= TRACE       2               2.4    -0.4        8
DAYS >= 1.0         0               0.9    -0.9        1
GREATEST
 24 HR TOTAL        T   03/14 TO 03/14

DEGREE_DAYS
HEATING TOTAL     491               666    -175      741
 SINCE 7/1       3884              4493    -609     4460
COOLING TOTAL       5                 0       5        0
 SINCE 1/1          5                 0       5        0
.................................................................

WIND (MPH)
AVERAGE WIND SPEED              10.4
RESULTANT WIND SPEED/DIRECTION   2/258
HIGHEST WIND SPEED/DIRECTION    32/240    DATE  03/29
HIGHEST GUST SPEED/DIRECTION    48/240    DATE  03/29

SKY COVER
AVERAGE SKY COVER           0.80

AVERAGE RH (PERCENT)     66

WEATHER CONDITIONS. NUMBER OF DAYS WITH
THUNDERSTORM              3     MIXED PRECIP                0
HEAVY RAIN                6     RAIN                        9
LIGHT RAIN               21     FREEZING RAIN               0
LT FREEZING RAIN          0     HAIL                        0
HEAVY SNOW                0     SNOW                        0
LIGHT SNOW                2     SLEET                       0
FOG                      16     FOG W/VIS <= 1/4 MILE       0
HAZE                      8

-  INDICATES NEGATIVE NUMBERS.
R  INDICATES RECORD WAS SET OR TIED.
MM INDICATES DATA IS MISSING.
T  INDICATES TRACE AMOUNT.

$$



USA.gov is the U.S. government's official web portal to all federal, state and local government web resources and services.
  • National Weather Service
  • WSO Pago Pago Weather Service Office
  • Pago Pago, AS
  • (684) 699-9130
  • Page Author: PPG Webmaster
  • Incorrect Region Format!
  • Web Master's E-mail:
  • Page last modified: Mar 10th, 2020 21:02 UTC