000
CXUS52 KCHS 021533
CLMCXM

CLIMATE REPORT
NATIONAL WEATHER SERVICE CHARLESTON SC
1022 AM EST MON MAR 2 2020

...................................

...THE DOWNTOWN CHARLESTON SC CLIMATE SUMMARY FOR THE MONTH OF FEBRUARY 2020...

CLIMATE NORMAL PERIOD 1981 TO 2010
CLIMATE RECORD PERIOD 1870 TO 2020

WEATHER         OBSERVED          NORMAL  DEPART  LAST YEAR`S
                 VALUE   DATE(S)  VALUE   FROM    VALUE  DATE(S)
                                          NORMAL
................................................................
TEMPERATURE (F)
RECORD
 HIGH              83   02/27/1962
 LOW                7   02/14/1899
HIGHEST            74   02/11                         79  02/08
LOWEST             32   02/22                         42  02/10
                                                          02/01
AVG. MAXIMUM     61.5              59.6     1.9     66.3
AVG. MINIMUM     48.9              45.5     3.4     51.6
MEAN             55.2              52.6     2.6     59.0
DAYS MAX >= 90      0               0.0     0.0        0
DAYS MAX <= 32      0               0.0     0.0        0
DAYS MIN <= 32      1               1.3    -0.3        0
DAYS MIN <= 0       0               0.0     0.0        0

PRECIPITATION (INCHES)
RECORD
 MAXIMUM         8.96   1939
 MINIMUM         0.28   1950
TOTALS           3.70              2.51    1.19     0.50
DAYS >= .01        11               8.0     3.0        8
DAYS >= .10         6               4.8     1.2        2
DAYS >= .50         4               1.7     2.3        0
DAYS >= 1.00        1               0.6     0.4        0
GREATEST
 24 HR. TOTAL    1.06   02/18

DEGREE_DAYS
HEATING TOTAL     285               351     -66      171
 SINCE 7/1       1105              1440    -335     1081
COOLING TOTAL       8                 3       5
 SINCE 1/1         26                 4      22
.................................................................

WIND (MPH)
AVERAGE WIND SPEED              7.8
HIGHEST WIND SPEED/DIRECTION    26/010
HIGHEST GUST SPEED/DIRECTION    34/230



-  INDICATES NEGATIVE NUMBERS.
R  INDICATES RECORD WAS SET OR TIED.
MM INDICATES DATA IS MISSING.
T  INDICATES TRACE AMOUNT.

&&

RECORDS ESTABLISHED IN DOWNTOWN CHARLESTON DURING THE MONTH:

*FEB 6  - RECORD HIGH MINIMUM TEMPERATURE OF 64 DEGREES
*FEB 11 - RECORD HIGH MINIMUM TEMPERATURE OF 64 DEGREES
*FEB 13 - RECORD HIGH MINIMUM TEMPERATURE OF 62 DEGREES

$$



USA.gov is the U.S. government's official web portal to all federal, state and local government web resources and services.
  • National Weather Service
  • WSO Pago Pago Weather Service Office
  • Pago Pago, AS
  • (684) 699-9130
  • Page Author: PPG Webmaster
  • Incorrect Region Format!
  • Web Master's E-mail:
  • Page last modified: Mar 10th, 2020 21:02 UTC