000
CXUS53 KUNR 011601
CLMD07


CLIMATE REPORT
NATIONAL WEATHER SERVICE RAPID CITY SD
1000 AM MDT WED APR 1 2020

...................................

...THE FAITH SD CLIMATE SUMMARY FOR THE MONTH OF MARCH 2020...

CLIMATE NORMAL PERIOD 1981 TO 2010
CLIMATE RECORD PERIOD 9999 TO 9999

WEATHER         OBSERVED          NORMAL  DEPART  LAST YEAR`S
                 VALUE   DATE(S)  VALUE   FROM    VALUE  DATE(S)
                                          NORMAL
................................................................
TEMPERATURE (F)
HIGHEST            71   03/07                         55  03/27
LOWEST              5   03/20                        -23  03/03
AVG. MAXIMUM     47.7              42.9     4.8     31.9
AVG. MINIMUM     24.5              22.4     2.1     15.3
MEAN             36.1              32.6     3.5     23.6
DAYS MAX >= 90      0                                  0
DAYS MAX <= 32      3                                 13
DAYS MIN <= 32     26                                 31
DAYS MIN <= 0       0                                  3

PRECIPITATION (INCHES)
TOTALS           0.53              0.98   -0.45     0.79
DAILY AVG.       0.02              0.03   -0.01     0.03
DAYS >= .01         5                                  9
DAYS >= .10         1                                  3
DAYS >= .50         0                                  0
DAYS >= 1.00        0                                  0
GREATEST
 24 HR. TOTAL    0.38   03/25 TO 03/25              0.25

DEGREE_DAYS
HEATING TOTAL     887              1003    -116     1275
 SINCE 7/1       6707              6691      16     7475
COOLING TOTAL       0                 0       0        0
 SINCE 1/1          0                 0       0        0
.................................................................

WIND (MPH)
AVERAGE WIND SPEED              13.0
HIGHEST WIND SPEED/DIRECTION    39/310    DATE  03/04
HIGHEST GUST SPEED/DIRECTION    51/320    DATE  03/04

AVERAGE RH (PERCENT)     66


-  INDICATES NEGATIVE NUMBERS.
R  INDICATES RECORD WAS SET OR TIED.
MM INDICATES DATA IS MISSING.
T  INDICATES TRACE AMOUNT.

$$



USA.gov is the U.S. government's official web portal to all federal, state and local government web resources and services.
  • National Weather Service
  • WSO Pago Pago Weather Service Office
  • Pago Pago, AS
  • (684) 699-9130
  • Page Author: PPG Webmaster
  • Incorrect Region Format!
  • Web Master's E-mail:
  • Page last modified: Mar 10th, 2020 21:02 UTC