000
CXUS53 KUNR 011610
CLMD07


CLIMATE REPORT
NATIONAL WEATHER SERVICE RAPID CITY SD
1009 AM MDT THU OCT 1 2020

...................................

...THE FAITH SD CLIMATE SUMMARY FOR THE MONTH OF SEPTEMBER 2020...

CLIMATE NORMAL PERIOD 1981 TO 2010
CLIMATE RECORD PERIOD 9999 TO 9999

WEATHER         OBSERVED          NORMAL  DEPART  LAST YEAR`S
                 VALUE   DATE(S)  VALUE   FROM    VALUE  DATE(S)
                                          NORMAL
................................................................
TEMPERATURE (F)
HIGHEST            93   09/02                         92  09/02
LOWEST             27R  09/09                         38  09/26
AVG. MAXIMUM     74.7              73.8     0.9     74.0
AVG. MINIMUM     46.0              46.9    -0.9     50.1
MEAN             60.4              60.4     0.0     62.1
DAYS MAX >= 90      2                                  2
DAYS MAX <= 32      0                                  0
DAYS MIN <= 32      3                                  0
DAYS MIN <= 0       0                                  0

PRECIPITATION (INCHES)
TOTALS           0.52              1.36   -0.84     2.67
DAILY AVG.       0.02              0.05   -0.03     0.09
DAYS >= .01         4                                 11
DAYS >= .10         1                                  6
DAYS >= .50         0                                  1
DAYS >= 1.00        0                                  1
GREATEST
 24 HR. TOTAL    0.37   09/07 TO 09/07              1.23

DEGREE_DAYS
HEATING TOTAL     173               199     -26      149
 SINCE 7/1        181               232     -51      184
COOLING TOTAL      43                59     -16       69
 SINCE 1/1        645               634      11      447
.................................................................

WIND (MPH)
AVERAGE WIND SPEED              12.4
HIGHEST WIND SPEED/DIRECTION    40/340    DATE  09/02
HIGHEST GUST SPEED/DIRECTION    55/340    DATE  09/02

AVERAGE RH (PERCENT)     53


-  INDICATES NEGATIVE NUMBERS.
R  INDICATES RECORD WAS SET OR TIED.
MM INDICATES DATA IS MISSING.
T  INDICATES TRACE AMOUNT.

$$



USA.gov is the U.S. government's official web portal to all federal, state and local government web resources and services.
  • National Weather Service
  • WSO Pago Pago Weather Service Office
  • Pago Pago, AS
  • (684) 699-9130
  • Page Author: PPG Webmaster
  • Incorrect Region Format!
  • Web Master's E-mail:
  • Page last modified: Mar 10th, 2020 21:02 UTC