000
CXUS52 KMLB 011925
CLMDAB

CLIMATE REPORT
NATIONAL WEATHER SERVICE MELBOURNE FL
325 PM EDT WED APR 01 2020

...................................

...THE DAYTONA BEACH CLIMATE SUMMARY FOR THE MONTH OF MARCH 2020...

CLIMATE NORMAL PERIOD 1981 TO 2010
CLIMATE RECORD PERIOD 1923 TO 2020

WEATHER         OBSERVED          NORMAL  DEPART   LAST YEAR`S
                VALUE   DATE(S)   VALUE   FROM     VALUE
                                          NORMAL
..............................................................
TEMPERATURE (F)
MONTHLY RECORD
 WARMEST        70.1   1945
 COOLEST        57.9   1969
DAILY RECORD
 HIGH             92   03/28/1994
                       03/28/1935
                       03/24/1935
 LOW              26   03/03/1980
MARCH 2020
HIGHEST           90   03/31                          86
LOWEST            38   03/01                          39
AVG. MAXIMUM    81.6               74.5     7.1     75.5
AVG. MINIMUM    60.4               54.2     6.2     56.2
MEAN            71.0R              64.3     6.7     65.8
DAYS MAX >= 90     1                0.0     1.0        0
DAYS MAX <= 32     0                0.0     0.0        0
DAYS MIN <= 32     0                0.1    -0.1        0
DAYS MIN <= 0      0                0.0     0.0        0

PRECIPITATION (INCHES)
MONTHLY RECORD
 MAXIMUM       12.15   1996
 MINIMUM        0.08   2006
DAILY RECORD
 MAXIMUM        4.98   03/22/1953
MARCH 2020
TOTALS          0.30               4.24   -3.94     0.88
DAYS >= .01        3                8.2    -5.2        7
DAYS >= .10        1                5.3    -4.3        1
DAYS >= .50        0                2.8    -2.8        1
DAYS >= 1.00       0                1.5    -1.5        0
GREATEST
 24 HR. TOTAL   0.28   03/31 TO 03/31

SNOWFALL (INCHES)
TOTALS           0.0                0.0     0.0      0.0
SINCE 7/1        0.0                0.0     0.0      0.0
DAYS >= TRACE      0                                   0

DEGREE DAYS
HEATING TOTAL     28                 97     -69       62
 SINCE 7/1       449                778    -329      536
COOLING TOTAL    219                 77     142       95
 SINCE 1/1       386                142     244      257
..............................................................

WIND (MPH)
AVERAGE WIND SPEED              6.5
HIGHEST WIND SPEED/DIRECTION    31/250    DATE  03/31
HIGHEST GUST SPEED/DIRECTION    38/250    DATE  03/31

SKY COVER
POSSIBLE SUNSHINE (PERCENT)   MM
AVERAGE SKY COVER           0.44
NUMBER OF DAYS FAIR           12
NUMBER OF DAYS PC             17
NUMBER OF DAYS CLOUDY          2

AVERAGE RH (PERCENT)     74

WEATHER CONDITIONS. NUMBER OF DAYS WITH
THUNDERSTORM              1     MIXED PRECIP               0
HEAVY RAIN                1     RAIN                       0
LIGHT RAIN                6     LT FREEZING RAIN           0
HAIL                      0     LIGHT SNOW                 0
SLEET                     0     FOG                       19
FOG W/VIS <= 1/4 MILE     0     HAZE                       1

-  INDICATES NEGATIVE NUMBERS.
R  INDICATES RECORD WAS SET OR TIED.
MM INDICATES DATA IS MISSING.
T  INDICATES TRACE AMOUNT.

$$



USA.gov is the U.S. government's official web portal to all federal, state and local government web resources and services.
  • National Weather Service
  • WSO Pago Pago Weather Service Office
  • Pago Pago, AS
  • (684) 699-9130
  • Page Author: PPG Webmaster
  • Incorrect Region Format!
  • Web Master's E-mail:
  • Page last modified: Mar 10th, 2020 21:02 UTC