000
CXUS51 KILN 010559
CLMDAY


CLIMATE REPORT
NATIONAL WEATHER SERVICE WILMINGTON OH
151 AM EDT WED APR 1 2020

...................................

...THE DAYTON CLIMATE SUMMARY FOR THE MONTH OF MARCH 2020...

CLIMATE NORMAL PERIOD 1981 TO 2010
CLIMATE RECORD PERIOD 1869 TO 2020

WEATHER         OBSERVED          NORMAL  DEPART  LAST YEAR`S
                 VALUE   DATE(S)  VALUE   FROM    VALUE  DATE(S)
                                          NORMAL
................................................................
TEMPERATURE (F)
RECORD
 HIGH              87   03/24/1910
 LOW               -7   03/02/1980
HIGHEST            74   03/28        49      25       71  03/14
LOWEST             22   03/01        31      -9        6  03/06
AVG. MAXIMUM     55.0              49.6     5.4     47.7
AVG. MINIMUM     37.9              31.2     6.7     28.5
MEAN             46.5              40.4     6.1     38.1
DAYS MAX >= 90      0               0.0     0.0        0
DAYS MAX <= 32      0               2.4    -2.4        4
DAYS MIN <= 32      8              17.1    -9.1       22
DAYS MIN <= 0       0               0.0     0.0        0

PRECIPITATION (INCHES)
TOTALS           5.75              3.34    2.41     3.59
DAILY AVG.       0.19              0.11    0.08     0.12
DAYS >= .01        17              12.2     4.8       15
DAYS >= .10        11               7.1     3.9        5
DAYS >= .50         6               2.1     3.9        3
DAYS >= 1.00        0               0.6    -0.6        2
GREATEST
 24 HR. TOTAL    0.93   03/03 TO 03/03

SNOWFALL (INCHES)
TOTALS            1.9               3.4    -1.5      2.2
SINCE 7/1        19.4              22.7    -3.3     28.4
DAYS >= TRACE       3               2.8     0.2        9
DAYS >= 1.0         1               0.8     0.2        1
GREATEST
 24 HR TOTAL      1.9   03/14 TO 03/14

DEGREE_DAYS
HEATING TOTAL     566               764    -198      825
 SINCE 7/1       4212              5039    -827     4885
COOLING TOTAL       0                 0       0        0
 SINCE 1/1          0                 0       0        0
.................................................................

WIND (MPH)
AVERAGE WIND SPEED              10.9
RESULTANT WIND SPEED/DIRECTION   3/248
HIGHEST WIND SPEED/DIRECTION    43/280    DATE  03/03
HIGHEST GUST SPEED/DIRECTION    50/250    DATE  03/03

SKY COVER
AVERAGE SKY COVER           0.80

AVERAGE RH (PERCENT)     70

WEATHER CONDITIONS. NUMBER OF DAYS WITH
THUNDERSTORM              4     MIXED PRECIP                0
HEAVY RAIN                6     RAIN                        9
LIGHT RAIN               22     FREEZING RAIN               0
LT FREEZING RAIN          0     HAIL                        0
HEAVY SNOW                0     SNOW                        1
LIGHT SNOW                3     SLEET                       1
FOG                      20     FOG W/VIS <= 1/4 MILE       2
HAZE                      6


-  INDICATES NEGATIVE NUMBERS.
R  INDICATES RECORD WAS SET OR TIED.
MM INDICATES DATA IS MISSING.
T  INDICATES TRACE AMOUNT.

$$



USA.gov is the U.S. government's official web portal to all federal, state and local government web resources and services.
  • National Weather Service
  • WSO Pago Pago Weather Service Office
  • Pago Pago, AS
  • (684) 699-9130
  • Page Author: PPG Webmaster
  • Incorrect Region Format!
  • Web Master's E-mail:
  • Page last modified: Mar 10th, 2020 21:02 UTC