000
CXUS53 KDVN 010922
CLMDBQ


CLIMATE REPORT
NATIONAL WEATHER SERVICE QUAD CITIES IA IL
412 AM CDT WED APR 1 2020

...................................

...THE DUBUQUE CLIMATE SUMMARY FOR THE MONTH OF MARCH 2020...

CLIMATE NORMAL PERIOD 1981 TO 2010
CLIMATE RECORD PERIOD 1873 TO 2020

WEATHER         OBSERVED          NORMAL  DEPART
                 VALUE   DATE(S)  VALUE   FROM
                                          NORMAL
................................................
TEMPERATURE (F)
RECORD
 HIGH              86   03/29/1895
 LOW              -20   03/01/1962
HIGHEST            65   03/08        52      13
LOWEST             24   03/21        21       3
                        03/15
AVG. MAXIMUM     46.3              44.2     2.1
AVG. MINIMUM     31.5              26.6     4.9
MEAN             38.9              35.4     3.5
DAYS MAX >= 90      0               0.0     0.0
DAYS MAX <= 32      0               4.6    -4.6
DAYS MIN <= 32     20              22.3    -2.3
DAYS MIN <= 0       0               0.2    -0.2

PRECIPITATION (INCHES)
RECORD
 MAXIMUM         6.50   1959
 MINIMUM         0.14   1910
TOTALS           3.23              2.41    0.82
DAILY AVG.       0.10              0.08    0.02
DAYS >= .01        12              10.4     1.6
DAYS >= .10         8
DAYS >= .50         2
DAYS >= 1.00        0               0.3    -0.3
GREATEST
 24 HR. TOTAL    0.97   03/19 TO 03/20

SNOWFALL (INCHES)
RECORDS
 TOTAL           30.2   1959
TOTALS            1.5               6.3    -4.8
SINCE 7/1        35.8              39.9    -4.1
SNOWDEPTH AVG.      0
DAYS >= TRACE       6               4.6     1.4
DAYS >= 1.0         0               2.0    -2.0
GREATEST
 SNOW DEPTH         1   03/23
                        03/04
                        03/01
 24 HR TOTAL      0.6   03/04 TO 03/04

DEGREE_DAYS
HEATING TOTAL     803               918    -115
 SINCE 7/1       6015              6311    -296
COOLING TOTAL       0                 0       0
 SINCE 1/1          0                 0       0
.................................................

WIND (MPH)
AVERAGE WIND SPEED              11.6
HIGHEST WIND SPEED/DIRECTION    36/240    DATE  03/29
HIGHEST GUST SPEED/DIRECTION    49/320    DATE  03/12

SKY COVER
POSSIBLE SUNSHINE (PERCENT)   MM
AVERAGE SKY COVER           0.60
NUMBER OF DAYS FAIR            8
NUMBER OF DAYS PC              9
NUMBER OF DAYS CLOUDY         14

AVERAGE RH (PERCENT)     77

WEATHER CONDITIONS. NUMBER OF DAYS WITH
THUNDERSTORM              3     HAIL                     0
SLEET                     0     FOG                     19
FOG W/VIS <= 1/4 MILE     5     HAZE                     1

-  INDICATES NEGATIVE NUMBERS.
R  INDICATES RECORD WAS SET OR TIED.
MM INDICATES DATA IS MISSING.
T  INDICATES TRACE AMOUNT.

$$

NOTE: SUPPLEMENTAL CLIMATE DATA WAS USED FROM A NEARBY
CLIMATOLOGICALLY REPRESENTATIVE STATION.



USA.gov is the U.S. government's official web portal to all federal, state and local government web resources and services.
  • National Weather Service
  • WSO Pago Pago Weather Service Office
  • Pago Pago, AS
  • (684) 699-9130
  • Page Author: PPG Webmaster
  • Incorrect Region Format!
  • Web Master's E-mail:
  • Page last modified: Mar 10th, 2020 21:02 UTC