000
CXUS56 KOTX 011146
CLMDEW


CLIMATE REPORT
NATIONAL WEATHER SERVICE SPOKANE, WA
439 AM PDT WED APR 1 2020

...................................

...THE DEER_PARK WA AIRPORT CLIMATE SUMMARY FOR THE MONTH OF MARCH 2020...

CLIMATE NORMAL PERIOD 1981 TO 2010
CLIMATE RECORD PERIOD 9999 TO 9999

WEATHER         OBSERVED          NORMAL  DEPART  LAST YEAR`S
                 VALUE   DATE(S)  VALUE   FROM    VALUE  DATE(S)
                                          NORMAL
................................................................
TEMPERATURE (F)
RECORD
 HIGH              MM   MM
 LOW               MM   MM
HIGHEST            60   03/21        MM      MM       66  03/20
                        03/20
LOWEST             17   03/15        MM      MM       -1  03/01
                        03/14
AVG. MAXIMUM     48.9              48.7     0.2     45.2
AVG. MINIMUM     24.7              27.0    -2.3     19.4
MEAN             36.8              37.8    -1.0     32.3
DAYS MAX >= 90      0               0.0     0.0        0
DAYS MAX <= 32      1               0.6     0.4        4
DAYS MIN <= 32     27              24.2     2.8       31
DAYS MIN <= 0       0               0.2    -0.2        1

PRECIPITATION (INCHES)
RECORD
 MAXIMUM           MM   MM
 MINIMUM           MM   MM
TOTALS           0.71              2.09   -1.38     0.80
DAILY AVG.       0.02              0.07   -0.05     0.03
DAYS >= .01         9                MM      MM        7
DAYS >= .10         4                MM      MM        2
DAYS >= .50         0                MM      MM        0
DAYS >= 1.00        0                MM      MM        0
GREATEST
 24 HR. TOTAL    0.18   03/06 TO 03/06              0.45

DEGREE_DAYS
HEATING TOTAL     866               842      24     1008
 SINCE 7/1       5956              6207    -251     6435
COOLING TOTAL       0                 0       0        0
 SINCE 1/1          0                 0       0        0
.................................................................

WIND (MPH)
AVERAGE WIND SPEED              7.5
HIGHEST WIND SPEED/DIRECTION    36/220    DATE  03/30
HIGHEST GUST SPEED/DIRECTION    45/210    DATE  03/30

SKY COVER
POSSIBLE SUNSHINE (PERCENT)   MM
AVERAGE SKY COVER           0.40
NUMBER OF DAYS FAIR           14
NUMBER OF DAYS PC              9
NUMBER OF DAYS CLOUDY          8

AVERAGE RH (PERCENT)     62

WEATHER CONDITIONS. NUMBER OF DAYS WITH
  0
  2
  0
  0
  2
  0
  0
HAZE                      1

-  INDICATES NEGATIVE NUMBERS.
R  INDICATES RECORD WAS SET OR TIED.
MM INDICATES DATA IS MISSING.
T  INDICATES TRACE AMOUNT.

$$


USA.gov is the U.S. government's official web portal to all federal, state and local government web resources and services.
  • National Weather Service
  • WSO Pago Pago Weather Service Office
  • Pago Pago, AS
  • (684) 699-9130
  • Page Author: PPG Webmaster
  • Incorrect Region Format!
  • Web Master's E-mail:
  • Page last modified: Mar 10th, 2020 21:02 UTC