000
CXUS54 KFWD 010839
CLMDFW

CLIMATE REPORT
NATIONAL WEATHER SERVICE FORT WORTH TX
234 AM CST SUN MAR 1 2020

...................................

...THE DALLAS FORT WORTH CLIMATE SUMMARY FOR THE MONTH OF FEBRUARY 2020...

CLIMATE NORMAL PERIOD 1981 TO 2010
CLIMATE RECORD PERIOD 1898 TO 2020

WEATHER         OBSERVED          NORMAL  DEPART  LAST YEAR`S
                 VALUE   DATE(S)  VALUE   FROM    VALUE  DATE(S)
                                          NORMAL
................................................................
TEMPERATURE (F)
RECORD
 HIGH              96   02/25/1904
 LOW               -8   02/12/1899
HIGHEST            81   02/02        80       1       80  02/04
LOWEST             25   02/14        22       3       23  02/08
AVG. MAXIMUM     59.8              60.4    -0.6     58.8
AVG. MINIMUM     39.4              39.4     0.0     41.5
MEAN             49.6              49.9    -0.3     50.2
DAYS MAX >= 90      0               0.1    -0.1        0
DAYS MAX <= 32      0               0.5    -0.5        0
DAYS MAX >= 100     0                                  0
DAYS MIN <= 32      7               5.8     1.2        5
DAYS MIN <= 0       0               0.0     0.0        0
DAYS MIN >= 80      0                                  0

PRECIPITATION (INCHES)
RECORD
 MAXIMUM        11.31   2018
 MINIMUM         0.01   1918
TOTALS           3.88              2.66    1.22     1.29
DAILY AVG.       0.13                MM      MM     0.05
DAYS >= .01        11               6.4     4.6       11
DAYS >= .10         7               4.3     2.7        5
DAYS >= .50         2               1.8     0.2        0
DAYS >= 1.00        1               0.9     0.1        0
GREATEST
 24 HR. TOTAL    1.92   02/11 TO 02/12              0.35

SNOWFALL (INCHES)
RECORDS
 TOTAL           13.5   1978
 24 HR TOTAL     12.5   02/11/2010 TO 02/12/2010
TOTALS              T               0.9    -0.9      0.0
SINCE 7/1         0.2               1.4    -1.2        T
SNOWDEPTH AVG.      0                MM      MM        0
DAYS >= TRACE       1                                  0
DAYS >= 1.0         0               0.3    -0.3        0
GREATEST
 SNOW DEPTH         0   MM                             0  MM
 24 HR TOTAL        T   02/05 TO 02/05               0.0

DEGREE_DAYS
HEATING TOTAL     443               427      16      425
 SINCE 7/1       1850              1944     -94     1992
COOLING TOTAL       3                 5      -2       17
 SINCE 1/1          8                 7       1       17
.................................................................

WIND (MPH)
AVERAGE WIND SPEED              12.1
HIGHEST WIND SPEED/DIRECTION    31/340    DATE  02/26
HIGHEST GUST SPEED/DIRECTION    39/330    DATE  02/26

SKY COVER
POSSIBLE SUNSHINE (PERCENT)   MM
AVERAGE SKY COVER           0.60
NUMBER OF DAYS FAIR            7
NUMBER OF DAYS PC             13
NUMBER OF DAYS CLOUDY          9

AVERAGE RH (PERCENT)     67

WEATHER CONDITIONS. NUMBER OF DAYS WITH
THUNDERSTORM              4     MIXED PRECIP                1
HEAVY RAIN                4     RAIN                        7
LIGHT RAIN               12     FREEZING RAIN               0
LT FREEZING RAIN          0     HAIL                        0
HEAVY SNOW                0     SNOW                        0
LIGHT SNOW                1     SLEET                       0
FOG                      13     FOG W/VIS <= 1/4 MILE       0
HAZE                      0

-  INDICATES NEGATIVE NUMBERS.
R  INDICATES RECORD WAS SET OR TIED.
MM INDICATES DATA IS MISSING.
T  INDICATES TRACE AMOUNT.

$$



USA.gov is the U.S. government's official web portal to all federal, state and local government web resources and services.
  • National Weather Service
  • WSO Pago Pago Weather Service Office
  • Pago Pago, AS
  • (684) 699-9130
  • Page Author: PPG Webmaster
  • Incorrect Region Format!
  • Web Master's E-mail:
  • Page last modified: Mar 10th, 2020 21:02 UTC