000
CXUS54 KAMA 011611
CLMDHT

CLIMATE REPORT
NATIONAL WEATHER SERVICE AMARILLO
1011 AM CST SUN MAR 01 2020

...................................

...THE DALHART CLIMATE SUMMARY FOR THE MONTH OF FEBRUARY 2020...

CLIMATE NORMAL PERIOD: 1981 TO 2010
CLIMATE RECORD PERIOD: 1948 TO 2020

WEATHER         OBSERVED          NORMAL  DEPART   LAST YEAR`S
                VALUE   DATE(S)   VALUE   FROM     VALUE DATE(S)
                                          NORMAL
................................................................
TEMPERATURE (F)
RECORD
 HIGH             89   02/10/2017
 LOW             -19   02/01/1951
HIGHEST           76   02/02                          74  02/14
                                                          02/03
LOWEST            10   02/06                           3  02/08
AVG. MAXIMUM    51.1               53.0    -1.9     55.4
AVG. MINIMUM    23.3               22.6     0.7     19.7
MEAN            37.2               37.8    -0.6     37.6
DAYS MAX >= 90     0                0.0     0.0        0
DAYS MAX <= 32     3                2.1     0.9        3
DAYS MIN <= 32    27               24.5     2.5       27
DAYS MIN <= 0      0                0.5    -0.5        0

PRECIPITATION (INCHES)
TOTALS          0.18               0.40   -0.22     0.07
DAILY AVG.      0.01                NAN     NAN     0.00
DAYS >= .01        5                3.0     2.0        1
DAYS >= .10        0                1.2    -1.2        0
DAYS >= .50        0                0.2    -0.2        0
DAYS >= 1.00       0                0.0     0.0        0
GREATEST
 24 HR. TOTAL   0.07   02/23 TO 02/23

SNOWFALL (INCHES)
TOTALS           3.0                3.0     0.0      1.0
SINCE 7/1       11.0               13.5    -2.5       MM
DAYS >= TRACE      9                2.0     7.0
DAYS >= 1.0        1                0.8     0.2        1
GREATEST
 SNOW DEPTH        1
 24 HR TOTAL      MM

DEGREE DAYS
HEATING TOTAL    799                761      38      733
 SINCE 7/1      3480               3690    -210     3555
COOLING TOTAL      0                  0       0        0
 SINCE 1/1         0                  0       0        0
................................................................

WIND (MPH)
AVERAGE WIND SPEED              12.4
HIGHEST WIND SPEED/DIRECTION    44/340    DATE  02/25
HIGHEST GUST SPEED/DIRECTION    56/340    DATE  02/25

SKY COVER
POSSIBLE SUNSHINE (PERCENT)   MM
NUMBER OF DAYS FAIR           16
NUMBER OF DAYS PC              7
NUMBER OF DAYS CLOUDY          6

AVERAGE RH (PERCENT)     57

WEATHER CONDITIONS. NUMBER OF DAYS WITH
THUNDERSTORM              1     MIXED PRECIP               0
HEAVY RAIN                0     RAIN                       0
LIGHT RAIN                1     FREEZING RAIN              0
LT FREEZING RAIN          0     HEAVY SNOW                 1
SNOW                      2     LIGHT SNOW                 9
SLEET                     0     FOG                       10
FOG W/VIS <= 1/4 MILE     2     HAZE                       6

-  INDICATES NEGATIVE NUMBERS.
R  INDICATES RECORD WAS SET OR TIED.
MM INDICATES DATA IS MISSING.
T  INDICATES TRACE AMOUNT.

$$



USA.gov is the U.S. government's official web portal to all federal, state and local government web resources and services.
  • National Weather Service
  • WSO Pago Pago Weather Service Office
  • Pago Pago, AS
  • (684) 699-9130
  • Page Author: PPG Webmaster
  • Incorrect Region Format!
  • Web Master's E-mail:
  • Page last modified: Mar 10th, 2020 21:02 UTC