000
CXUS53 KDLH 031851
CLMDLH


CLIMATE REPORT
NATIONAL WEATHER SERVICE DULUTH MN
150 PM CDT FRI APR 3 2020

...................................

...THE DULUTH CLIMATE SUMMARY FOR THE MONTH OF MARCH 2020...

CLIMATE NORMAL PERIOD 1981 TO 2010
CLIMATE RECORD PERIOD 1870 TO 2020

WEATHER         OBSERVED          NORMAL  DEPART  LAST YEAR`S
                 VALUE   DATE(S)  VALUE   FROM    VALUE  DATE(S)
                                          NORMAL
................................................................
TEMPERATURE (F)
RECORD
 HIGH              81   03/28/1946
 LOW              -29   03/02/1989
HIGHEST            51   03/08        MM      MM       58  03/27
LOWEST              3   03/21        MM      MM      -19  03/04
                        03/06
AVG. MAXIMUM     37.1              34.4     2.7     34.2
AVG. MINIMUM     21.6              17.5     4.1     15.5
MEAN             29.4              25.9     3.5     24.9
DAYS MAX >= 90      0               0.0     0.0        0
DAYS MAX <= 32      7              12.3    -5.3       11
DAYS MIN <= 32     27              28.0    -1.0       28
DAYS MIN <= 0       0               3.1    -3.1        6

PRECIPITATION (INCHES)
RECORD
 MAXIMUM         5.12   1965
 MINIMUM         0.22   1959
TOTALS           1.74              1.49    0.25     1.19
DAILY AVG.       0.06              0.05    0.01     0.04
DAYS >= .01         8               9.7    -1.7        8
DAYS >= .10         4               4.3    -0.3        4
DAYS >= .50         1               0.5     0.5        1
DAYS >= 1.00        0               0.1    -0.1        0
GREATEST
 24 HR. TOTAL    0.77   03/29 TO 03/29

SNOWFALL (INCHES)
RECORDS
 TOTAL           48.2   1917
TOTALS           10.1              13.2    -3.1      6.7
SINCE 7/1        89.5              78.8    10.7     87.0
SNOWDEPTH AVG.     17                12       5       17
DAYS >= 1.0         4               3.6     0.4        3
GREATEST
 SNOW DEPTH        24   03/06                         27  03/10
 24 HR TOTAL      3.9   03/29 TO 03/29

DEGREE_DAYS
HEATING TOTAL    1098              1210    -112     1237
 SINCE 7/1       7539              8077    -538     8107
COOLING TOTAL       0                 0       0        0
 SINCE 1/1          0                 0       0        0
.................................................................

WIND (MPH)
AVERAGE WIND SPEED              10.2
HIGHEST WIND SPEED/DIRECTION    32/050    DATE  03/29
HIGHEST GUST SPEED/DIRECTION    47/300    DATE  03/13

SKY COVER
POSSIBLE SUNSHINE (PERCENT)   MM
AVERAGE SKY COVER           0.50
NUMBER OF DAYS FAIR           12
NUMBER OF DAYS PC             10
NUMBER OF DAYS CLOUDY          9

AVERAGE RH (PERCENT)     68

-  INDICATES NEGATIVE NUMBERS.
R  INDICATES RECORD WAS SET OR TIED.
MM INDICATES DATA IS MISSING.
T  INDICATES TRACE AMOUNT.

$$





USA.gov is the U.S. government's official web portal to all federal, state and local government web resources and services.
  • National Weather Service
  • WSO Pago Pago Weather Service Office
  • Pago Pago, AS
  • (684) 699-9130
  • Page Author: PPG Webmaster
  • Incorrect Region Format!
  • Web Master's E-mail:
  • Page last modified: Mar 10th, 2020 21:02 UTC